{"id":120,"date":"2025-07-13T11:57:29","date_gmt":"2025-07-13T11:57:29","guid":{"rendered":"https:\/\/brueckenbauer.kulturundwir.de\/?page_id=120"},"modified":"2025-12-31T09:44:38","modified_gmt":"2025-12-31T09:44:38","slug":"startseite-brueckenbauer","status":"publish","type":"page","link":"https:\/\/brueckenbauer.kulturundwir.de\/","title":{"rendered":"Startseite Br\u00fcckenbauer"},"content":{"rendered":"<div id=\"pl-120\"  class=\"panel-layout\" ><div id=\"pg-120-0\"  class=\"panel-grid panel-no-style\" ><div id=\"pgc-120-0-0\"  class=\"panel-grid-cell\" ><div id=\"panel-120-0-0-0\" class=\"so-panel widget widget_sow-editor panel-first-child panel-last-child\" data-index=\"0\" ><div\n\t\t\t\n\t\t\tclass=\"so-widget-sow-editor so-widget-sow-editor-base\"\n\t\t\t\n\t\t>\n<div class=\"siteorigin-widget-tinymce textwidget\">\n\t<h1 style=\"text-align: center;\">Projekt Br\u00fcckenbauer in Nordschwaben<\/h1>\n<p>&nbsp;<\/p>\n<p>&nbsp;<\/p>\n<\/div>\n<\/div><\/div><\/div><\/div><div id=\"pg-120-1\"  class=\"panel-grid panel-has-style\" ><div class=\"panel-row-style panel-row-style-for-120-1\" ><div id=\"pgc-120-1-0\"  class=\"panel-grid-cell panel-grid-cell-empty\" ><\/div><\/div><\/div><div id=\"pg-120-2\"  class=\"panel-grid panel-no-style\" ><div id=\"pgc-120-2-0\"  class=\"panel-grid-cell\" ><div id=\"panel-120-2-0-0\" class=\"so-panel widget widget_sow-editor panel-first-child panel-last-child\" data-index=\"1\" ><div\n\t\t\t\n\t\t\tclass=\"so-widget-sow-editor so-widget-sow-editor-base\"\n\t\t\t\n\t\t><h3 class=\"widget-title\">Projekt Br\u00fcckenbauer<\/h3>\n<div class=\"siteorigin-widget-tinymce textwidget\">\n\t<p>Das Projekt Br\u00fcckenbauer bringt Jugendliche mit dem international bekannten, franz\u00f6sischen Streetart-K\u00fcnstler Christian Gu\u00e9my zusammen und sie besch\u00e4ftigen sich ausf\u00fchrlich mit herausragenden historischen, jedoch weniger bekannten Pers\u00f6nlichkeiten der St\u00e4dte und Gemeinden.<\/p>\n<p>In den beteiligten f\u00fcnf Kommunen entstehen jeweils zwei Kunstwerke durch C215 \u2013 ein Streetart-Bild auf einer \u00f6ffentlichen Fl\u00e4che z.B. Trafokasten sowie ein Portr\u00e4t auf Leinwand \u2013 die in jedem der Orte dauerhaft \u00f6ffentlich sichtbar sein sollen sowie weitere durch beteiligte Schulen.<\/p>\n<p>Das Projekt zeigt, dass Heimatgeschichte weit \u00fcber traditionelle Bilder von Brauchtum hinausgeht. Viele der ausgew\u00e4hlten Pers\u00f6nlichkeiten \u2013 wie Dr. Barbara Renz, die erste promovierte Frau aus S\u00fcddeutschland, der j\u00fcdische Verleger Louis Lamm aus Butten-wiesen oder der Stenografie-Pionier Joseph Mindler \u2013 \u00f6ffneten bewusst den Blick \u00fcber die Grenzen hinaus und schufen Verbindungen in andere L\u00e4nder und Kulturen.<\/p>\n<\/div>\n<\/div><\/div><\/div><div id=\"pgc-120-2-1\"  class=\"panel-grid-cell\" ><div id=\"panel-120-2-1-0\" class=\"so-panel widget widget_sow-image panel-first-child\" data-index=\"2\" ><div\n\t\t\t\n\t\t\tclass=\"so-widget-sow-image so-widget-sow-image-default-8b5b6f678277-120\"\n\t\t\t\n\t\t>\n<div class=\"sow-image-container\">\n\t\t<img \n\tsrc=\"https:\/\/brueckenbauer.kulturundwir.de\/wp-content\/uploads\/2025\/07\/Foto-Guemy@Manon-Levet-k-768x512.jpg\" width=\"768\" height=\"512\" srcset=\"https:\/\/brueckenbauer.kulturundwir.de\/wp-content\/uploads\/2025\/07\/Foto-Guemy@Manon-Levet-k-768x512.jpg 768w, https:\/\/brueckenbauer.kulturundwir.de\/wp-content\/uploads\/2025\/07\/Foto-Guemy@Manon-Levet-k-300x200.jpg 300w, https:\/\/brueckenbauer.kulturundwir.de\/wp-content\/uploads\/2025\/07\/Foto-Guemy@Manon-Levet-k.jpg 1000w\" sizes=\"(max-width: 768px) 100vw, 768px\" title=\"Foto Gu\u00e8my@Manon Levet-k\" alt=\"\" \t\tclass=\"so-widget-image\"\/>\n\t<\/div>\n\n<\/div><\/div><div id=\"panel-120-2-1-1\" class=\"so-panel widget widget_media_image panel-last-child\" data-index=\"3\" ><img loading=\"lazy\" decoding=\"async\" width=\"212\" height=\"300\" src=\"https:\/\/brueckenbauer.kulturundwir.de\/wp-content\/uploads\/2025\/08\/Spruehdose-212x300.png\" class=\"image wp-image-405  attachment-medium size-medium\" alt=\"\" style=\"max-width: 100%; height: auto;\" srcset=\"https:\/\/brueckenbauer.kulturundwir.de\/wp-content\/uploads\/2025\/08\/Spruehdose-212x300.png 212w, https:\/\/brueckenbauer.kulturundwir.de\/wp-content\/uploads\/2025\/08\/Spruehdose-724x1024.png 724w, https:\/\/brueckenbauer.kulturundwir.de\/wp-content\/uploads\/2025\/08\/Spruehdose-768x1086.png 768w, https:\/\/brueckenbauer.kulturundwir.de\/wp-content\/uploads\/2025\/08\/Spruehdose-1087x1536.png 1087w, https:\/\/brueckenbauer.kulturundwir.de\/wp-content\/uploads\/2025\/08\/Spruehdose-1449x2048.png 1449w, https:\/\/brueckenbauer.kulturundwir.de\/wp-content\/uploads\/2025\/08\/Spruehdose-scaled.png 1811w\" sizes=\"auto, (max-width: 212px) 100vw, 212px\" \/><\/div><\/div><\/div><div id=\"pg-120-3\"  class=\"panel-grid panel-has-style\" ><div class=\"panel-row-style panel-row-style-for-120-3\" ><div id=\"pgc-120-3-0\"  class=\"panel-grid-cell panel-grid-cell-empty\" ><\/div><\/div><\/div><div id=\"pg-120-4\"  class=\"panel-grid panel-no-style\" ><div id=\"pgc-120-4-0\"  class=\"panel-grid-cell panel-grid-cell-mobile-last\" ><div id=\"panel-120-4-0-0\" class=\"so-panel widget widget_sow-editor panel-first-child panel-last-child\" data-index=\"4\" ><div\n\t\t\t\n\t\t\tclass=\"so-widget-sow-editor so-widget-sow-editor-base\"\n\t\t\t\n\t\t><h3 class=\"widget-title\">Ausstellung<\/h3>\n<div class=\"siteorigin-widget-tinymce textwidget\">\n\t<p>Eine Werkausstellung des K\u00fcnstlers C215 (Christian Gu\u00e9my) in der Stadtgalerie Dillingen 05.10. bis 02.11.2025 begleitet das Projekt \u201eBr\u00fcckenbauer\u201c.<\/p>\n<p><img loading=\"lazy\" decoding=\"async\" class=\"alignnone size-medium wp-image-481\" src=\"https:\/\/brueckenbauer.kulturundwir.de\/wp-content\/uploads\/2025\/08\/Bruecke-NEU-500-300x70.png\" alt=\"\" width=\"300\" height=\"70\" srcset=\"https:\/\/brueckenbauer.kulturundwir.de\/wp-content\/uploads\/2025\/08\/Bruecke-NEU-500-300x70.png 300w, https:\/\/brueckenbauer.kulturundwir.de\/wp-content\/uploads\/2025\/08\/Bruecke-NEU-500.png 500w\" sizes=\"auto, (max-width: 300px) 100vw, 300px\" \/><\/p>\n<\/div>\n<\/div><\/div><\/div><div id=\"pgc-120-4-1\"  class=\"panel-grid-cell panel-grid-cell-empty\" ><\/div><\/div><div id=\"pg-120-5\"  class=\"panel-grid panel-has-style\" ><div class=\"panel-row-style panel-row-style-for-120-5\" ><div id=\"pgc-120-5-0\"  class=\"panel-grid-cell panel-grid-cell-empty\" ><\/div><\/div><\/div><div id=\"pg-120-6\"  class=\"panel-grid panel-no-style\" ><div id=\"pgc-120-6-0\"  class=\"panel-grid-cell\" ><div id=\"panel-120-6-0-0\" class=\"so-panel widget widget_sow-editor panel-first-child panel-last-child\" data-index=\"5\" ><div\n\t\t\t\n\t\t\tclass=\"so-widget-sow-editor so-widget-sow-editor-base\"\n\t\t\t\n\t\t><h3 class=\"widget-title\">Gemeinschaftsprojekt<\/h3>\n<div class=\"siteorigin-widget-tinymce textwidget\">\n\t<p>Neben dem K\u00fcnstler C215 und den Schulen sind viele weitere Personen und Institutionen an dem Projekt Br\u00fcckenbauer beteiligt.<\/p>\n<\/div>\n<\/div><\/div><\/div><\/div><div id=\"pg-120-7\"  class=\"panel-grid panel-has-style\" ><div class=\"panel-row-style panel-row-style-for-120-7\" ><div id=\"pgc-120-7-0\"  class=\"panel-grid-cell panel-grid-cell-empty\" ><\/div><\/div><\/div><div id=\"pg-120-8\"  class=\"panel-grid panel-no-style\" ><div id=\"pgc-120-8-0\"  class=\"panel-grid-cell\" ><div id=\"panel-120-8-0-0\" class=\"so-panel widget widget_sow-editor panel-first-child panel-last-child\" data-index=\"6\" ><div\n\t\t\t\n\t\t\tclass=\"so-widget-sow-editor so-widget-sow-editor-base\"\n\t\t\t\n\t\t><h3 class=\"widget-title\">Institut fran\u00e7ais<\/h3>\n<div class=\"siteorigin-widget-tinymce textwidget\">\n\t<p>Die Kooperation mit dem Institut fran\u00e7ais M\u00fcnchen erweitert das Projekt um die Komponente eines Zugangs zur franz\u00f6sischen Kultureinrichtung und st\u00e4rkt dadurch die deutsch-franz\u00f6sische Freundschaft. Die Verbindungen in Nordschwaben zum Nachbarland sind durch vielf\u00e4ltige St\u00e4dtepartnerschaften lebendig.<\/p>\n<\/div>\n<\/div><\/div><\/div><\/div><div id=\"pg-120-9\"  class=\"panel-grid panel-has-style\" ><div class=\"panel-row-style panel-row-style-for-120-9\" ><div id=\"pgc-120-9-0\"  class=\"panel-grid-cell panel-grid-cell-empty\" ><\/div><\/div><\/div><div id=\"pg-120-10\"  class=\"panel-grid panel-no-style\" ><div id=\"pgc-120-10-0\"  class=\"panel-grid-cell\" ><div id=\"panel-120-10-0-0\" class=\"so-panel widget widget_sow-editor panel-first-child panel-last-child\" data-index=\"7\" ><div\n\t\t\t\n\t\t\tclass=\"so-widget-sow-editor so-widget-sow-editor-base\"\n\t\t\t\n\t\t><h3 class=\"widget-title\">Landkreis Kulturtage<\/h3>\n<div class=\"siteorigin-widget-tinymce textwidget\">\n\t<p>Das Projekt war eingebunden in die Landkreis-Kulturtage 2025.<\/p>\n<p>Schirmherr und Unterst\u00fctzer ist <strong>Landrat Markus M\u00fcller<\/strong><\/p>\n<p>Die \u00fcber 60 Veranstaltungen fanden im Zeitraum vom 2. bis 26. Oktober 2025 in vielen St\u00e4dten und Gemeinden des Landkreises Dillingen statt. Ein Veranstaltungsprogramm aus Musik, Kunst, Literatur, Theater und Historie f\u00fcr ein breites Publikum aller Interessensrichtungen. Neben \u00fcberregionalen K\u00fcnstlern bekommen insbesondere heimische Akteure die Chance, ihr kreatives musikalisches und k\u00fcnstlerisches K\u00f6nnen einem breiten Publikum zu pr\u00e4sentieren.<\/p>\n<p><a href=\"https:\/\/kulturundwir.de\" target=\"_blank\" rel=\"noopener\">Alles zu den Landkreis-Kulturtagen hier...<\/a><\/p>\n<\/div>\n<\/div><\/div><\/div><div id=\"pgc-120-10-1\"  class=\"panel-grid-cell\" ><div id=\"panel-120-10-1-0\" class=\"so-panel widget widget_sow-editor panel-first-child\" data-index=\"8\" ><div\n\t\t\t\n\t\t\tclass=\"so-widget-sow-editor so-widget-sow-editor-base\"\n\t\t\t\n\t\t>\n<div class=\"siteorigin-widget-tinymce textwidget\">\n\t<p style=\"text-align: right;\">\n.<\/p>\n<p style=\"text-align: center;\">\n<\/div>\n<\/div><\/div><div id=\"panel-120-10-1-1\" class=\"so-panel widget widget_sow-image panel-last-child\" data-index=\"9\" ><div\n\t\t\t\n\t\t\tclass=\"so-widget-sow-image so-widget-sow-image-default-8b5b6f678277-120\"\n\t\t\t\n\t\t>\n<div class=\"sow-image-container\">\n\t\t\t<a href=\"https:\/\/kulturundwir.de\"\n\t\t\ttarget=\"_blank\" rel=\"noopener noreferrer\" \t\t>\n\t\t\t<img \n\tsrc=\"https:\/\/brueckenbauer.kulturundwir.de\/wp-content\/uploads\/2025\/07\/Logo_Landkreis_Kulturtage_4C_klein.jpg\" width=\"300\" height=\"186\" sizes=\"(max-width: 300px) 100vw, 300px\" title=\"Logo_kultur-und-wir_4C_final\" alt=\"\" \t\tclass=\"so-widget-image\"\/>\n\t\t\t<\/a><\/div>\n\n<\/div><\/div><\/div><\/div><div id=\"pg-120-11\"  class=\"panel-grid panel-has-style\" ><div class=\"panel-row-style panel-row-style-for-120-11\" ><div id=\"pgc-120-11-0\"  class=\"panel-grid-cell panel-grid-cell-empty\" ><\/div><\/div><\/div><\/div>","protected":false},"excerpt":{"rendered":"<p>Projekt Br\u00fcckenbauer in Nordschwaben &nbsp; &nbsp;<\/p>\n","protected":false},"author":1,"featured_media":0,"parent":0,"menu_order":0,"comment_status":"closed","ping_status":"closed","template":"","meta":{"footnotes":""},"class_list":["post-120","page","type-page","status-publish","hentry","post"],"_links":{"self":[{"href":"https:\/\/brueckenbauer.kulturundwir.de\/index.php\/wp-json\/wp\/v2\/pages\/120","targetHints":{"allow":["GET"]}}],"collection":[{"href":"https:\/\/brueckenbauer.kulturundwir.de\/index.php\/wp-json\/wp\/v2\/pages"}],"about":[{"href":"https:\/\/brueckenbauer.kulturundwir.de\/index.php\/wp-json\/wp\/v2\/types\/page"}],"author":[{"embeddable":true,"href":"https:\/\/brueckenbauer.kulturundwir.de\/index.php\/wp-json\/wp\/v2\/users\/1"}],"replies":[{"embeddable":true,"href":"https:\/\/brueckenbauer.kulturundwir.de\/index.php\/wp-json\/wp\/v2\/comments?post=120"}],"version-history":[{"count":31,"href":"https:\/\/brueckenbauer.kulturundwir.de\/index.php\/wp-json\/wp\/v2\/pages\/120\/revisions"}],"predecessor-version":[{"id":909,"href":"https:\/\/brueckenbauer.kulturundwir.de\/index.php\/wp-json\/wp\/v2\/pages\/120\/revisions\/909"}],"wp:attachment":[{"href":"https:\/\/brueckenbauer.kulturundwir.de\/index.php\/wp-json\/wp\/v2\/media?parent=120"}],"curies":[{"name":"wp","href":"https:\/\/api.w.org\/{rel}","templated":true}]}}

Startseite Brückenbauer

<div id="pl-120"  class="panel-layout" ><div id="pg-120-0"  class="panel-grid panel-no-style" ><div id="pgc-120-0-0"  class="panel-grid-cell" ><div id="panel-120-0-0-0" class="so-panel widget widget_sow-editor panel-first-child panel-last-child" data-index="0" ><div
			
			class="so-widget-sow-editor so-widget-sow-editor-base"
			
		>
<div class="siteorigin-widget-tinymce textwidget">
	<h1 style="text-align: center;">Projekt Brückenbauer in Nordschwaben</h1>
<p>&nbsp;</p>
<p>&nbsp;</p>
</div>
</div></div></div></div><div id="pg-120-1"  class="panel-grid panel-has-style" ><div class="panel-row-style panel-row-style-for-120-1" ><div id="pgc-120-1-0"  class="panel-grid-cell panel-grid-cell-empty" ></div></div></div><div id="pg-120-2"  class="panel-grid panel-no-style" ><div id="pgc-120-2-0"  class="panel-grid-cell" ><div id="panel-120-2-0-0" class="so-panel widget widget_sow-editor panel-first-child panel-last-child" data-index="1" ><div
			
			class="so-widget-sow-editor so-widget-sow-editor-base"
			
		><h3 class="widget-title">Projekt Brückenbauer</h3>
<div class="siteorigin-widget-tinymce textwidget">
	<p>Das Projekt Brückenbauer bringt Jugendliche mit dem international bekannten, französischen Streetart-Künstler Christian Guémy zusammen und sie beschäftigen sich ausführlich mit herausragenden historischen, jedoch weniger bekannten Persönlichkeiten der Städte und Gemeinden.</p>
<p>In den beteiligten fünf Kommunen entstehen jeweils zwei Kunstwerke durch C215 – ein Streetart-Bild auf einer öffentlichen Fläche z.B. Trafokasten sowie ein Porträt auf Leinwand – die in jedem der Orte dauerhaft öffentlich sichtbar sein sollen sowie weitere durch beteiligte Schulen.</p>
<p>Das Projekt zeigt, dass Heimatgeschichte weit über traditionelle Bilder von Brauchtum hinausgeht. Viele der ausgewählten Persönlichkeiten – wie Dr. Barbara Renz, die erste promovierte Frau aus Süddeutschland, der jüdische Verleger Louis Lamm aus Butten-wiesen oder der Stenografie-Pionier Joseph Mindler – öffneten bewusst den Blick über die Grenzen hinaus und schufen Verbindungen in andere Länder und Kulturen.</p>
</div>
</div></div></div><div id="pgc-120-2-1"  class="panel-grid-cell" ><div id="panel-120-2-1-0" class="so-panel widget widget_sow-image panel-first-child" data-index="2" ><div
			
			class="so-widget-sow-image so-widget-sow-image-default-8b5b6f678277-120"
			
		>
<div class="sow-image-container">
		<img 
	src="https://brueckenbauer.kulturundwir.de/wp-content/uploads/2025/07/Foto-Guemy@Manon-Levet-k-768x512.jpg" width="768" height="512" srcset="https://brueckenbauer.kulturundwir.de/wp-content/uploads/2025/07/Foto-Guemy@Manon-Levet-k-768x512.jpg 768w, https://brueckenbauer.kulturundwir.de/wp-content/uploads/2025/07/Foto-Guemy@Manon-Levet-k-300x200.jpg 300w, https://brueckenbauer.kulturundwir.de/wp-content/uploads/2025/07/Foto-Guemy@Manon-Levet-k.jpg 1000w" sizes="(max-width: 768px) 100vw, 768px" title="Foto Guèmy@Manon Levet-k" alt="" 		class="so-widget-image"/>
	</div>

</div></div><div id="panel-120-2-1-1" class="so-panel widget widget_media_image panel-last-child" data-index="3" ><img loading="lazy" decoding="async" width="212" height="300" src="https://brueckenbauer.kulturundwir.de/wp-content/uploads/2025/08/Spruehdose-212x300.png" class="image wp-image-405  attachment-medium size-medium" alt="" style="max-width: 100%; height: auto;" srcset="https://brueckenbauer.kulturundwir.de/wp-content/uploads/2025/08/Spruehdose-212x300.png 212w, https://brueckenbauer.kulturundwir.de/wp-content/uploads/2025/08/Spruehdose-724x1024.png 724w, https://brueckenbauer.kulturundwir.de/wp-content/uploads/2025/08/Spruehdose-768x1086.png 768w, https://brueckenbauer.kulturundwir.de/wp-content/uploads/2025/08/Spruehdose-1087x1536.png 1087w, https://brueckenbauer.kulturundwir.de/wp-content/uploads/2025/08/Spruehdose-1449x2048.png 1449w, https://brueckenbauer.kulturundwir.de/wp-content/uploads/2025/08/Spruehdose-scaled.png 1811w" sizes="auto, (max-width: 212px) 100vw, 212px" /></div></div></div><div id="pg-120-3"  class="panel-grid panel-has-style" ><div class="panel-row-style panel-row-style-for-120-3" ><div id="pgc-120-3-0"  class="panel-grid-cell panel-grid-cell-empty" ></div></div></div><div id="pg-120-4"  class="panel-grid panel-no-style" ><div id="pgc-120-4-0"  class="panel-grid-cell panel-grid-cell-mobile-last" ><div id="panel-120-4-0-0" class="so-panel widget widget_sow-editor panel-first-child panel-last-child" data-index="4" ><div
			
			class="so-widget-sow-editor so-widget-sow-editor-base"
			
		><h3 class="widget-title">Ausstellung</h3>
<div class="siteorigin-widget-tinymce textwidget">
	<p>Eine Werkausstellung des Künstlers C215 (Christian Guémy) in der Stadtgalerie Dillingen 05.10. bis 02.11.2025 begleitet das Projekt „Brückenbauer“.</p>
<p><img loading="lazy" decoding="async" class="alignnone size-medium wp-image-481" src="https://brueckenbauer.kulturundwir.de/wp-content/uploads/2025/08/Bruecke-NEU-500-300x70.png" alt="" width="300" height="70" srcset="https://brueckenbauer.kulturundwir.de/wp-content/uploads/2025/08/Bruecke-NEU-500-300x70.png 300w, https://brueckenbauer.kulturundwir.de/wp-content/uploads/2025/08/Bruecke-NEU-500.png 500w" sizes="auto, (max-width: 300px) 100vw, 300px" /></p>
</div>
</div></div></div><div id="pgc-120-4-1"  class="panel-grid-cell panel-grid-cell-empty" ></div></div><div id="pg-120-5"  class="panel-grid panel-has-style" ><div class="panel-row-style panel-row-style-for-120-5" ><div id="pgc-120-5-0"  class="panel-grid-cell panel-grid-cell-empty" ></div></div></div><div id="pg-120-6"  class="panel-grid panel-no-style" ><div id="pgc-120-6-0"  class="panel-grid-cell" ><div id="panel-120-6-0-0" class="so-panel widget widget_sow-editor panel-first-child panel-last-child" data-index="5" ><div
			
			class="so-widget-sow-editor so-widget-sow-editor-base"
			
		><h3 class="widget-title">Gemeinschaftsprojekt</h3>
<div class="siteorigin-widget-tinymce textwidget">
	<p>Neben dem Künstler C215 und den Schulen sind viele weitere Personen und Institutionen an dem Projekt Brückenbauer beteiligt.</p>
</div>
</div></div></div></div><div id="pg-120-7"  class="panel-grid panel-has-style" ><div class="panel-row-style panel-row-style-for-120-7" ><div id="pgc-120-7-0"  class="panel-grid-cell panel-grid-cell-empty" ></div></div></div><div id="pg-120-8"  class="panel-grid panel-no-style" ><div id="pgc-120-8-0"  class="panel-grid-cell" ><div id="panel-120-8-0-0" class="so-panel widget widget_sow-editor panel-first-child panel-last-child" data-index="6" ><div
			
			class="so-widget-sow-editor so-widget-sow-editor-base"
			
		><h3 class="widget-title">Institut français</h3>
<div class="siteorigin-widget-tinymce textwidget">
	<p>Die Kooperation mit dem Institut français München erweitert das Projekt um die Komponente eines Zugangs zur französischen Kultureinrichtung und stärkt dadurch die deutsch-französische Freundschaft. Die Verbindungen in Nordschwaben zum Nachbarland sind durch vielfältige Städtepartnerschaften lebendig.</p>
</div>
</div></div></div></div><div id="pg-120-9"  class="panel-grid panel-has-style" ><div class="panel-row-style panel-row-style-for-120-9" ><div id="pgc-120-9-0"  class="panel-grid-cell panel-grid-cell-empty" ></div></div></div><div id="pg-120-10"  class="panel-grid panel-no-style" ><div id="pgc-120-10-0"  class="panel-grid-cell" ><div id="panel-120-10-0-0" class="so-panel widget widget_sow-editor panel-first-child panel-last-child" data-index="7" ><div
			
			class="so-widget-sow-editor so-widget-sow-editor-base"
			
		><h3 class="widget-title">Landkreis Kulturtage</h3>
<div class="siteorigin-widget-tinymce textwidget">
	<p>Das Projekt war eingebunden in die Landkreis-Kulturtage 2025.</p>
<p>Schirmherr und Unterstützer ist <strong>Landrat Markus Müller</strong></p>
<p>Die über 60 Veranstaltungen fanden im Zeitraum vom 2. bis 26. Oktober 2025 in vielen Städten und Gemeinden des Landkreises Dillingen statt. Ein Veranstaltungsprogramm aus Musik, Kunst, Literatur, Theater und Historie für ein breites Publikum aller Interessensrichtungen. Neben überregionalen Künstlern bekommen insbesondere heimische Akteure die Chance, ihr kreatives musikalisches und künstlerisches Können einem breiten Publikum zu präsentieren.</p>
<p><a href="https://kulturundwir.de" target="_blank" rel="noopener">Alles zu den Landkreis-Kulturtagen hier...</a></p>
</div>
</div></div></div><div id="pgc-120-10-1"  class="panel-grid-cell" ><div id="panel-120-10-1-0" class="so-panel widget widget_sow-editor panel-first-child" data-index="8" ><div
			
			class="so-widget-sow-editor so-widget-sow-editor-base"
			
		>
<div class="siteorigin-widget-tinymce textwidget">
	<p style="text-align: right;">
.</p>
<p style="text-align: center;">
</div>
</div></div><div id="panel-120-10-1-1" class="so-panel widget widget_sow-image panel-last-child" data-index="9" ><div
			
			class="so-widget-sow-image so-widget-sow-image-default-8b5b6f678277-120"
			
		>
<div class="sow-image-container">
			<a href="https://kulturundwir.de"
			target="_blank" rel="noopener noreferrer" 		>
			<img 
	src="https://brueckenbauer.kulturundwir.de/wp-content/uploads/2025/07/Logo_Landkreis_Kulturtage_4C_klein.jpg" width="300" height="186" sizes="(max-width: 300px) 100vw, 300px" title="Logo_kultur-und-wir_4C_final" alt="" 		class="so-widget-image"/>
			</a></div>

</div></div></div></div><div id="pg-120-11"  class="panel-grid panel-has-style" ><div class="panel-row-style panel-row-style-for-120-11" ><div id="pgc-120-11-0"  class="panel-grid-cell panel-grid-cell-empty" ></div></div></div></div>

<p>Projekt Brückenbauer in Nordschwaben &nbsp; &nbsp;</p>
