{"id":166,"date":"2025-07-14T07:04:27","date_gmt":"2025-07-14T07:04:27","guid":{"rendered":"https:\/\/brueckenbauer.kulturundwir.de\/?page_id=166"},"modified":"2026-02-05T05:51:24","modified_gmt":"2026-02-05T05:51:24","slug":"barbara-renz","status":"publish","type":"page","link":"https:\/\/brueckenbauer.kulturundwir.de\/index.php\/barbara-renz\/","title":{"rendered":"Barbara Renz"},"content":{"rendered":"<div id=\"pl-166\"  class=\"panel-layout\" ><div id=\"pg-166-0\"  class=\"panel-grid panel-no-style\" ><div id=\"pgc-166-0-0\"  class=\"panel-grid-cell\" ><div id=\"panel-166-0-0-0\" class=\"so-panel widget widget_sow-editor panel-first-child panel-last-child\" data-index=\"0\" ><div\n\t\t\t\n\t\t\tclass=\"so-widget-sow-editor so-widget-sow-editor-base\"\n\t\t\t\n\t\t><h3 class=\"widget-title\">BARBARA RENZ<\/h3>\n<div class=\"siteorigin-widget-tinymce textwidget\">\n\t<p><strong><span class=\"fontstyle0\">*1863 \u20201955<\/span><\/strong><\/p>\n<p><span class=\"fontstyle0\">Wissenschaftlerin und Frauenrechtlerin aus <strong>Dillingen<\/strong><\/span>.<\/p>\n<\/div>\n<\/div><\/div><\/div><\/div><div id=\"pg-166-1\"  class=\"panel-grid panel-has-style\" ><div class=\"panel-row-style panel-row-style-for-166-1\" ><div id=\"pgc-166-1-0\"  class=\"panel-grid-cell panel-grid-cell-empty\" ><\/div><\/div><\/div><div id=\"pg-166-2\"  class=\"panel-grid panel-no-style\" ><div id=\"pgc-166-2-0\"  class=\"panel-grid-cell\" ><div id=\"panel-166-2-0-0\" class=\"so-panel widget widget_sow-image panel-first-child panel-last-child\" data-index=\"1\" ><div\n\t\t\t\n\t\t\tclass=\"so-widget-sow-image so-widget-sow-image-default-8b5b6f678277-166\"\n\t\t\t\n\t\t>\n<div class=\"sow-image-container\">\n\t\t<img \n\tsrc=\"https:\/\/brueckenbauer.kulturundwir.de\/wp-content\/uploads\/2025\/07\/Barbara-Renz-4.jpg\" width=\"302\" height=\"320\" srcset=\"https:\/\/brueckenbauer.kulturundwir.de\/wp-content\/uploads\/2025\/07\/Barbara-Renz-4.jpg 302w, https:\/\/brueckenbauer.kulturundwir.de\/wp-content\/uploads\/2025\/07\/Barbara-Renz-4-283x300.jpg 283w\" sizes=\"(max-width: 302px) 100vw, 302px\" title=\"Barbara Renz\" alt=\"\" \t\tclass=\"so-widget-image\"\/>\n\t<\/div>\n\n<\/div><\/div><\/div><div id=\"pgc-166-2-1\"  class=\"panel-grid-cell\" ><div id=\"panel-166-2-1-0\" class=\"so-panel widget widget_sow-image panel-first-child\" data-index=\"2\" ><div\n\t\t\t\n\t\t\tclass=\"so-widget-sow-image so-widget-sow-image-default-8b5b6f678277-166\"\n\t\t\t\n\t\t>\n<div class=\"sow-image-container\">\n\t\t<img \n\tsrc=\"https:\/\/brueckenbauer.kulturundwir.de\/wp-content\/uploads\/2025\/10\/Renz-c215.jpg\" width=\"1000\" height=\"750\" srcset=\"https:\/\/brueckenbauer.kulturundwir.de\/wp-content\/uploads\/2025\/10\/Renz-c215.jpg 1000w, https:\/\/brueckenbauer.kulturundwir.de\/wp-content\/uploads\/2025\/10\/Renz-c215-300x225.jpg 300w, https:\/\/brueckenbauer.kulturundwir.de\/wp-content\/uploads\/2025\/10\/Renz-c215-768x576.jpg 768w\" sizes=\"(max-width: 1000px) 100vw, 1000px\" alt=\"\" \t\tclass=\"so-widget-image\"\/>\n\t<\/div>\n\n<\/div><\/div><div id=\"panel-166-2-1-1\" class=\"so-panel widget widget_sow-editor panel-last-child\" data-index=\"3\" ><div\n\t\t\t\n\t\t\tclass=\"so-widget-sow-editor so-widget-sow-editor-base\"\n\t\t\t\n\t\t><h3 class=\"widget-title\">Barbara Renz<\/h3>\n<div class=\"siteorigin-widget-tinymce textwidget\">\n\t<p>Bildnis von Dr. Barbara Renz vom franz\u00f6sischen Streetart-K\u00fcnstler <a href=\"https:\/\/brueckenbauer.kulturundwir.de\/index.php\/c215\/\">Christian Gu\u00e9my alias C215<\/a> in Streetart-Schablonentechnik am 1. Oktober 2025 in Dillingen, Regens-Wagner-Stra\u00dfe (Kreuzung zur Pr\u00e4lat-Hummel-Stra\u00dfe) gefertigt.<\/p>\n<\/div>\n<\/div><\/div><\/div><\/div><div id=\"pg-166-3\"  class=\"panel-grid panel-has-style\" ><div class=\"panel-row-style panel-row-style-for-166-3\" ><div id=\"pgc-166-3-0\"  class=\"panel-grid-cell panel-grid-cell-empty\" ><\/div><\/div><\/div><div id=\"pg-166-4\"  class=\"panel-grid panel-no-style\" ><div id=\"pgc-166-4-0\"  class=\"panel-grid-cell\" ><div id=\"panel-166-4-0-0\" class=\"so-panel widget widget_sow-image panel-first-child\" data-index=\"4\" ><div\n\t\t\t\n\t\t\tclass=\"so-widget-sow-image so-widget-sow-image-default-8b5b6f678277-166\"\n\t\t\t\n\t\t>\n<div class=\"sow-image-container\">\n\t\t<img \n\tsrc=\"https:\/\/brueckenbauer.kulturundwir.de\/wp-content\/uploads\/2025\/12\/DSCF5008-001.jpg\" width=\"602\" height=\"402\" srcset=\"https:\/\/brueckenbauer.kulturundwir.de\/wp-content\/uploads\/2025\/12\/DSCF5008-001.jpg 602w, https:\/\/brueckenbauer.kulturundwir.de\/wp-content\/uploads\/2025\/12\/DSCF5008-001-300x200.jpg 300w, https:\/\/brueckenbauer.kulturundwir.de\/wp-content\/uploads\/2025\/12\/DSCF5008-001-272x182.jpg 272w\" sizes=\"(max-width: 602px) 100vw, 602px\" title=\"FAKS Renz\" alt=\"\" \t\tclass=\"so-widget-image\"\/>\n\t<\/div>\n\n<\/div><\/div><div id=\"panel-166-4-0-1\" class=\"so-panel widget widget_sow-image panel-last-child\" data-index=\"5\" ><div\n\t\t\t\n\t\t\tclass=\"so-widget-sow-image so-widget-sow-image-default-8b5b6f678277-166\"\n\t\t\t\n\t\t>\n<div class=\"sow-image-container\">\n\t\t<img \n\tsrc=\"https:\/\/brueckenbauer.kulturundwir.de\/wp-content\/uploads\/2025\/12\/DSCF5030-001.jpg\" width=\"603\" height=\"403\" srcset=\"https:\/\/brueckenbauer.kulturundwir.de\/wp-content\/uploads\/2025\/12\/DSCF5030-001.jpg 603w, https:\/\/brueckenbauer.kulturundwir.de\/wp-content\/uploads\/2025\/12\/DSCF5030-001-300x200.jpg 300w, https:\/\/brueckenbauer.kulturundwir.de\/wp-content\/uploads\/2025\/12\/DSCF5030-001-272x182.jpg 272w\" sizes=\"(max-width: 603px) 100vw, 603px\" title=\"FAKS Renz\" alt=\"\" \t\tclass=\"so-widget-image\"\/>\n\t<\/div>\n\n<\/div><\/div><\/div><div id=\"pgc-166-4-1\"  class=\"panel-grid-cell\" ><div id=\"panel-166-4-1-0\" class=\"so-panel widget widget_sow-editor panel-first-child\" data-index=\"6\" ><div\n\t\t\t\n\t\t\tclass=\"so-widget-sow-editor so-widget-sow-editor-base\"\n\t\t\t\n\t\t>\n<div class=\"siteorigin-widget-tinymce textwidget\">\n\t<p>.<\/p>\n<p>&nbsp;<\/p>\n<p>&nbsp;<\/p>\n<p>&nbsp;<\/p>\n<p>&nbsp;<\/p>\n<p>&nbsp;<\/p>\n<p>.<\/p>\n<\/div>\n<\/div><\/div><div id=\"panel-166-4-1-1\" class=\"so-panel widget widget_sow-editor panel-last-child\" data-index=\"7\" ><div\n\t\t\t\n\t\t\tclass=\"so-widget-sow-editor so-widget-sow-editor-base\"\n\t\t\t\n\t\t>\n<div class=\"siteorigin-widget-tinymce textwidget\">\n\t<p>Diese Streetart-Werke wurden von Sch\u00fclerinnen und Sch\u00fclern der <strong>St. Bonaventura Fachakademie Dillingen<\/strong> gestaltet.<\/p>\n<p>Mehr zur Schule und den Standorten <a href=\"https:\/\/brueckenbauer.kulturundwir.de\/index.php\/st-bonaventura-fachakademie-dillingen\/\">hier...<\/a><\/p>\n<\/div>\n<\/div><\/div><\/div><\/div><div id=\"pg-166-5\"  class=\"panel-grid panel-has-style\" ><div class=\"panel-row-style panel-row-style-for-166-5\" ><div id=\"pgc-166-5-0\"  class=\"panel-grid-cell panel-grid-cell-empty\" ><\/div><\/div><\/div><div id=\"pg-166-6\"  class=\"panel-grid panel-no-style\" ><div id=\"pgc-166-6-0\"  class=\"panel-grid-cell\" ><div id=\"panel-166-6-0-0\" class=\"so-panel widget widget_sow-image panel-first-child panel-last-child\" data-index=\"8\" ><div\n\t\t\t\n\t\t\tclass=\"so-widget-sow-image so-widget-sow-image-default-8b5b6f678277-166\"\n\t\t\t\n\t\t>\n<div class=\"sow-image-container\">\n\t\t<img \n\tsrc=\"https:\/\/brueckenbauer.kulturundwir.de\/wp-content\/uploads\/2026\/02\/Renz-bonagym@gerhards.jpg\" width=\"402\" height=\"536\" srcset=\"https:\/\/brueckenbauer.kulturundwir.de\/wp-content\/uploads\/2026\/02\/Renz-bonagym@gerhards.jpg 402w, https:\/\/brueckenbauer.kulturundwir.de\/wp-content\/uploads\/2026\/02\/Renz-bonagym@gerhards-225x300.jpg 225w\" sizes=\"(max-width: 402px) 100vw, 402px\" title=\"Bonagym Renz\" alt=\"\" \t\tclass=\"so-widget-image\"\/>\n\t<\/div>\n\n<\/div><\/div><\/div><div id=\"pgc-166-6-1\"  class=\"panel-grid-cell\" ><div id=\"panel-166-6-1-0\" class=\"so-panel widget widget_sow-editor panel-first-child\" data-index=\"9\" ><div\n\t\t\t\n\t\t\tclass=\"so-widget-sow-editor so-widget-sow-editor-base\"\n\t\t\t\n\t\t>\n<div class=\"siteorigin-widget-tinymce textwidget\">\n\t<p>.<\/p>\n<p>&nbsp;<\/p>\n<p>&nbsp;<\/p>\n<p>&nbsp;<\/p>\n<p>&nbsp;<\/p>\n<p>&nbsp;<\/p>\n<p>.<\/p>\n<\/div>\n<\/div><\/div><div id=\"panel-166-6-1-1\" class=\"so-panel widget widget_sow-editor panel-last-child\" data-index=\"10\" ><div\n\t\t\t\n\t\t\tclass=\"so-widget-sow-editor so-widget-sow-editor-base\"\n\t\t\t\n\t\t>\n<div class=\"siteorigin-widget-tinymce textwidget\">\n\t<p>Dieses Streetart-Werk wurden von Sch\u00fclerinnen und Sch\u00fclern des <strong>St. Bonaventura Gymnasiums Dillingen<\/strong> gestaltet.<\/p>\n<p>Mehr zur Schule und den Standorten <a href=\"https:\/\/brueckenbauer.kulturundwir.de\/index.php\/st-bonaventura-gymnasium-dillingen\/\">hier...<\/a><\/p>\n<\/div>\n<\/div><\/div><\/div><\/div><div id=\"pg-166-7\"  class=\"panel-grid panel-has-style\" ><div class=\"panel-row-style panel-row-style-for-166-7\" ><div id=\"pgc-166-7-0\"  class=\"panel-grid-cell panel-grid-cell-empty\" ><\/div><\/div><\/div><div id=\"pg-166-8\"  class=\"panel-grid panel-no-style\" ><div id=\"pgc-166-8-0\"  class=\"panel-grid-cell\" ><div id=\"panel-166-8-0-0\" class=\"so-panel widget widget_sow-editor panel-first-child panel-last-child\" data-index=\"11\" ><div\n\t\t\t\n\t\t\tclass=\"so-widget-sow-editor so-widget-sow-editor-base\"\n\t\t\t\n\t\t><h3 class=\"widget-title\">DR. BARBARA RENZ<\/h3>\n<div class=\"siteorigin-widget-tinymce textwidget\">\n\t<p><span class=\"fontstyle0\">*1863 \u20201955<\/span><\/p>\n<p>Wissenschaftlerin und Frauenrechtlerin, deren Leben von dem Bestreben gepr\u00e4gt war, bestehende Grenzen zu \u00fcberwinden. Sie erk\u00e4mpfte sich die Reifepr\u00fcfung in Z\u00fcrich und setzte anschlie\u00dfend ihr Studium der Philosophie, Literatur und Psychologie in Rom fort. 1892 wurde Barbara Renz als erste Frau aus S\u00fcddeutschland mit einer Dissertation zur Philosophie promoviert.<\/p>\n<p>Mehr zu Dr. Barbara Renz bei Wikipedia <a href=\"https:\/\/de.wikipedia.org\/wiki\/Barbara_Renz\" target=\"_blank\" rel=\"noopener\">hier...<\/a><\/p>\n<p>&nbsp;<\/p>\n<\/div>\n<\/div><\/div><\/div><\/div><div id=\"pg-166-9\"  class=\"panel-grid panel-has-style\" ><div class=\"panel-row-style panel-row-style-for-166-9\" ><div id=\"pgc-166-9-0\"  class=\"panel-grid-cell panel-grid-cell-empty\" ><\/div><\/div><\/div><\/div>","protected":false},"excerpt":{"rendered":"<p>*1863 \u20201955 Wissenschaftlerin und Frauenrechtlerin aus Dillingen.<\/p>\n","protected":false},"author":1,"featured_media":0,"parent":0,"menu_order":0,"comment_status":"closed","ping_status":"closed","template":"","meta":{"footnotes":""},"class_list":["post-166","page","type-page","status-publish","hentry","post"],"_links":{"self":[{"href":"https:\/\/brueckenbauer.kulturundwir.de\/index.php\/wp-json\/wp\/v2\/pages\/166","targetHints":{"allow":["GET"]}}],"collection":[{"href":"https:\/\/brueckenbauer.kulturundwir.de\/index.php\/wp-json\/wp\/v2\/pages"}],"about":[{"href":"https:\/\/brueckenbauer.kulturundwir.de\/index.php\/wp-json\/wp\/v2\/types\/page"}],"author":[{"embeddable":true,"href":"https:\/\/brueckenbauer.kulturundwir.de\/index.php\/wp-json\/wp\/v2\/users\/1"}],"replies":[{"embeddable":true,"href":"https:\/\/brueckenbauer.kulturundwir.de\/index.php\/wp-json\/wp\/v2\/comments?post=166"}],"version-history":[{"count":18,"href":"https:\/\/brueckenbauer.kulturundwir.de\/index.php\/wp-json\/wp\/v2\/pages\/166\/revisions"}],"predecessor-version":[{"id":950,"href":"https:\/\/brueckenbauer.kulturundwir.de\/index.php\/wp-json\/wp\/v2\/pages\/166\/revisions\/950"}],"wp:attachment":[{"href":"https:\/\/brueckenbauer.kulturundwir.de\/index.php\/wp-json\/wp\/v2\/media?parent=166"}],"curies":[{"name":"wp","href":"https:\/\/api.w.org\/{rel}","templated":true}]}}

<div id="pl-166"  class="panel-layout" ><div id="pg-166-0"  class="panel-grid panel-no-style" ><div id="pgc-166-0-0"  class="panel-grid-cell" ><div id="panel-166-0-0-0" class="so-panel widget widget_sow-editor panel-first-child panel-last-child" data-index="0" ><div
			
			class="so-widget-sow-editor so-widget-sow-editor-base"
			
		><h3 class="widget-title">BARBARA RENZ</h3>
<div class="siteorigin-widget-tinymce textwidget">
	<p><strong><span class="fontstyle0">*1863 †1955</span></strong></p>
<p><span class="fontstyle0">Wissenschaftlerin und Frauenrechtlerin aus <strong>Dillingen</strong></span>.</p>
</div>
</div></div></div></div><div id="pg-166-1"  class="panel-grid panel-has-style" ><div class="panel-row-style panel-row-style-for-166-1" ><div id="pgc-166-1-0"  class="panel-grid-cell panel-grid-cell-empty" ></div></div></div><div id="pg-166-2"  class="panel-grid panel-no-style" ><div id="pgc-166-2-0"  class="panel-grid-cell" ><div id="panel-166-2-0-0" class="so-panel widget widget_sow-image panel-first-child panel-last-child" data-index="1" ><div
			
			class="so-widget-sow-image so-widget-sow-image-default-8b5b6f678277-166"
			
		>
<div class="sow-image-container">
		<img 
	src="https://brueckenbauer.kulturundwir.de/wp-content/uploads/2025/07/Barbara-Renz-4.jpg" width="302" height="320" srcset="https://brueckenbauer.kulturundwir.de/wp-content/uploads/2025/07/Barbara-Renz-4.jpg 302w, https://brueckenbauer.kulturundwir.de/wp-content/uploads/2025/07/Barbara-Renz-4-283x300.jpg 283w" sizes="(max-width: 302px) 100vw, 302px" title="Barbara Renz" alt="" 		class="so-widget-image"/>
	</div>

</div></div></div><div id="pgc-166-2-1"  class="panel-grid-cell" ><div id="panel-166-2-1-0" class="so-panel widget widget_sow-image panel-first-child" data-index="2" ><div
			
			class="so-widget-sow-image so-widget-sow-image-default-8b5b6f678277-166"
			
		>
<div class="sow-image-container">
		<img 
	src="https://brueckenbauer.kulturundwir.de/wp-content/uploads/2025/10/Renz-c215.jpg" width="1000" height="750" srcset="https://brueckenbauer.kulturundwir.de/wp-content/uploads/2025/10/Renz-c215.jpg 1000w, https://brueckenbauer.kulturundwir.de/wp-content/uploads/2025/10/Renz-c215-300x225.jpg 300w, https://brueckenbauer.kulturundwir.de/wp-content/uploads/2025/10/Renz-c215-768x576.jpg 768w" sizes="(max-width: 1000px) 100vw, 1000px" alt="" 		class="so-widget-image"/>
	</div>

</div></div><div id="panel-166-2-1-1" class="so-panel widget widget_sow-editor panel-last-child" data-index="3" ><div
			
			class="so-widget-sow-editor so-widget-sow-editor-base"
			
		><h3 class="widget-title">Barbara Renz</h3>
<div class="siteorigin-widget-tinymce textwidget">
	<p>Bildnis von Dr. Barbara Renz vom französischen Streetart-Künstler <a href="https://brueckenbauer.kulturundwir.de/index.php/c215/">Christian Guémy alias C215</a> in Streetart-Schablonentechnik am 1. Oktober 2025 in Dillingen, Regens-Wagner-Straße (Kreuzung zur Prälat-Hummel-Straße) gefertigt.</p>
</div>
</div></div></div></div><div id="pg-166-3"  class="panel-grid panel-has-style" ><div class="panel-row-style panel-row-style-for-166-3" ><div id="pgc-166-3-0"  class="panel-grid-cell panel-grid-cell-empty" ></div></div></div><div id="pg-166-4"  class="panel-grid panel-no-style" ><div id="pgc-166-4-0"  class="panel-grid-cell" ><div id="panel-166-4-0-0" class="so-panel widget widget_sow-image panel-first-child" data-index="4" ><div
			
			class="so-widget-sow-image so-widget-sow-image-default-8b5b6f678277-166"
			
		>
<div class="sow-image-container">
		<img 
	src="https://brueckenbauer.kulturundwir.de/wp-content/uploads/2025/12/DSCF5008-001.jpg" width="602" height="402" srcset="https://brueckenbauer.kulturundwir.de/wp-content/uploads/2025/12/DSCF5008-001.jpg 602w, https://brueckenbauer.kulturundwir.de/wp-content/uploads/2025/12/DSCF5008-001-300x200.jpg 300w, https://brueckenbauer.kulturundwir.de/wp-content/uploads/2025/12/DSCF5008-001-272x182.jpg 272w" sizes="(max-width: 602px) 100vw, 602px" title="FAKS Renz" alt="" 		class="so-widget-image"/>
	</div>

</div></div><div id="panel-166-4-0-1" class="so-panel widget widget_sow-image panel-last-child" data-index="5" ><div
			
			class="so-widget-sow-image so-widget-sow-image-default-8b5b6f678277-166"
			
		>
<div class="sow-image-container">
		<img 
	src="https://brueckenbauer.kulturundwir.de/wp-content/uploads/2025/12/DSCF5030-001.jpg" width="603" height="403" srcset="https://brueckenbauer.kulturundwir.de/wp-content/uploads/2025/12/DSCF5030-001.jpg 603w, https://brueckenbauer.kulturundwir.de/wp-content/uploads/2025/12/DSCF5030-001-300x200.jpg 300w, https://brueckenbauer.kulturundwir.de/wp-content/uploads/2025/12/DSCF5030-001-272x182.jpg 272w" sizes="(max-width: 603px) 100vw, 603px" title="FAKS Renz" alt="" 		class="so-widget-image"/>
	</div>

</div></div></div><div id="pgc-166-4-1"  class="panel-grid-cell" ><div id="panel-166-4-1-0" class="so-panel widget widget_sow-editor panel-first-child" data-index="6" ><div
			
			class="so-widget-sow-editor so-widget-sow-editor-base"
			
		>
<div class="siteorigin-widget-tinymce textwidget">
	<p>.</p>
<p>&nbsp;</p>
<p>&nbsp;</p>
<p>&nbsp;</p>
<p>&nbsp;</p>
<p>&nbsp;</p>
<p>.</p>
</div>
</div></div><div id="panel-166-4-1-1" class="so-panel widget widget_sow-editor panel-last-child" data-index="7" ><div
			
			class="so-widget-sow-editor so-widget-sow-editor-base"
			
		>
<div class="siteorigin-widget-tinymce textwidget">
	<p>Diese Streetart-Werke wurden von Schülerinnen und Schülern der <strong>St. Bonaventura Fachakademie Dillingen</strong> gestaltet.</p>
<p>Mehr zur Schule und den Standorten <a href="https://brueckenbauer.kulturundwir.de/index.php/st-bonaventura-fachakademie-dillingen/">hier...</a></p>
</div>
</div></div></div></div><div id="pg-166-5"  class="panel-grid panel-has-style" ><div class="panel-row-style panel-row-style-for-166-5" ><div id="pgc-166-5-0"  class="panel-grid-cell panel-grid-cell-empty" ></div></div></div><div id="pg-166-6"  class="panel-grid panel-no-style" ><div id="pgc-166-6-0"  class="panel-grid-cell" ><div id="panel-166-6-0-0" class="so-panel widget widget_sow-image panel-first-child panel-last-child" data-index="8" ><div
			
			class="so-widget-sow-image so-widget-sow-image-default-8b5b6f678277-166"
			
		>
<div class="sow-image-container">
		<img 
	src="https://brueckenbauer.kulturundwir.de/wp-content/uploads/2026/02/Renz-bonagym@gerhards.jpg" width="402" height="536" srcset="https://brueckenbauer.kulturundwir.de/wp-content/uploads/2026/02/Renz-bonagym@gerhards.jpg 402w, https://brueckenbauer.kulturundwir.de/wp-content/uploads/2026/02/Renz-bonagym@gerhards-225x300.jpg 225w" sizes="(max-width: 402px) 100vw, 402px" title="Bonagym Renz" alt="" 		class="so-widget-image"/>
	</div>

</div></div></div><div id="pgc-166-6-1"  class="panel-grid-cell" ><div id="panel-166-6-1-0" class="so-panel widget widget_sow-editor panel-first-child" data-index="9" ><div
			
			class="so-widget-sow-editor so-widget-sow-editor-base"
			
		>
<div class="siteorigin-widget-tinymce textwidget">
	<p>.</p>
<p>&nbsp;</p>
<p>&nbsp;</p>
<p>&nbsp;</p>
<p>&nbsp;</p>
<p>&nbsp;</p>
<p>.</p>
</div>
</div></div><div id="panel-166-6-1-1" class="so-panel widget widget_sow-editor panel-last-child" data-index="10" ><div
			
			class="so-widget-sow-editor so-widget-sow-editor-base"
			
		>
<div class="siteorigin-widget-tinymce textwidget">
	<p>Dieses Streetart-Werk wurden von Schülerinnen und Schülern des <strong>St. Bonaventura Gymnasiums Dillingen</strong> gestaltet.</p>
<p>Mehr zur Schule und den Standorten <a href="https://brueckenbauer.kulturundwir.de/index.php/st-bonaventura-gymnasium-dillingen/">hier...</a></p>
</div>
</div></div></div></div><div id="pg-166-7"  class="panel-grid panel-has-style" ><div class="panel-row-style panel-row-style-for-166-7" ><div id="pgc-166-7-0"  class="panel-grid-cell panel-grid-cell-empty" ></div></div></div><div id="pg-166-8"  class="panel-grid panel-no-style" ><div id="pgc-166-8-0"  class="panel-grid-cell" ><div id="panel-166-8-0-0" class="so-panel widget widget_sow-editor panel-first-child panel-last-child" data-index="11" ><div
			
			class="so-widget-sow-editor so-widget-sow-editor-base"
			
		><h3 class="widget-title">DR. BARBARA RENZ</h3>
<div class="siteorigin-widget-tinymce textwidget">
	<p><span class="fontstyle0">*1863 †1955</span></p>
<p>Wissenschaftlerin und Frauenrechtlerin, deren Leben von dem Bestreben geprägt war, bestehende Grenzen zu überwinden. Sie erkämpfte sich die Reifeprüfung in Zürich und setzte anschließend ihr Studium der Philosophie, Literatur und Psychologie in Rom fort. 1892 wurde Barbara Renz als erste Frau aus Süddeutschland mit einer Dissertation zur Philosophie promoviert.</p>
<p>Mehr zu Dr. Barbara Renz bei Wikipedia <a href="https://de.wikipedia.org/wiki/Barbara_Renz" target="_blank" rel="noopener">hier...</a></p>
<p>&nbsp;</p>
</div>
</div></div></div></div><div id="pg-166-9"  class="panel-grid panel-has-style" ><div class="panel-row-style panel-row-style-for-166-9" ><div id="pgc-166-9-0"  class="panel-grid-cell panel-grid-cell-empty" ></div></div></div></div>
