{"id":171,"date":"2025-07-14T07:45:21","date_gmt":"2025-07-14T07:45:21","guid":{"rendered":"https:\/\/brueckenbauer.kulturundwir.de\/?page_id=171"},"modified":"2026-02-24T15:51:07","modified_gmt":"2026-02-24T15:51:07","slug":"max-josef-metzger","status":"publish","type":"page","link":"https:\/\/brueckenbauer.kulturundwir.de\/index.php\/max-josef-metzger\/","title":{"rendered":"MAX JOSEF METZGER"},"content":{"rendered":"<div id=\"pl-171\"  class=\"panel-layout\" ><div id=\"pg-171-0\"  class=\"panel-grid panel-no-style\" ><div id=\"pgc-171-0-0\"  class=\"panel-grid-cell\" ><div id=\"panel-171-0-0-0\" class=\"so-panel widget widget_sow-editor panel-first-child panel-last-child\" data-index=\"0\" ><div\n\t\t\t\n\t\t\tclass=\"so-widget-sow-editor so-widget-sow-editor-base\"\n\t\t\t\n\t\t><h3 class=\"widget-title\">MAX JOSEF METZGER<\/h3>\n<div class=\"siteorigin-widget-tinymce textwidget\">\n\t<p><strong><span class=\"fontstyle0\">*1887 \u20201944<\/span><\/strong><\/p>\n<p><span class=\"fontstyle0\">Katholischer Priester und Pazifist. Er <\/span><span class=\"fontstyle0\">verlegte <\/span><span class=\"fontstyle0\">1928 seinen <\/span><span class=\"fontstyle0\">Wirkungsort nach <strong>Meitingen<\/strong> \u2013 Zentrale\u00a0<\/span><span class=\"fontstyle0\">des Christk\u00f6nigsinstituts.<\/span><\/p>\n<\/div>\n<\/div><\/div><\/div><\/div><div id=\"pg-171-1\"  class=\"panel-grid panel-has-style\" ><div class=\"panel-row-style panel-row-style-for-171-1\" ><div id=\"pgc-171-1-0\"  class=\"panel-grid-cell panel-grid-cell-empty\" ><\/div><\/div><\/div><div id=\"pg-171-2\"  class=\"panel-grid panel-no-style\" ><div id=\"pgc-171-2-0\"  class=\"panel-grid-cell\" ><div id=\"panel-171-2-0-0\" class=\"so-panel widget widget_sow-image panel-first-child panel-last-child\" data-index=\"1\" ><div\n\t\t\t\n\t\t\tclass=\"so-widget-sow-image so-widget-sow-image-default-8b5b6f678277-171\"\n\t\t\t\n\t\t>\n<div class=\"sow-image-container\">\n\t\t<img \n\tsrc=\"https:\/\/brueckenbauer.kulturundwir.de\/wp-content\/uploads\/2025\/07\/Max-Joseph-Metzger.jpg\" width=\"831\" height=\"1140\" srcset=\"https:\/\/brueckenbauer.kulturundwir.de\/wp-content\/uploads\/2025\/07\/Max-Joseph-Metzger.jpg 831w, https:\/\/brueckenbauer.kulturundwir.de\/wp-content\/uploads\/2025\/07\/Max-Joseph-Metzger-219x300.jpg 219w, https:\/\/brueckenbauer.kulturundwir.de\/wp-content\/uploads\/2025\/07\/Max-Joseph-Metzger-746x1024.jpg 746w, https:\/\/brueckenbauer.kulturundwir.de\/wp-content\/uploads\/2025\/07\/Max-Joseph-Metzger-768x1054.jpg 768w\" sizes=\"(max-width: 831px) 100vw, 831px\" title=\"Max Josef Metzger\" alt=\"\" \t\tclass=\"so-widget-image\"\/>\n\t<\/div>\n\n<\/div><\/div><\/div><div id=\"pgc-171-2-1\"  class=\"panel-grid-cell\" ><div id=\"panel-171-2-1-0\" class=\"so-panel widget widget_sow-image panel-first-child\" data-index=\"2\" ><div\n\t\t\t\n\t\t\tclass=\"so-widget-sow-image so-widget-sow-image-default-8b5b6f678277-171\"\n\t\t\t\n\t\t>\n<div class=\"sow-image-container\">\n\t\t<img \n\tsrc=\"https:\/\/brueckenbauer.kulturundwir.de\/wp-content\/uploads\/2025\/10\/IMG-20251001-WA0020@iris.jpg\" width=\"1536\" height=\"2048\" srcset=\"https:\/\/brueckenbauer.kulturundwir.de\/wp-content\/uploads\/2025\/10\/IMG-20251001-WA0020@iris.jpg 1536w, https:\/\/brueckenbauer.kulturundwir.de\/wp-content\/uploads\/2025\/10\/IMG-20251001-WA0020@iris-225x300.jpg 225w, https:\/\/brueckenbauer.kulturundwir.de\/wp-content\/uploads\/2025\/10\/IMG-20251001-WA0020@iris-768x1024.jpg 768w, https:\/\/brueckenbauer.kulturundwir.de\/wp-content\/uploads\/2025\/10\/IMG-20251001-WA0020@iris-1152x1536.jpg 1152w\" sizes=\"(max-width: 1536px) 100vw, 1536px\" alt=\"\" \t\tclass=\"so-widget-image\"\/>\n\t<\/div>\n\n<\/div><\/div><div id=\"panel-171-2-1-1\" class=\"so-panel widget widget_sow-editor panel-last-child\" data-index=\"3\" ><div\n\t\t\t\n\t\t\tclass=\"so-widget-sow-editor so-widget-sow-editor-base\"\n\t\t\t\n\t\t><h3 class=\"widget-title\">Max Josef Metzger<\/h3>\n<div class=\"siteorigin-widget-tinymce textwidget\">\n\t<p>Bildnis von Max Josef Metzger vom franz\u00f6sischen Streetart-K\u00fcnstler\u00a0<a href=\"https:\/\/brueckenbauer.kulturundwir.de\/index.php\/c215\/\">Christian Gu\u00e9my alias C215<\/a>\u00a0 in Streetart-Schablonentechnik am 1. Oktober 2025 in Meitingen, in der Hauptstra\u00dfe 34 gefertigt.<\/p>\n<\/div>\n<\/div><\/div><\/div><\/div><div id=\"pg-171-3\"  class=\"panel-grid panel-has-style\" ><div class=\"panel-row-style panel-row-style-for-171-3\" ><div id=\"pgc-171-3-0\"  class=\"panel-grid-cell panel-grid-cell-empty\" ><\/div><\/div><\/div><div id=\"pg-171-4\"  class=\"panel-grid panel-no-style\" ><div id=\"pgc-171-4-0\"  class=\"panel-grid-cell\" ><div id=\"panel-171-4-0-0\" class=\"so-panel widget widget_sow-image panel-first-child panel-last-child\" data-index=\"4\" ><div\n\t\t\t\n\t\t\tclass=\"so-widget-sow-image so-widget-sow-image-default-8b5b6f678277-171\"\n\t\t\t\n\t\t>\n<div class=\"sow-image-container\">\n\t\t<img \n\tsrc=\"https:\/\/brueckenbauer.kulturundwir.de\/wp-content\/uploads\/2025\/12\/DSCF5072-001.jpg\" width=\"602\" height=\"402\" srcset=\"https:\/\/brueckenbauer.kulturundwir.de\/wp-content\/uploads\/2025\/12\/DSCF5072-001.jpg 602w, https:\/\/brueckenbauer.kulturundwir.de\/wp-content\/uploads\/2025\/12\/DSCF5072-001-300x200.jpg 300w, https:\/\/brueckenbauer.kulturundwir.de\/wp-content\/uploads\/2025\/12\/DSCF5072-001-272x182.jpg 272w\" sizes=\"(max-width: 602px) 100vw, 602px\" title=\"RSM Metzger\" alt=\"\" \t\tclass=\"so-widget-image\"\/>\n\t<\/div>\n\n<\/div><\/div><\/div><div id=\"pgc-171-4-1\"  class=\"panel-grid-cell\" ><div id=\"panel-171-4-1-0\" class=\"so-panel widget widget_sow-image panel-first-child panel-last-child\" data-index=\"5\" ><div\n\t\t\t\n\t\t\tclass=\"so-widget-sow-image so-widget-sow-image-default-8b5b6f678277-171\"\n\t\t\t\n\t\t>\n<div class=\"sow-image-container\">\n\t\t<img \n\tsrc=\"https:\/\/brueckenbauer.kulturundwir.de\/wp-content\/uploads\/2025\/12\/DSCF5074-001.jpg\" width=\"602\" height=\"402\" srcset=\"https:\/\/brueckenbauer.kulturundwir.de\/wp-content\/uploads\/2025\/12\/DSCF5074-001.jpg 602w, https:\/\/brueckenbauer.kulturundwir.de\/wp-content\/uploads\/2025\/12\/DSCF5074-001-300x200.jpg 300w, https:\/\/brueckenbauer.kulturundwir.de\/wp-content\/uploads\/2025\/12\/DSCF5074-001-272x182.jpg 272w\" sizes=\"(max-width: 602px) 100vw, 602px\" title=\"RSM Metzger\" alt=\"\" \t\tclass=\"so-widget-image\"\/>\n\t<\/div>\n\n<\/div><\/div><\/div><\/div><div id=\"pg-171-5\"  class=\"panel-grid panel-no-style\" ><div id=\"pgc-171-5-0\"  class=\"panel-grid-cell\" ><div id=\"panel-171-5-0-0\" class=\"so-panel widget widget_sow-editor panel-first-child panel-last-child\" data-index=\"6\" ><div\n\t\t\t\n\t\t\tclass=\"so-widget-sow-editor so-widget-sow-editor-base\"\n\t\t\t\n\t\t>\n<div class=\"siteorigin-widget-tinymce textwidget\">\n\t<p>Diese beiden Streetart-Werke wurden von Sch\u00fclerinnen und Sch\u00fclern der <strong>Max-Josef-Metzger-Realschule Meitingen<\/strong> gestaltet.<\/p>\n<p>Mehr zur Schule <a href=\"https:\/\/brueckenbauer.kulturundwir.de\/index.php\/dr-max-josef-metzger-realschule-meitingen\/\">hier...<\/a><\/p>\n<\/div>\n<\/div><\/div><\/div><\/div><div id=\"pg-171-6\"  class=\"panel-grid panel-has-style\" ><div class=\"panel-row-style panel-row-style-for-171-6\" ><div id=\"pgc-171-6-0\"  class=\"panel-grid-cell panel-grid-cell-empty\" ><\/div><\/div><\/div><div id=\"pg-171-7\"  class=\"panel-grid panel-no-style\" ><div id=\"pgc-171-7-0\"  class=\"panel-grid-cell\" ><div id=\"panel-171-7-0-0\" class=\"so-panel widget widget_sow-editor panel-first-child panel-last-child\" data-index=\"7\" ><div\n\t\t\t\n\t\t\tclass=\"so-widget-sow-editor so-widget-sow-editor-base\"\n\t\t\t\n\t\t><h3 class=\"widget-title\">DR. MAX JOSEF METZGER<\/h3>\n<div class=\"siteorigin-widget-tinymce textwidget\">\n\t<p>*1887 - \u202017. April 1944 hingerichtet<\/p>\n<p>Gro\u00dfer geistiger Erneuerer der ersten H\u00e4lfte des zwanzigsten Jahrhunderts. Er war ma\u00dfgeblicher Wegbereiter f\u00fcr Frieden und Einheit in Europa und in der Kirche. Er gr\u00fcndete verschiedene pazifistische Organisationen, darunter den Friedensbund Deutscher Katholiken, den Weltfriedensbund vom Wei\u00dfen Kreuz und engagierte sich in der \u00fcberkonfessionellen Una-Sancta-Bewegung. Weit \u00fcber das kirchliche Wirken hinaus engagierte sich Dr. Metzger in Meitingen auf vielf\u00e4ltige Weise. Diese vielf\u00e4ltigen \u00f6ffentlichkeitswirksamen T\u00e4tigkeiten lie\u00dfen Metzger bald nach der Machtergreifung der Nationalsozialisten ins Visier der Gestapo geraten. Unter Roland Freisler wurde er vom Volksgerichtshof als Widerstandsk\u00e4mpfer zum Tode verurteilt.<\/p>\n<p>Mehr zu Dr. Max Josef Metzger bei Wikipedia <a href=\"https:\/\/de.wikipedia.org\/wiki\/Max_Josef_Metzger\" target=\"_blank\" rel=\"noopener\">hier...<\/a><\/p>\n<\/div>\n<\/div><\/div><\/div><\/div><div id=\"pg-171-8\"  class=\"panel-grid panel-has-style\" ><div class=\"panel-row-style panel-row-style-for-171-8\" ><div id=\"pgc-171-8-0\"  class=\"panel-grid-cell panel-grid-cell-empty\" ><\/div><\/div><\/div><\/div>","protected":false},"excerpt":{"rendered":"<p>*1887 \u20201944 Katholischer Priester und Pazifist. Er verlegte 1928 seinen Wirkungsort nach Meitingen \u2013 Zentrale\u00a0des Christk\u00f6nigsinstituts.<\/p>\n","protected":false},"author":1,"featured_media":0,"parent":0,"menu_order":0,"comment_status":"closed","ping_status":"closed","template":"","meta":{"footnotes":""},"class_list":["post-171","page","type-page","status-publish","hentry","post"],"_links":{"self":[{"href":"https:\/\/brueckenbauer.kulturundwir.de\/index.php\/wp-json\/wp\/v2\/pages\/171","targetHints":{"allow":["GET"]}}],"collection":[{"href":"https:\/\/brueckenbauer.kulturundwir.de\/index.php\/wp-json\/wp\/v2\/pages"}],"about":[{"href":"https:\/\/brueckenbauer.kulturundwir.de\/index.php\/wp-json\/wp\/v2\/types\/page"}],"author":[{"embeddable":true,"href":"https:\/\/brueckenbauer.kulturundwir.de\/index.php\/wp-json\/wp\/v2\/users\/1"}],"replies":[{"embeddable":true,"href":"https:\/\/brueckenbauer.kulturundwir.de\/index.php\/wp-json\/wp\/v2\/comments?post=171"}],"version-history":[{"count":12,"href":"https:\/\/brueckenbauer.kulturundwir.de\/index.php\/wp-json\/wp\/v2\/pages\/171\/revisions"}],"predecessor-version":[{"id":967,"href":"https:\/\/brueckenbauer.kulturundwir.de\/index.php\/wp-json\/wp\/v2\/pages\/171\/revisions\/967"}],"wp:attachment":[{"href":"https:\/\/brueckenbauer.kulturundwir.de\/index.php\/wp-json\/wp\/v2\/media?parent=171"}],"curies":[{"name":"wp","href":"https:\/\/api.w.org\/{rel}","templated":true}]}}

<div id="pl-171"  class="panel-layout" ><div id="pg-171-0"  class="panel-grid panel-no-style" ><div id="pgc-171-0-0"  class="panel-grid-cell" ><div id="panel-171-0-0-0" class="so-panel widget widget_sow-editor panel-first-child panel-last-child" data-index="0" ><div
			
			class="so-widget-sow-editor so-widget-sow-editor-base"
			
		><h3 class="widget-title">MAX JOSEF METZGER</h3>
<div class="siteorigin-widget-tinymce textwidget">
	<p><strong><span class="fontstyle0">*1887 †1944</span></strong></p>
<p><span class="fontstyle0">Katholischer Priester und Pazifist. Er </span><span class="fontstyle0">verlegte </span><span class="fontstyle0">1928 seinen </span><span class="fontstyle0">Wirkungsort nach <strong>Meitingen</strong> – Zentrale </span><span class="fontstyle0">des Christkönigsinstituts.</span></p>
</div>
</div></div></div></div><div id="pg-171-1"  class="panel-grid panel-has-style" ><div class="panel-row-style panel-row-style-for-171-1" ><div id="pgc-171-1-0"  class="panel-grid-cell panel-grid-cell-empty" ></div></div></div><div id="pg-171-2"  class="panel-grid panel-no-style" ><div id="pgc-171-2-0"  class="panel-grid-cell" ><div id="panel-171-2-0-0" class="so-panel widget widget_sow-image panel-first-child panel-last-child" data-index="1" ><div
			
			class="so-widget-sow-image so-widget-sow-image-default-8b5b6f678277-171"
			
		>
<div class="sow-image-container">
		<img 
	src="https://brueckenbauer.kulturundwir.de/wp-content/uploads/2025/07/Max-Joseph-Metzger.jpg" width="831" height="1140" srcset="https://brueckenbauer.kulturundwir.de/wp-content/uploads/2025/07/Max-Joseph-Metzger.jpg 831w, https://brueckenbauer.kulturundwir.de/wp-content/uploads/2025/07/Max-Joseph-Metzger-219x300.jpg 219w, https://brueckenbauer.kulturundwir.de/wp-content/uploads/2025/07/Max-Joseph-Metzger-746x1024.jpg 746w, https://brueckenbauer.kulturundwir.de/wp-content/uploads/2025/07/Max-Joseph-Metzger-768x1054.jpg 768w" sizes="(max-width: 831px) 100vw, 831px" title="Max Josef Metzger" alt="" 		class="so-widget-image"/>
	</div>

</div></div></div><div id="pgc-171-2-1"  class="panel-grid-cell" ><div id="panel-171-2-1-0" class="so-panel widget widget_sow-image panel-first-child" data-index="2" ><div
			
			class="so-widget-sow-image so-widget-sow-image-default-8b5b6f678277-171"
			
		>
<div class="sow-image-container">
		<img 
	src="https://brueckenbauer.kulturundwir.de/wp-content/uploads/2025/10/IMG-20251001-WA0020@iris.jpg" width="1536" height="2048" srcset="https://brueckenbauer.kulturundwir.de/wp-content/uploads/2025/10/IMG-20251001-WA0020@iris.jpg 1536w, https://brueckenbauer.kulturundwir.de/wp-content/uploads/2025/10/IMG-20251001-WA0020@iris-225x300.jpg 225w, https://brueckenbauer.kulturundwir.de/wp-content/uploads/2025/10/IMG-20251001-WA0020@iris-768x1024.jpg 768w, https://brueckenbauer.kulturundwir.de/wp-content/uploads/2025/10/IMG-20251001-WA0020@iris-1152x1536.jpg 1152w" sizes="(max-width: 1536px) 100vw, 1536px" alt="" 		class="so-widget-image"/>
	</div>

</div></div><div id="panel-171-2-1-1" class="so-panel widget widget_sow-editor panel-last-child" data-index="3" ><div
			
			class="so-widget-sow-editor so-widget-sow-editor-base"
			
		><h3 class="widget-title">Max Josef Metzger</h3>
<div class="siteorigin-widget-tinymce textwidget">
	<p>Bildnis von Max Josef Metzger vom französischen Streetart-Künstler <a href="https://brueckenbauer.kulturundwir.de/index.php/c215/">Christian Guémy alias C215</a>  in Streetart-Schablonentechnik am 1. Oktober 2025 in Meitingen, in der Hauptstraße 34 gefertigt.</p>
</div>
</div></div></div></div><div id="pg-171-3"  class="panel-grid panel-has-style" ><div class="panel-row-style panel-row-style-for-171-3" ><div id="pgc-171-3-0"  class="panel-grid-cell panel-grid-cell-empty" ></div></div></div><div id="pg-171-4"  class="panel-grid panel-no-style" ><div id="pgc-171-4-0"  class="panel-grid-cell" ><div id="panel-171-4-0-0" class="so-panel widget widget_sow-image panel-first-child panel-last-child" data-index="4" ><div
			
			class="so-widget-sow-image so-widget-sow-image-default-8b5b6f678277-171"
			
		>
<div class="sow-image-container">
		<img 
	src="https://brueckenbauer.kulturundwir.de/wp-content/uploads/2025/12/DSCF5072-001.jpg" width="602" height="402" srcset="https://brueckenbauer.kulturundwir.de/wp-content/uploads/2025/12/DSCF5072-001.jpg 602w, https://brueckenbauer.kulturundwir.de/wp-content/uploads/2025/12/DSCF5072-001-300x200.jpg 300w, https://brueckenbauer.kulturundwir.de/wp-content/uploads/2025/12/DSCF5072-001-272x182.jpg 272w" sizes="(max-width: 602px) 100vw, 602px" title="RSM Metzger" alt="" 		class="so-widget-image"/>
	</div>

</div></div></div><div id="pgc-171-4-1"  class="panel-grid-cell" ><div id="panel-171-4-1-0" class="so-panel widget widget_sow-image panel-first-child panel-last-child" data-index="5" ><div
			
			class="so-widget-sow-image so-widget-sow-image-default-8b5b6f678277-171"
			
		>
<div class="sow-image-container">
		<img 
	src="https://brueckenbauer.kulturundwir.de/wp-content/uploads/2025/12/DSCF5074-001.jpg" width="602" height="402" srcset="https://brueckenbauer.kulturundwir.de/wp-content/uploads/2025/12/DSCF5074-001.jpg 602w, https://brueckenbauer.kulturundwir.de/wp-content/uploads/2025/12/DSCF5074-001-300x200.jpg 300w, https://brueckenbauer.kulturundwir.de/wp-content/uploads/2025/12/DSCF5074-001-272x182.jpg 272w" sizes="(max-width: 602px) 100vw, 602px" title="RSM Metzger" alt="" 		class="so-widget-image"/>
	</div>

</div></div></div></div><div id="pg-171-5"  class="panel-grid panel-no-style" ><div id="pgc-171-5-0"  class="panel-grid-cell" ><div id="panel-171-5-0-0" class="so-panel widget widget_sow-editor panel-first-child panel-last-child" data-index="6" ><div
			
			class="so-widget-sow-editor so-widget-sow-editor-base"
			
		>
<div class="siteorigin-widget-tinymce textwidget">
	<p>Diese beiden Streetart-Werke wurden von Schülerinnen und Schülern der <strong>Max-Josef-Metzger-Realschule Meitingen</strong> gestaltet.</p>
<p>Mehr zur Schule <a href="https://brueckenbauer.kulturundwir.de/index.php/dr-max-josef-metzger-realschule-meitingen/">hier...</a></p>
</div>
</div></div></div></div><div id="pg-171-6"  class="panel-grid panel-has-style" ><div class="panel-row-style panel-row-style-for-171-6" ><div id="pgc-171-6-0"  class="panel-grid-cell panel-grid-cell-empty" ></div></div></div><div id="pg-171-7"  class="panel-grid panel-no-style" ><div id="pgc-171-7-0"  class="panel-grid-cell" ><div id="panel-171-7-0-0" class="so-panel widget widget_sow-editor panel-first-child panel-last-child" data-index="7" ><div
			
			class="so-widget-sow-editor so-widget-sow-editor-base"
			
		><h3 class="widget-title">DR. MAX JOSEF METZGER</h3>
<div class="siteorigin-widget-tinymce textwidget">
	<p>*1887 - †17. April 1944 hingerichtet</p>
<p>Großer geistiger Erneuerer der ersten Hälfte des zwanzigsten Jahrhunderts. Er war maßgeblicher Wegbereiter für Frieden und Einheit in Europa und in der Kirche. Er gründete verschiedene pazifistische Organisationen, darunter den Friedensbund Deutscher Katholiken, den Weltfriedensbund vom Weißen Kreuz und engagierte sich in der überkonfessionellen Una-Sancta-Bewegung. Weit über das kirchliche Wirken hinaus engagierte sich Dr. Metzger in Meitingen auf vielfältige Weise. Diese vielfältigen öffentlichkeitswirksamen Tätigkeiten ließen Metzger bald nach der Machtergreifung der Nationalsozialisten ins Visier der Gestapo geraten. Unter Roland Freisler wurde er vom Volksgerichtshof als Widerstandskämpfer zum Tode verurteilt.</p>
<p>Mehr zu Dr. Max Josef Metzger bei Wikipedia <a href="https://de.wikipedia.org/wiki/Max_Josef_Metzger" target="_blank" rel="noopener">hier...</a></p>
</div>
</div></div></div></div><div id="pg-171-8"  class="panel-grid panel-has-style" ><div class="panel-row-style panel-row-style-for-171-8" ><div id="pgc-171-8-0"  class="panel-grid-cell panel-grid-cell-empty" ></div></div></div></div>

<p>*1887 †1944 Katholischer Priester und Pazifist. Er verlegte 1928 seinen Wirkungsort nach Meitingen – Zentrale des Christkönigsinstituts.</p>
