{"id":222,"date":"2025-07-14T11:42:45","date_gmt":"2025-07-14T11:42:45","guid":{"rendered":"https:\/\/brueckenbauer.kulturundwir.de\/?page_id=222"},"modified":"2025-12-30T09:42:59","modified_gmt":"2025-12-30T09:42:59","slug":"sebastian-englert","status":"publish","type":"page","link":"https:\/\/brueckenbauer.kulturundwir.de\/index.php\/sebastian-englert\/","title":{"rendered":"SEBASTIAN ENGLERT"},"content":{"rendered":"<div id=\"pl-222\"  class=\"panel-layout\" ><div id=\"pg-222-0\"  class=\"panel-grid panel-no-style\" ><div id=\"pgc-222-0-0\"  class=\"panel-grid-cell\" ><div id=\"panel-222-0-0-0\" class=\"so-panel widget widget_sow-editor panel-first-child panel-last-child\" data-index=\"0\" ><div\n\t\t\t\n\t\t\tclass=\"so-widget-sow-editor so-widget-sow-editor-base\"\n\t\t\t\n\t\t><h3 class=\"widget-title\">SEBASTIAN ENGLERT<\/h3>\n<div class=\"siteorigin-widget-tinymce textwidget\">\n\t<p><strong><span class=\"fontstyle1\">*1888 \u20201969<\/span><\/strong><\/p>\n<p><span class=\"fontstyle1\">Geboren als Franz Anton Englert <\/span><span class=\"fontstyle1\">in <strong>Dillingen,\u00a0<\/strong><\/span><span class=\"fontstyle1\">Missionar, Kapuzinerpater und\u00a0<\/span><span class=\"fontstyle1\">Sprachenforscher.<\/span><\/p>\n<\/div>\n<\/div><\/div><\/div><\/div><div id=\"pg-222-1\"  class=\"panel-grid panel-has-style\" ><div class=\"panel-row-style panel-row-style-for-222-1\" ><div id=\"pgc-222-1-0\"  class=\"panel-grid-cell panel-grid-cell-empty\" ><\/div><\/div><\/div><div id=\"pg-222-2\"  class=\"panel-grid panel-no-style\" ><div id=\"pgc-222-2-0\"  class=\"panel-grid-cell\" ><div id=\"panel-222-2-0-0\" class=\"so-panel widget widget_sow-image panel-first-child panel-last-child\" data-index=\"1\" ><div\n\t\t\t\n\t\t\tclass=\"so-widget-sow-image so-widget-sow-image-default-8b5b6f678277-222\"\n\t\t\t\n\t\t>\n<div class=\"sow-image-container\">\n\t\t<img \n\tsrc=\"https:\/\/brueckenbauer.kulturundwir.de\/wp-content\/uploads\/2025\/12\/DSCF5102-001.jpg\" width=\"401\" height=\"539\" srcset=\"https:\/\/brueckenbauer.kulturundwir.de\/wp-content\/uploads\/2025\/12\/DSCF5102-001.jpg 401w, https:\/\/brueckenbauer.kulturundwir.de\/wp-content\/uploads\/2025\/12\/DSCF5102-001-223x300.jpg 223w\" sizes=\"(max-width: 401px) 100vw, 401px\" title=\"BonaGym Englert\" alt=\"\" \t\tclass=\"so-widget-image\"\/>\n\t<\/div>\n\n<\/div><\/div><\/div><div id=\"pgc-222-2-1\"  class=\"panel-grid-cell\" ><div id=\"panel-222-2-1-0\" class=\"so-panel widget widget_sow-editor panel-first-child panel-last-child\" data-index=\"2\" ><div\n\t\t\t\n\t\t\tclass=\"so-widget-sow-editor so-widget-sow-editor-base\"\n\t\t\t\n\t\t>\n<div class=\"siteorigin-widget-tinymce textwidget\">\n\t<p>Dieses Streetart-Werk wurden von Sch\u00fclerinnen und Sch\u00fclern des\u00a0<strong>Bonaventura-Gymnasiums Dillingen<\/strong> gestaltet.<\/p>\n<p>Mehr zur Schule und den Standorten <a href=\"https:\/\/brueckenbauer.kulturundwir.de\/index.php\/st-bonaventura-gymnasium-dillingen\/\">hier...<\/a><\/p>\n<\/div>\n<\/div><\/div><\/div><\/div><div id=\"pg-222-3\"  class=\"panel-grid panel-has-style\" ><div class=\"panel-row-style panel-row-style-for-222-3\" ><div id=\"pgc-222-3-0\"  class=\"panel-grid-cell panel-grid-cell-empty\" ><\/div><\/div><\/div><div id=\"pg-222-4\"  class=\"panel-grid panel-no-style\" ><div id=\"pgc-222-4-0\"  class=\"panel-grid-cell\" ><div id=\"panel-222-4-0-0\" class=\"so-panel widget widget_sow-image panel-first-child panel-last-child\" data-index=\"3\" ><div\n\t\t\t\n\t\t\tclass=\"so-widget-sow-image so-widget-sow-image-default-8b5b6f678277-222\"\n\t\t\t\n\t\t>\n<div class=\"sow-image-container\">\n\t\t<img \n\tsrc=\"https:\/\/brueckenbauer.kulturundwir.de\/wp-content\/uploads\/2025\/12\/DSCF5001-001.jpg\" width=\"402\" height=\"602\" srcset=\"https:\/\/brueckenbauer.kulturundwir.de\/wp-content\/uploads\/2025\/12\/DSCF5001-001.jpg 402w, https:\/\/brueckenbauer.kulturundwir.de\/wp-content\/uploads\/2025\/12\/DSCF5001-001-200x300.jpg 200w\" sizes=\"(max-width: 402px) 100vw, 402px\" title=\"JMS Englert\" alt=\"\" \t\tclass=\"so-widget-image\"\/>\n\t<\/div>\n\n<\/div><\/div><\/div><div id=\"pgc-222-4-1\"  class=\"panel-grid-cell\" ><div id=\"panel-222-4-1-0\" class=\"so-panel widget widget_sow-editor panel-first-child panel-last-child\" data-index=\"4\" ><div\n\t\t\t\n\t\t\tclass=\"so-widget-sow-editor so-widget-sow-editor-base\"\n\t\t\t\n\t\t>\n<div class=\"siteorigin-widget-tinymce textwidget\">\n\t<p>Dieses Streetart-Werk wurden von Sch\u00fclerinnen und Sch\u00fclern des <strong>Johann-Michael-Sailer-Gymnasiums<\/strong> Dillingen gestaltet.<\/p>\n<p>Mehr zur Schule und den Standorten <a href=\"https:\/\/brueckenbauer.kulturundwir.de\/index.php\/johann-michael-sailer-gymnasium-dillingen\/\">hier...<\/a><\/p>\n<\/div>\n<\/div><\/div><\/div><\/div><div id=\"pg-222-5\"  class=\"panel-grid panel-has-style\" ><div class=\"panel-row-style panel-row-style-for-222-5\" ><div id=\"pgc-222-5-0\"  class=\"panel-grid-cell panel-grid-cell-empty\" ><\/div><\/div><\/div><div id=\"pg-222-6\"  class=\"panel-grid panel-no-style\" ><div id=\"pgc-222-6-0\"  class=\"panel-grid-cell\" ><div id=\"panel-222-6-0-0\" class=\"so-panel widget widget_sow-editor panel-first-child panel-last-child\" data-index=\"5\" ><div\n\t\t\t\n\t\t\tclass=\"so-widget-sow-editor so-widget-sow-editor-base\"\n\t\t\t\n\t\t><h3 class=\"widget-title\">SEBASTIAN ENGLERT<\/h3>\n<div class=\"siteorigin-widget-tinymce textwidget\">\n\t<p><span class=\"fontstyle0\">*1888 \u20201969<\/span><\/p>\n<p>Geboren als Franz Anton Englert war ein Missionar, Kapuzinerpater und Sprachenforscher, der als einer derbedeutendsten Br\u00fcckenbauer zwischen der Kulturen des Westens und der Polynesischen Inselwelt in die Geschichteeinging. Auf der Osterinsel erlernte er die Sprache der Einheimischen und bet\u00e4tigte sich neben seiner Missionsarbeit vor allem auch als Erforscher der Sprache und Kulturgeschichte dieser. Er publizierte mehrere B\u00fccher, die sich u.a. um Studien \u00fcber Geschichte, Arch\u00e4ologie, Ethnologie und Sprache der Osterinsel handeln. Er publizierte auch in wissenschaftlichen Zeitschriften. Er schrieb nicht nur die Sagen und Legenden der Insulaner auf, sondern setzte sich auch f\u00fcr den Erhalt der riesigen Steinfiguren der Osterinseln, der \u201eMoai\u201c ein, die er katalogisierte und nummerierte.<\/p>\n<p>Wikipedia: <a href=\"https:\/\/de.wikipedia.org\/wiki\/Sebastian_Englert\" target=\"_blank\" rel=\"noopener\">Wikipediaeintrag Sebastian Englert<\/a><\/p>\n<\/div>\n<\/div><\/div><\/div><\/div><div id=\"pg-222-7\"  class=\"panel-grid panel-has-style\" ><div class=\"panel-row-style panel-row-style-for-222-7\" ><div id=\"pgc-222-7-0\"  class=\"panel-grid-cell panel-grid-cell-empty\" ><\/div><\/div><\/div><\/div>","protected":false},"excerpt":{"rendered":"<p>*1888 \u20201969 Geboren als Franz Anton Englert in Dillingen,\u00a0Missionar, Kapuzinerpater und\u00a0Sprachenforscher.<\/p>\n","protected":false},"author":1,"featured_media":0,"parent":0,"menu_order":0,"comment_status":"closed","ping_status":"closed","template":"","meta":{"footnotes":""},"class_list":["post-222","page","type-page","status-publish","hentry","post"],"_links":{"self":[{"href":"https:\/\/brueckenbauer.kulturundwir.de\/index.php\/wp-json\/wp\/v2\/pages\/222","targetHints":{"allow":["GET"]}}],"collection":[{"href":"https:\/\/brueckenbauer.kulturundwir.de\/index.php\/wp-json\/wp\/v2\/pages"}],"about":[{"href":"https:\/\/brueckenbauer.kulturundwir.de\/index.php\/wp-json\/wp\/v2\/types\/page"}],"author":[{"embeddable":true,"href":"https:\/\/brueckenbauer.kulturundwir.de\/index.php\/wp-json\/wp\/v2\/users\/1"}],"replies":[{"embeddable":true,"href":"https:\/\/brueckenbauer.kulturundwir.de\/index.php\/wp-json\/wp\/v2\/comments?post=222"}],"version-history":[{"count":11,"href":"https:\/\/brueckenbauer.kulturundwir.de\/index.php\/wp-json\/wp\/v2\/pages\/222\/revisions"}],"predecessor-version":[{"id":769,"href":"https:\/\/brueckenbauer.kulturundwir.de\/index.php\/wp-json\/wp\/v2\/pages\/222\/revisions\/769"}],"wp:attachment":[{"href":"https:\/\/brueckenbauer.kulturundwir.de\/index.php\/wp-json\/wp\/v2\/media?parent=222"}],"curies":[{"name":"wp","href":"https:\/\/api.w.org\/{rel}","templated":true}]}}

<div id="pl-222"  class="panel-layout" ><div id="pg-222-0"  class="panel-grid panel-no-style" ><div id="pgc-222-0-0"  class="panel-grid-cell" ><div id="panel-222-0-0-0" class="so-panel widget widget_sow-editor panel-first-child panel-last-child" data-index="0" ><div
			
			class="so-widget-sow-editor so-widget-sow-editor-base"
			
		><h3 class="widget-title">SEBASTIAN ENGLERT</h3>
<div class="siteorigin-widget-tinymce textwidget">
	<p><strong><span class="fontstyle1">*1888 †1969</span></strong></p>
<p><span class="fontstyle1">Geboren als Franz Anton Englert </span><span class="fontstyle1">in <strong>Dillingen, </strong></span><span class="fontstyle1">Missionar, Kapuzinerpater und </span><span class="fontstyle1">Sprachenforscher.</span></p>
</div>
</div></div></div></div><div id="pg-222-1"  class="panel-grid panel-has-style" ><div class="panel-row-style panel-row-style-for-222-1" ><div id="pgc-222-1-0"  class="panel-grid-cell panel-grid-cell-empty" ></div></div></div><div id="pg-222-2"  class="panel-grid panel-no-style" ><div id="pgc-222-2-0"  class="panel-grid-cell" ><div id="panel-222-2-0-0" class="so-panel widget widget_sow-image panel-first-child panel-last-child" data-index="1" ><div
			
			class="so-widget-sow-image so-widget-sow-image-default-8b5b6f678277-222"
			
		>
<div class="sow-image-container">
		<img 
	src="https://brueckenbauer.kulturundwir.de/wp-content/uploads/2025/12/DSCF5102-001.jpg" width="401" height="539" srcset="https://brueckenbauer.kulturundwir.de/wp-content/uploads/2025/12/DSCF5102-001.jpg 401w, https://brueckenbauer.kulturundwir.de/wp-content/uploads/2025/12/DSCF5102-001-223x300.jpg 223w" sizes="(max-width: 401px) 100vw, 401px" title="BonaGym Englert" alt="" 		class="so-widget-image"/>
	</div>

</div></div></div><div id="pgc-222-2-1"  class="panel-grid-cell" ><div id="panel-222-2-1-0" class="so-panel widget widget_sow-editor panel-first-child panel-last-child" data-index="2" ><div
			
			class="so-widget-sow-editor so-widget-sow-editor-base"
			
		>
<div class="siteorigin-widget-tinymce textwidget">
	<p>Dieses Streetart-Werk wurden von Schülerinnen und Schülern des <strong>Bonaventura-Gymnasiums Dillingen</strong> gestaltet.</p>
<p>Mehr zur Schule und den Standorten <a href="https://brueckenbauer.kulturundwir.de/index.php/st-bonaventura-gymnasium-dillingen/">hier...</a></p>
</div>
</div></div></div></div><div id="pg-222-3"  class="panel-grid panel-has-style" ><div class="panel-row-style panel-row-style-for-222-3" ><div id="pgc-222-3-0"  class="panel-grid-cell panel-grid-cell-empty" ></div></div></div><div id="pg-222-4"  class="panel-grid panel-no-style" ><div id="pgc-222-4-0"  class="panel-grid-cell" ><div id="panel-222-4-0-0" class="so-panel widget widget_sow-image panel-first-child panel-last-child" data-index="3" ><div
			
			class="so-widget-sow-image so-widget-sow-image-default-8b5b6f678277-222"
			
		>
<div class="sow-image-container">
		<img 
	src="https://brueckenbauer.kulturundwir.de/wp-content/uploads/2025/12/DSCF5001-001.jpg" width="402" height="602" srcset="https://brueckenbauer.kulturundwir.de/wp-content/uploads/2025/12/DSCF5001-001.jpg 402w, https://brueckenbauer.kulturundwir.de/wp-content/uploads/2025/12/DSCF5001-001-200x300.jpg 200w" sizes="(max-width: 402px) 100vw, 402px" title="JMS Englert" alt="" 		class="so-widget-image"/>
	</div>

</div></div></div><div id="pgc-222-4-1"  class="panel-grid-cell" ><div id="panel-222-4-1-0" class="so-panel widget widget_sow-editor panel-first-child panel-last-child" data-index="4" ><div
			
			class="so-widget-sow-editor so-widget-sow-editor-base"
			
		>
<div class="siteorigin-widget-tinymce textwidget">
	<p>Dieses Streetart-Werk wurden von Schülerinnen und Schülern des <strong>Johann-Michael-Sailer-Gymnasiums</strong> Dillingen gestaltet.</p>
<p>Mehr zur Schule und den Standorten <a href="https://brueckenbauer.kulturundwir.de/index.php/johann-michael-sailer-gymnasium-dillingen/">hier...</a></p>
</div>
</div></div></div></div><div id="pg-222-5"  class="panel-grid panel-has-style" ><div class="panel-row-style panel-row-style-for-222-5" ><div id="pgc-222-5-0"  class="panel-grid-cell panel-grid-cell-empty" ></div></div></div><div id="pg-222-6"  class="panel-grid panel-no-style" ><div id="pgc-222-6-0"  class="panel-grid-cell" ><div id="panel-222-6-0-0" class="so-panel widget widget_sow-editor panel-first-child panel-last-child" data-index="5" ><div
			
			class="so-widget-sow-editor so-widget-sow-editor-base"
			
		><h3 class="widget-title">SEBASTIAN ENGLERT</h3>
<div class="siteorigin-widget-tinymce textwidget">
	<p><span class="fontstyle0">*1888 †1969</span></p>
<p>Geboren als Franz Anton Englert war ein Missionar, Kapuzinerpater und Sprachenforscher, der als einer derbedeutendsten Brückenbauer zwischen der Kulturen des Westens und der Polynesischen Inselwelt in die Geschichteeinging. Auf der Osterinsel erlernte er die Sprache der Einheimischen und betätigte sich neben seiner Missionsarbeit vor allem auch als Erforscher der Sprache und Kulturgeschichte dieser. Er publizierte mehrere Bücher, die sich u.a. um Studien über Geschichte, Archäologie, Ethnologie und Sprache der Osterinsel handeln. Er publizierte auch in wissenschaftlichen Zeitschriften. Er schrieb nicht nur die Sagen und Legenden der Insulaner auf, sondern setzte sich auch für den Erhalt der riesigen Steinfiguren der Osterinseln, der „Moai“ ein, die er katalogisierte und nummerierte.</p>
<p>Wikipedia: <a href="https://de.wikipedia.org/wiki/Sebastian_Englert" target="_blank" rel="noopener">Wikipediaeintrag Sebastian Englert</a></p>
</div>
</div></div></div></div><div id="pg-222-7"  class="panel-grid panel-has-style" ><div class="panel-row-style panel-row-style-for-222-7" ><div id="pgc-222-7-0"  class="panel-grid-cell panel-grid-cell-empty" ></div></div></div></div>
