{"id":225,"date":"2025-07-14T11:47:25","date_gmt":"2025-07-14T11:47:25","guid":{"rendered":"https:\/\/brueckenbauer.kulturundwir.de\/?page_id=225"},"modified":"2025-12-30T09:41:37","modified_gmt":"2025-12-30T09:41:37","slug":"michaela-haas","status":"publish","type":"page","link":"https:\/\/brueckenbauer.kulturundwir.de\/index.php\/michaela-haas\/","title":{"rendered":"MICHAELA HAAS"},"content":{"rendered":"<div id=\"pl-225\"  class=\"panel-layout\" ><div id=\"pg-225-0\"  class=\"panel-grid panel-no-style\" ><div id=\"pgc-225-0-0\"  class=\"panel-grid-cell\" ><div id=\"panel-225-0-0-0\" class=\"so-panel widget widget_sow-editor panel-first-child panel-last-child\" data-index=\"0\" ><div\n\t\t\t\n\t\t\tclass=\"so-widget-sow-editor so-widget-sow-editor-base\"\n\t\t\t\n\t\t><h3 class=\"widget-title\">MICHAELA HAAS<\/h3>\n<div class=\"siteorigin-widget-tinymce textwidget\">\n\t<p><strong><span class=\"fontstyle0\">*23. Juni 1926 \u202031.12.2003 <\/span><\/strong><span class=\"fontstyle0\">(in <\/span><span class=\"fontstyle0\">Duque de Caxias, Brasilien)<\/span><\/p>\n<p><span class=\"fontstyle0\">In <strong>Dillingen<\/strong> geboren, zog sie nach <\/span><span class=\"fontstyle0\">Brasilien, wo sie als Lehrerin und sp\u00e4ter\u00a0<\/span><span class=\"fontstyle0\">Professorin wirkte.<\/span><\/p>\n<p>&nbsp;<\/p>\n<\/div>\n<\/div><\/div><\/div><\/div><div id=\"pg-225-1\"  class=\"panel-grid panel-has-style\" ><div class=\"panel-row-style panel-row-style-for-225-1\" ><div id=\"pgc-225-1-0\"  class=\"panel-grid-cell panel-grid-cell-empty\" ><\/div><\/div><\/div><div id=\"pg-225-2\"  class=\"panel-grid panel-no-style\" ><div id=\"pgc-225-2-0\"  class=\"panel-grid-cell\" ><div id=\"panel-225-2-0-0\" class=\"so-panel widget widget_sow-image panel-first-child panel-last-child\" data-index=\"1\" ><div\n\t\t\t\n\t\t\tclass=\"so-widget-sow-image so-widget-sow-image-default-8b5b6f678277-225\"\n\t\t\t\n\t\t>\n<div class=\"sow-image-container\">\n\t\t<img \n\tsrc=\"https:\/\/brueckenbauer.kulturundwir.de\/wp-content\/uploads\/2025\/12\/Sr.-MichaelaHaas-768x828.jpg\" width=\"768\" height=\"828\" srcset=\"https:\/\/brueckenbauer.kulturundwir.de\/wp-content\/uploads\/2025\/12\/Sr.-MichaelaHaas-768x828.jpg 768w, https:\/\/brueckenbauer.kulturundwir.de\/wp-content\/uploads\/2025\/12\/Sr.-MichaelaHaas-278x300.jpg 278w, https:\/\/brueckenbauer.kulturundwir.de\/wp-content\/uploads\/2025\/12\/Sr.-MichaelaHaas-950x1024.jpg 950w, https:\/\/brueckenbauer.kulturundwir.de\/wp-content\/uploads\/2025\/12\/Sr.-MichaelaHaas-1425x1536.jpg 1425w, https:\/\/brueckenbauer.kulturundwir.de\/wp-content\/uploads\/2025\/12\/Sr.-MichaelaHaas-1900x2048.jpg 1900w\" sizes=\"(max-width: 768px) 100vw, 768px\" title=\"Sr. MichaelaHaas\" alt=\"\" \t\tclass=\"so-widget-image\"\/>\n\t<\/div>\n\n<\/div><\/div><\/div><div id=\"pgc-225-2-1\"  class=\"panel-grid-cell\" ><div id=\"panel-225-2-1-0\" class=\"so-panel widget widget_sow-image panel-first-child\" data-index=\"2\" ><div\n\t\t\t\n\t\t\tclass=\"so-widget-sow-image so-widget-sow-image-default-8b5b6f678277-225\"\n\t\t\t\n\t\t>\n<div class=\"sow-image-container\">\n\t\t<img \n\tsrc=\"https:\/\/brueckenbauer.kulturundwir.de\/wp-content\/uploads\/2025\/12\/DSCF5099-001.jpg\" width=\"602\" height=\"402\" srcset=\"https:\/\/brueckenbauer.kulturundwir.de\/wp-content\/uploads\/2025\/12\/DSCF5099-001.jpg 602w, https:\/\/brueckenbauer.kulturundwir.de\/wp-content\/uploads\/2025\/12\/DSCF5099-001-300x200.jpg 300w, https:\/\/brueckenbauer.kulturundwir.de\/wp-content\/uploads\/2025\/12\/DSCF5099-001-272x182.jpg 272w\" sizes=\"(max-width: 602px) 100vw, 602px\" title=\"BonaReal Haas\" alt=\"\" \t\tclass=\"so-widget-image\"\/>\n\t<\/div>\n\n<\/div><\/div><div id=\"panel-225-2-1-1\" class=\"so-panel widget widget_sow-editor panel-last-child\" data-index=\"3\" ><div\n\t\t\t\n\t\t\tclass=\"so-widget-sow-editor so-widget-sow-editor-base\"\n\t\t\t\n\t\t>\n<div class=\"siteorigin-widget-tinymce textwidget\">\n\t<p>Dieses Streetart-Werk wurden von Sch\u00fclerinnen und Sch\u00fclern der <strong>St. Bonaventura Realschule Dillingen<\/strong> gestaltet.<\/p>\n<p>Mehr zur Schule und den Standorten <a href=\"https:\/\/brueckenbauer.kulturundwir.de\/index.php\/st-bonaventura-realschule-dillingen\/\">hier...<\/a><\/p>\n<\/div>\n<\/div><\/div><\/div><\/div><div id=\"pg-225-3\"  class=\"panel-grid panel-has-style\" ><div class=\"panel-row-style panel-row-style-for-225-3\" ><div id=\"pgc-225-3-0\"  class=\"panel-grid-cell panel-grid-cell-empty\" ><\/div><\/div><\/div><div id=\"pg-225-4\"  class=\"panel-grid panel-no-style\" ><div id=\"pgc-225-4-0\"  class=\"panel-grid-cell\" ><div id=\"panel-225-4-0-0\" class=\"so-panel widget widget_sow-editor panel-first-child panel-last-child\" data-index=\"4\" ><div\n\t\t\t\n\t\t\tclass=\"so-widget-sow-editor so-widget-sow-editor-base\"\n\t\t\t\n\t\t><h3 class=\"widget-title\">MICHAELA HAAS<\/h3>\n<div class=\"siteorigin-widget-tinymce textwidget\">\n\t<p><span class=\"fontstyle0\">*1926 \u20202003<\/span><\/p>\n<p>In Dillingen geboren, zog sie 1952 nach Brasilien, wo sie als Lehrerin und sp\u00e4ter Professorin wirkte. Nach \u00fcber 30 Jahren im Bildungswesen widmete sie sich verst\u00e4rkt der Armenpastoral und unterst\u00fctzte vor allem Stra\u00dfenkinder. Trotz ihrer langj\u00e4hrigen T\u00e4tigkeit in Brasilien behielt sie enge Verbindungen zu Dillingen bei. Auf Bitten ihrer brasilianischen Mitschwestern verfasste sie die Chronik der Dillinger Franziskanerinnen, wobei sie besonderen Wert auf den kulturellen und historischen Kontext der Ordensgr\u00fcndung legte.<\/p>\n<p><em>Quelle: Dr. S\u00f6hner Stadtarchiv Dillingen<\/em><\/p>\n<\/div>\n<\/div><\/div><\/div><\/div><div id=\"pg-225-5\"  class=\"panel-grid panel-has-style\" ><div class=\"panel-row-style panel-row-style-for-225-5\" ><div id=\"pgc-225-5-0\"  class=\"panel-grid-cell panel-grid-cell-empty\" ><\/div><\/div><\/div><\/div>","protected":false},"excerpt":{"rendered":"<p>*23. Juni 1926 \u202031.12.2003 (in Duque de Caxias, Brasilien) In Dillingen geboren, zog sie nach Brasilien, wo sie als Lehrerin und sp\u00e4ter\u00a0Professorin wirkte. &nbsp;<\/p>\n","protected":false},"author":1,"featured_media":0,"parent":0,"menu_order":0,"comment_status":"closed","ping_status":"closed","template":"","meta":{"footnotes":""},"class_list":["post-225","page","type-page","status-publish","hentry","post"],"_links":{"self":[{"href":"https:\/\/brueckenbauer.kulturundwir.de\/index.php\/wp-json\/wp\/v2\/pages\/225","targetHints":{"allow":["GET"]}}],"collection":[{"href":"https:\/\/brueckenbauer.kulturundwir.de\/index.php\/wp-json\/wp\/v2\/pages"}],"about":[{"href":"https:\/\/brueckenbauer.kulturundwir.de\/index.php\/wp-json\/wp\/v2\/types\/page"}],"author":[{"embeddable":true,"href":"https:\/\/brueckenbauer.kulturundwir.de\/index.php\/wp-json\/wp\/v2\/users\/1"}],"replies":[{"embeddable":true,"href":"https:\/\/brueckenbauer.kulturundwir.de\/index.php\/wp-json\/wp\/v2\/comments?post=225"}],"version-history":[{"count":18,"href":"https:\/\/brueckenbauer.kulturundwir.de\/index.php\/wp-json\/wp\/v2\/pages\/225\/revisions"}],"predecessor-version":[{"id":768,"href":"https:\/\/brueckenbauer.kulturundwir.de\/index.php\/wp-json\/wp\/v2\/pages\/225\/revisions\/768"}],"wp:attachment":[{"href":"https:\/\/brueckenbauer.kulturundwir.de\/index.php\/wp-json\/wp\/v2\/media?parent=225"}],"curies":[{"name":"wp","href":"https:\/\/api.w.org\/{rel}","templated":true}]}}

<div id="pl-225"  class="panel-layout" ><div id="pg-225-0"  class="panel-grid panel-no-style" ><div id="pgc-225-0-0"  class="panel-grid-cell" ><div id="panel-225-0-0-0" class="so-panel widget widget_sow-editor panel-first-child panel-last-child" data-index="0" ><div
			
			class="so-widget-sow-editor so-widget-sow-editor-base"
			
		><h3 class="widget-title">MICHAELA HAAS</h3>
<div class="siteorigin-widget-tinymce textwidget">
	<p><strong><span class="fontstyle0">*23. Juni 1926 †31.12.2003 </span></strong><span class="fontstyle0">(in </span><span class="fontstyle0">Duque de Caxias, Brasilien)</span></p>
<p><span class="fontstyle0">In <strong>Dillingen</strong> geboren, zog sie nach </span><span class="fontstyle0">Brasilien, wo sie als Lehrerin und später </span><span class="fontstyle0">Professorin wirkte.</span></p>
<p>&nbsp;</p>
</div>
</div></div></div></div><div id="pg-225-1"  class="panel-grid panel-has-style" ><div class="panel-row-style panel-row-style-for-225-1" ><div id="pgc-225-1-0"  class="panel-grid-cell panel-grid-cell-empty" ></div></div></div><div id="pg-225-2"  class="panel-grid panel-no-style" ><div id="pgc-225-2-0"  class="panel-grid-cell" ><div id="panel-225-2-0-0" class="so-panel widget widget_sow-image panel-first-child panel-last-child" data-index="1" ><div
			
			class="so-widget-sow-image so-widget-sow-image-default-8b5b6f678277-225"
			
		>
<div class="sow-image-container">
		<img 
	src="https://brueckenbauer.kulturundwir.de/wp-content/uploads/2025/12/Sr.-MichaelaHaas-768x828.jpg" width="768" height="828" srcset="https://brueckenbauer.kulturundwir.de/wp-content/uploads/2025/12/Sr.-MichaelaHaas-768x828.jpg 768w, https://brueckenbauer.kulturundwir.de/wp-content/uploads/2025/12/Sr.-MichaelaHaas-278x300.jpg 278w, https://brueckenbauer.kulturundwir.de/wp-content/uploads/2025/12/Sr.-MichaelaHaas-950x1024.jpg 950w, https://brueckenbauer.kulturundwir.de/wp-content/uploads/2025/12/Sr.-MichaelaHaas-1425x1536.jpg 1425w, https://brueckenbauer.kulturundwir.de/wp-content/uploads/2025/12/Sr.-MichaelaHaas-1900x2048.jpg 1900w" sizes="(max-width: 768px) 100vw, 768px" title="Sr. MichaelaHaas" alt="" 		class="so-widget-image"/>
	</div>

</div></div></div><div id="pgc-225-2-1"  class="panel-grid-cell" ><div id="panel-225-2-1-0" class="so-panel widget widget_sow-image panel-first-child" data-index="2" ><div
			
			class="so-widget-sow-image so-widget-sow-image-default-8b5b6f678277-225"
			
		>
<div class="sow-image-container">
		<img 
	src="https://brueckenbauer.kulturundwir.de/wp-content/uploads/2025/12/DSCF5099-001.jpg" width="602" height="402" srcset="https://brueckenbauer.kulturundwir.de/wp-content/uploads/2025/12/DSCF5099-001.jpg 602w, https://brueckenbauer.kulturundwir.de/wp-content/uploads/2025/12/DSCF5099-001-300x200.jpg 300w, https://brueckenbauer.kulturundwir.de/wp-content/uploads/2025/12/DSCF5099-001-272x182.jpg 272w" sizes="(max-width: 602px) 100vw, 602px" title="BonaReal Haas" alt="" 		class="so-widget-image"/>
	</div>

</div></div><div id="panel-225-2-1-1" class="so-panel widget widget_sow-editor panel-last-child" data-index="3" ><div
			
			class="so-widget-sow-editor so-widget-sow-editor-base"
			
		>
<div class="siteorigin-widget-tinymce textwidget">
	<p>Dieses Streetart-Werk wurden von Schülerinnen und Schülern der <strong>St. Bonaventura Realschule Dillingen</strong> gestaltet.</p>
<p>Mehr zur Schule und den Standorten <a href="https://brueckenbauer.kulturundwir.de/index.php/st-bonaventura-realschule-dillingen/">hier...</a></p>
</div>
</div></div></div></div><div id="pg-225-3"  class="panel-grid panel-has-style" ><div class="panel-row-style panel-row-style-for-225-3" ><div id="pgc-225-3-0"  class="panel-grid-cell panel-grid-cell-empty" ></div></div></div><div id="pg-225-4"  class="panel-grid panel-no-style" ><div id="pgc-225-4-0"  class="panel-grid-cell" ><div id="panel-225-4-0-0" class="so-panel widget widget_sow-editor panel-first-child panel-last-child" data-index="4" ><div
			
			class="so-widget-sow-editor so-widget-sow-editor-base"
			
		><h3 class="widget-title">MICHAELA HAAS</h3>
<div class="siteorigin-widget-tinymce textwidget">
	<p><span class="fontstyle0">*1926 †2003</span></p>
<p>In Dillingen geboren, zog sie 1952 nach Brasilien, wo sie als Lehrerin und später Professorin wirkte. Nach über 30 Jahren im Bildungswesen widmete sie sich verstärkt der Armenpastoral und unterstützte vor allem Straßenkinder. Trotz ihrer langjährigen Tätigkeit in Brasilien behielt sie enge Verbindungen zu Dillingen bei. Auf Bitten ihrer brasilianischen Mitschwestern verfasste sie die Chronik der Dillinger Franziskanerinnen, wobei sie besonderen Wert auf den kulturellen und historischen Kontext der Ordensgründung legte.</p>
<p><em>Quelle: Dr. Söhner Stadtarchiv Dillingen</em></p>
</div>
</div></div></div></div><div id="pg-225-5"  class="panel-grid panel-has-style" ><div class="panel-row-style panel-row-style-for-225-5" ><div id="pgc-225-5-0"  class="panel-grid-cell panel-grid-cell-empty" ></div></div></div></div>

<p>*23. Juni 1926 †31.12.2003 (in Duque de Caxias, Brasilien) In Dillingen geboren, zog sie nach Brasilien, wo sie als Lehrerin und später Professorin wirkte. &nbsp;</p>
