{"id":301,"date":"2025-08-13T10:44:35","date_gmt":"2025-08-13T10:44:35","guid":{"rendered":"https:\/\/brueckenbauer.kulturundwir.de\/?page_id=301"},"modified":"2025-12-30T09:50:51","modified_gmt":"2025-12-30T09:50:51","slug":"joseph-mindler","status":"publish","type":"page","link":"https:\/\/brueckenbauer.kulturundwir.de\/index.php\/joseph-mindler\/","title":{"rendered":"JOSEPH M. MINDLER"},"content":{"rendered":"<div id=\"pl-301\"  class=\"panel-layout\" ><div id=\"pg-301-0\"  class=\"panel-grid panel-no-style\" ><div id=\"pgc-301-0-0\"  class=\"panel-grid-cell\" ><div id=\"panel-301-0-0-0\" class=\"so-panel widget widget_sow-editor panel-first-child panel-last-child\" data-index=\"0\" ><div\n\t\t\t\n\t\t\tclass=\"so-widget-sow-editor so-widget-sow-editor-base\"\n\t\t\t\n\t\t><h3 class=\"widget-title\">JOSEPH M. MINDLER<\/h3>\n<div class=\"siteorigin-widget-tinymce textwidget\">\n\t<p><strong>*1792 \u20201860<\/strong><\/p>\n<p>Philhellene aus <strong>Wertingen<\/strong>, der ab 1832 in Griechenland am institutionellen Staatsaufbau mitwirkte.<\/p>\n<\/div>\n<\/div><\/div><\/div><\/div><div id=\"pg-301-1\"  class=\"panel-grid panel-has-style\" ><div class=\"panel-row-style panel-row-style-for-301-1\" ><div id=\"pgc-301-1-0\"  class=\"panel-grid-cell panel-grid-cell-empty\" ><\/div><\/div><\/div><div id=\"pg-301-2\"  class=\"panel-grid panel-no-style\" ><div id=\"pgc-301-2-0\"  class=\"panel-grid-cell\" ><div id=\"panel-301-2-0-0\" class=\"so-panel widget widget_sow-image panel-first-child panel-last-child\" data-index=\"1\" ><div\n\t\t\t\n\t\t\tclass=\"so-widget-sow-image so-widget-sow-image-default-8b5b6f678277-301\"\n\t\t\t\n\t\t>\n<div class=\"sow-image-container\">\n\t\t<img \n\tsrc=\"https:\/\/brueckenbauer.kulturundwir.de\/wp-content\/uploads\/2025\/08\/Joseph-Mindler.jpg\" width=\"600\" height=\"800\" srcset=\"https:\/\/brueckenbauer.kulturundwir.de\/wp-content\/uploads\/2025\/08\/Joseph-Mindler.jpg 600w, https:\/\/brueckenbauer.kulturundwir.de\/wp-content\/uploads\/2025\/08\/Joseph-Mindler-225x300.jpg 225w\" sizes=\"(max-width: 600px) 100vw, 600px\" title=\"Joseph M. Mindler\" alt=\"\" \t\tclass=\"so-widget-image\"\/>\n\t<\/div>\n\n<\/div><\/div><\/div><div id=\"pgc-301-2-1\"  class=\"panel-grid-cell\" ><div id=\"panel-301-2-1-0\" class=\"so-panel widget widget_sow-image panel-first-child\" data-index=\"2\" ><div\n\t\t\t\n\t\t\tclass=\"so-widget-sow-image so-widget-sow-image-default-8b5b6f678277-301\"\n\t\t\t\n\t\t>\n<div class=\"sow-image-container\">\n\t\t<img \n\tsrc=\"https:\/\/brueckenbauer.kulturundwir.de\/wp-content\/uploads\/2025\/12\/DSCF5049-001.jpg\" width=\"602\" height=\"402\" srcset=\"https:\/\/brueckenbauer.kulturundwir.de\/wp-content\/uploads\/2025\/12\/DSCF5049-001.jpg 602w, https:\/\/brueckenbauer.kulturundwir.de\/wp-content\/uploads\/2025\/12\/DSCF5049-001-300x200.jpg 300w, https:\/\/brueckenbauer.kulturundwir.de\/wp-content\/uploads\/2025\/12\/DSCF5049-001-272x182.jpg 272w\" sizes=\"(max-width: 602px) 100vw, 602px\" alt=\"\" \t\tclass=\"so-widget-image\"\/>\n\t<\/div>\n\n<\/div><\/div><div id=\"panel-301-2-1-1\" class=\"so-panel widget widget_sow-image\" data-index=\"3\" ><div\n\t\t\t\n\t\t\tclass=\"so-widget-sow-image so-widget-sow-image-default-8b5b6f678277-301\"\n\t\t\t\n\t\t>\n<div class=\"sow-image-container\">\n\t\t<img \n\tsrc=\"https:\/\/brueckenbauer.kulturundwir.de\/wp-content\/uploads\/2025\/12\/DSCF5017-001.jpg\" width=\"402\" height=\"602\" srcset=\"https:\/\/brueckenbauer.kulturundwir.de\/wp-content\/uploads\/2025\/12\/DSCF5017-001.jpg 402w, https:\/\/brueckenbauer.kulturundwir.de\/wp-content\/uploads\/2025\/12\/DSCF5017-001-200x300.jpg 200w\" sizes=\"(max-width: 402px) 100vw, 402px\" title=\"M-FOS W Mindler\" alt=\"\" \t\tclass=\"so-widget-image\"\/>\n\t<\/div>\n\n<\/div><\/div><div id=\"panel-301-2-1-2\" class=\"so-panel widget widget_sow-editor panel-last-child\" data-index=\"4\" ><div\n\t\t\t\n\t\t\tclass=\"so-widget-sow-editor so-widget-sow-editor-base\"\n\t\t\t\n\t\t>\n<div class=\"siteorigin-widget-tinymce textwidget\">\n\t<p>Diese Streetart-Werke wurden von Sch\u00fclerinnen und Sch\u00fclern der <strong>Montessori Fachoberschule Wertingen<\/strong> gestaltet.<\/p>\n<p>Mehr zur Schule und den Standorten\u00a0<a href=\"https:\/\/brueckenbauer.kulturundwir.de\/index.php\/montessori-fos-wertingen\/\">hier...<\/a><\/p>\n<\/div>\n<\/div><\/div><\/div><\/div><div id=\"pg-301-3\"  class=\"panel-grid panel-has-style\" ><div class=\"panel-row-style panel-row-style-for-301-3\" ><div id=\"pgc-301-3-0\"  class=\"panel-grid-cell panel-grid-cell-empty\" ><\/div><\/div><\/div><div id=\"pg-301-4\"  class=\"panel-grid panel-no-style\" ><div id=\"pgc-301-4-0\"  class=\"panel-grid-cell\" ><div id=\"panel-301-4-0-0\" class=\"so-panel widget widget_sow-editor panel-first-child panel-last-child\" data-index=\"5\" ><div\n\t\t\t\n\t\t\tclass=\"so-widget-sow-editor so-widget-sow-editor-base\"\n\t\t\t\n\t\t><h3 class=\"widget-title\">JOSEPH MAXIMILIAN MINDLER<\/h3>\n<div class=\"siteorigin-widget-tinymce textwidget\">\n\t<p><strong>JOSEPH MAXIMILIAN MINDLER<\/strong><\/p>\n<p>Joseph Maximilian Mindler wurde am 7. Februar 1808 als Sohn Aktuars des Landgerichts in Wertingen geboren. Er studierte Rechtskunde und Philologie in M\u00fcnchen und Erlangen.<\/p>\n<p>Mit der Einsetzung von Prinz Otto von Bayern als K\u00f6nig von Griechenland im Jahr 1832 reiste Mindler im Gefolge nach Griechenland. Dort \u00fcbernahm er bald zentrale Aufgaben im Staatsaufbau. Ab 1833 war er in leitender Funktion im Finanzministerium t\u00e4tig und wurde sp\u00e4ter Generaldirektor der Steuerverwaltung (\u0393\u03b5\u03bd\u03b9\u03ba\u03cc\u03c2 \u0394\u03b9\u03b5\u03c5\u03b8\u03c5\u03bd\u03c4\u03ae\u03c2 \u03c4\u03c9\u03bd \u03a6\u03cc\u03c1\u03c9\u03bd). In dieser Rolle war er ma\u00dfgeblich an der Schaffung eines modernen, zentralisierten Steuer- und Abgabensystems beteiligt. Dabei versuchte er, Elemente \u00f6sterreichischer und bayerischer Verwaltungstradition in den griechischen Kontext zu \u00fcbertragen \u2013 ein Unterfangen, das nicht ohne Spannungen mit griechischen Akteuren blieb.<\/p>\n<p>Neben seiner administrativen T\u00e4tigkeit widmete sich Mindler intensiv der Stenographie. Aufbauend auf dem System Franz Xaver Gabelsbergers entwickelte er eine an die neugriechische Sprache angepasste Form der Kurzschrift. Damit legte er den Grundstein f\u00fcr die Einf\u00fchrung der Stenographie als fester Bestandteil des parlamentarischen und beh\u00f6rdlichen Schriftverkehrs in Griechenland. In diesem Zusammenhang gilt Mindler als Begr\u00fcnder der neugriechischen Stenografie und als erster Lehrer dieser Disziplin im Land.<\/p>\n<p>Ein weiterer kulturhistorisch bedeutender Beitrag war seine erste vollst\u00e4ndige deutsche \u00dcbersetzung der griechischen Nationalhymne, Dionysios Solomos\u2019 \u201eHymne an die Freiheit\u201c. Sie wurde im Auftrag des Hofes angefertigt und diente unter anderem der musikalischen Adaption durch Nikolaos Mantzaros. Auch wenn sie nicht ver\u00f6ffentlicht wurde, war sie ein wichtiges Bindeglied zwischen griechischer Unabh\u00e4ngigkeitskultur und dem europ\u00e4ischen Philhellenismus.<\/p>\n<p>Joseph Maximilian Mindler blieb bis zu seinem Tod 1860 in Athen im griechischen Staatsdienst. Er wird als einer jener west- und mitteleurop\u00e4ischen Fachleute erinnert, die im 19. Jahrhundert wesentliche Beitr\u00e4ge zur Institutionalisierung des modernen griechischen Staates leisteten \u2013 sowohl im praktischen Verwaltungsaufbau als auch im kulturellen Austausch.<\/p>\n<p>Mehr zu Joseph M. Mindler bei Wikipedia <a href=\"https:\/\/de.wikipedia.org\/wiki\/Joseph_Mindler\" target=\"_blank\" rel=\"noopener\">hier...<\/a><\/p>\n<\/div>\n<\/div><\/div><\/div><\/div><div id=\"pg-301-5\"  class=\"panel-grid panel-has-style\" ><div class=\"panel-row-style panel-row-style-for-301-5\" ><div id=\"pgc-301-5-0\"  class=\"panel-grid-cell panel-grid-cell-empty\" ><\/div><\/div><\/div><\/div>","protected":false},"excerpt":{"rendered":"<p>*1792 \u20201860 Philhellene aus Wertingen, der ab 1832 in Griechenland am institutionellen Staatsaufbau mitwirkte.<\/p>\n","protected":false},"author":1,"featured_media":0,"parent":0,"menu_order":0,"comment_status":"closed","ping_status":"closed","template":"","meta":{"footnotes":""},"class_list":["post-301","page","type-page","status-publish","hentry","post"],"_links":{"self":[{"href":"https:\/\/brueckenbauer.kulturundwir.de\/index.php\/wp-json\/wp\/v2\/pages\/301","targetHints":{"allow":["GET"]}}],"collection":[{"href":"https:\/\/brueckenbauer.kulturundwir.de\/index.php\/wp-json\/wp\/v2\/pages"}],"about":[{"href":"https:\/\/brueckenbauer.kulturundwir.de\/index.php\/wp-json\/wp\/v2\/types\/page"}],"author":[{"embeddable":true,"href":"https:\/\/brueckenbauer.kulturundwir.de\/index.php\/wp-json\/wp\/v2\/users\/1"}],"replies":[{"embeddable":true,"href":"https:\/\/brueckenbauer.kulturundwir.de\/index.php\/wp-json\/wp\/v2\/comments?post=301"}],"version-history":[{"count":11,"href":"https:\/\/brueckenbauer.kulturundwir.de\/index.php\/wp-json\/wp\/v2\/pages\/301\/revisions"}],"predecessor-version":[{"id":773,"href":"https:\/\/brueckenbauer.kulturundwir.de\/index.php\/wp-json\/wp\/v2\/pages\/301\/revisions\/773"}],"wp:attachment":[{"href":"https:\/\/brueckenbauer.kulturundwir.de\/index.php\/wp-json\/wp\/v2\/media?parent=301"}],"curies":[{"name":"wp","href":"https:\/\/api.w.org\/{rel}","templated":true}]}}

<div id="pl-301"  class="panel-layout" ><div id="pg-301-0"  class="panel-grid panel-no-style" ><div id="pgc-301-0-0"  class="panel-grid-cell" ><div id="panel-301-0-0-0" class="so-panel widget widget_sow-editor panel-first-child panel-last-child" data-index="0" ><div
			
			class="so-widget-sow-editor so-widget-sow-editor-base"
			
		><h3 class="widget-title">JOSEPH M. MINDLER</h3>
<div class="siteorigin-widget-tinymce textwidget">
	<p><strong>*1792 †1860</strong></p>
<p>Philhellene aus <strong>Wertingen</strong>, der ab 1832 in Griechenland am institutionellen Staatsaufbau mitwirkte.</p>
</div>
</div></div></div></div><div id="pg-301-1"  class="panel-grid panel-has-style" ><div class="panel-row-style panel-row-style-for-301-1" ><div id="pgc-301-1-0"  class="panel-grid-cell panel-grid-cell-empty" ></div></div></div><div id="pg-301-2"  class="panel-grid panel-no-style" ><div id="pgc-301-2-0"  class="panel-grid-cell" ><div id="panel-301-2-0-0" class="so-panel widget widget_sow-image panel-first-child panel-last-child" data-index="1" ><div
			
			class="so-widget-sow-image so-widget-sow-image-default-8b5b6f678277-301"
			
		>
<div class="sow-image-container">
		<img 
	src="https://brueckenbauer.kulturundwir.de/wp-content/uploads/2025/08/Joseph-Mindler.jpg" width="600" height="800" srcset="https://brueckenbauer.kulturundwir.de/wp-content/uploads/2025/08/Joseph-Mindler.jpg 600w, https://brueckenbauer.kulturundwir.de/wp-content/uploads/2025/08/Joseph-Mindler-225x300.jpg 225w" sizes="(max-width: 600px) 100vw, 600px" title="Joseph M. Mindler" alt="" 		class="so-widget-image"/>
	</div>

</div></div></div><div id="pgc-301-2-1"  class="panel-grid-cell" ><div id="panel-301-2-1-0" class="so-panel widget widget_sow-image panel-first-child" data-index="2" ><div
			
			class="so-widget-sow-image so-widget-sow-image-default-8b5b6f678277-301"
			
		>
<div class="sow-image-container">
		<img 
	src="https://brueckenbauer.kulturundwir.de/wp-content/uploads/2025/12/DSCF5049-001.jpg" width="602" height="402" srcset="https://brueckenbauer.kulturundwir.de/wp-content/uploads/2025/12/DSCF5049-001.jpg 602w, https://brueckenbauer.kulturundwir.de/wp-content/uploads/2025/12/DSCF5049-001-300x200.jpg 300w, https://brueckenbauer.kulturundwir.de/wp-content/uploads/2025/12/DSCF5049-001-272x182.jpg 272w" sizes="(max-width: 602px) 100vw, 602px" alt="" 		class="so-widget-image"/>
	</div>

</div></div><div id="panel-301-2-1-1" class="so-panel widget widget_sow-image" data-index="3" ><div
			
			class="so-widget-sow-image so-widget-sow-image-default-8b5b6f678277-301"
			
		>
<div class="sow-image-container">
		<img 
	src="https://brueckenbauer.kulturundwir.de/wp-content/uploads/2025/12/DSCF5017-001.jpg" width="402" height="602" srcset="https://brueckenbauer.kulturundwir.de/wp-content/uploads/2025/12/DSCF5017-001.jpg 402w, https://brueckenbauer.kulturundwir.de/wp-content/uploads/2025/12/DSCF5017-001-200x300.jpg 200w" sizes="(max-width: 402px) 100vw, 402px" title="M-FOS W Mindler" alt="" 		class="so-widget-image"/>
	</div>

</div></div><div id="panel-301-2-1-2" class="so-panel widget widget_sow-editor panel-last-child" data-index="4" ><div
			
			class="so-widget-sow-editor so-widget-sow-editor-base"
			
		>
<div class="siteorigin-widget-tinymce textwidget">
	<p>Diese Streetart-Werke wurden von Schülerinnen und Schülern der <strong>Montessori Fachoberschule Wertingen</strong> gestaltet.</p>
<p>Mehr zur Schule und den Standorten <a href="https://brueckenbauer.kulturundwir.de/index.php/montessori-fos-wertingen/">hier...</a></p>
</div>
</div></div></div></div><div id="pg-301-3"  class="panel-grid panel-has-style" ><div class="panel-row-style panel-row-style-for-301-3" ><div id="pgc-301-3-0"  class="panel-grid-cell panel-grid-cell-empty" ></div></div></div><div id="pg-301-4"  class="panel-grid panel-no-style" ><div id="pgc-301-4-0"  class="panel-grid-cell" ><div id="panel-301-4-0-0" class="so-panel widget widget_sow-editor panel-first-child panel-last-child" data-index="5" ><div
			
			class="so-widget-sow-editor so-widget-sow-editor-base"
			
		><h3 class="widget-title">JOSEPH MAXIMILIAN MINDLER</h3>
<div class="siteorigin-widget-tinymce textwidget">
	<p><strong>JOSEPH MAXIMILIAN MINDLER</strong></p>
<p>Joseph Maximilian Mindler wurde am 7. Februar 1808 als Sohn Aktuars des Landgerichts in Wertingen geboren. Er studierte Rechtskunde und Philologie in München und Erlangen.</p>
<p>Mit der Einsetzung von Prinz Otto von Bayern als König von Griechenland im Jahr 1832 reiste Mindler im Gefolge nach Griechenland. Dort übernahm er bald zentrale Aufgaben im Staatsaufbau. Ab 1833 war er in leitender Funktion im Finanzministerium tätig und wurde später Generaldirektor der Steuerverwaltung (Γενικός Διευθυντής των Φόρων). In dieser Rolle war er maßgeblich an der Schaffung eines modernen, zentralisierten Steuer- und Abgabensystems beteiligt. Dabei versuchte er, Elemente österreichischer und bayerischer Verwaltungstradition in den griechischen Kontext zu übertragen – ein Unterfangen, das nicht ohne Spannungen mit griechischen Akteuren blieb.</p>
<p>Neben seiner administrativen Tätigkeit widmete sich Mindler intensiv der Stenographie. Aufbauend auf dem System Franz Xaver Gabelsbergers entwickelte er eine an die neugriechische Sprache angepasste Form der Kurzschrift. Damit legte er den Grundstein für die Einführung der Stenographie als fester Bestandteil des parlamentarischen und behördlichen Schriftverkehrs in Griechenland. In diesem Zusammenhang gilt Mindler als Begründer der neugriechischen Stenografie und als erster Lehrer dieser Disziplin im Land.</p>
<p>Ein weiterer kulturhistorisch bedeutender Beitrag war seine erste vollständige deutsche Übersetzung der griechischen Nationalhymne, Dionysios Solomos’ „Hymne an die Freiheit“. Sie wurde im Auftrag des Hofes angefertigt und diente unter anderem der musikalischen Adaption durch Nikolaos Mantzaros. Auch wenn sie nicht veröffentlicht wurde, war sie ein wichtiges Bindeglied zwischen griechischer Unabhängigkeitskultur und dem europäischen Philhellenismus.</p>
<p>Joseph Maximilian Mindler blieb bis zu seinem Tod 1860 in Athen im griechischen Staatsdienst. Er wird als einer jener west- und mitteleuropäischen Fachleute erinnert, die im 19. Jahrhundert wesentliche Beiträge zur Institutionalisierung des modernen griechischen Staates leisteten – sowohl im praktischen Verwaltungsaufbau als auch im kulturellen Austausch.</p>
<p>Mehr zu Joseph M. Mindler bei Wikipedia <a href="https://de.wikipedia.org/wiki/Joseph_Mindler" target="_blank" rel="noopener">hier...</a></p>
</div>
</div></div></div></div><div id="pg-301-5"  class="panel-grid panel-has-style" ><div class="panel-row-style panel-row-style-for-301-5" ><div id="pgc-301-5-0"  class="panel-grid-cell panel-grid-cell-empty" ></div></div></div></div>
