{"id":38,"date":"2025-07-11T15:50:29","date_gmt":"2025-07-11T15:50:29","guid":{"rendered":"https:\/\/brueckenbauer.kulturundwir.de\/?page_id=38"},"modified":"2025-11-15T12:17:07","modified_gmt":"2025-11-15T12:17:07","slug":"schulen","status":"publish","type":"page","link":"https:\/\/brueckenbauer.kulturundwir.de\/index.php\/schulen\/","title":{"rendered":"SCHULEN"},"content":{"rendered":"<div id=\"pl-38\"  class=\"panel-layout\" ><div id=\"pg-38-0\"  class=\"panel-grid panel-no-style\" ><div id=\"pgc-38-0-0\"  class=\"panel-grid-cell\" ><div id=\"panel-38-0-0-0\" class=\"so-panel widget widget_sow-editor panel-first-child panel-last-child\" data-index=\"0\" ><div\n\t\t\t\n\t\t\tclass=\"so-widget-sow-editor so-widget-sow-editor-base\"\n\t\t\t\n\t\t><h3 class=\"widget-title\">Streetart Schulprojekte<\/h3>\n<div class=\"siteorigin-widget-tinymce textwidget\">\n\t<p>Die beteiligten Schulen besch\u00e4ftigen sich im Kunstunterricht zu der Kunstform Streetart sowie den ausgew\u00e4hlten historischen Pers\u00f6nlichkeiten als Grundlage f\u00fcr ein eigenes Werk, welches ebenfalls auf einer \u00f6ffentlich bereitgestellten Fl\u00e4che erstellt wird. Dadurch besch\u00e4ftigen sich die Jugendlichen aktiv mit der Kunstform sowie der Gestaltung und Realisierung eines Werkes im \u00f6ffentlichen Raum. Daneben erfolgt durch die k\u00fcnstlerische Umsetzung auch eine intensive Auseinandersetzung mit den Leistungen und Lebensgeschichten der historischen Personen als Br\u00fcckenbauer ihrer Zeit.<\/p>\n<p>Die Besch\u00e4ftigung mit herausragenden historischen Pers\u00f6nlichkeiten schafft eine Verbindung der neu geschaffenen und dauerhaft sichtbaren \u00f6ffentlichen Kunstwerke mit der Heimatgeschichte und st\u00e4rkt so die Verbundenheit der Jugendlichen mit der Region.<\/p>\n<\/div>\n<\/div><\/div><\/div><\/div><div id=\"pg-38-1\"  class=\"panel-grid panel-has-style\" ><div class=\"panel-row-style panel-row-style-for-38-1\" ><div id=\"pgc-38-1-0\"  class=\"panel-grid-cell panel-grid-cell-empty\" ><\/div><\/div><\/div><div id=\"pg-38-2\"  class=\"panel-grid panel-no-style\" ><div id=\"pgc-38-2-0\"  class=\"panel-grid-cell\" ><div id=\"panel-38-2-0-0\" class=\"so-panel widget widget_sow-editor panel-first-child panel-last-child\" data-index=\"1\" ><div\n\t\t\t\n\t\t\tclass=\"so-widget-sow-editor so-widget-sow-editor-base\"\n\t\t\t\n\t\t><h3 class=\"widget-title\">Albertus-Gymnasium Lauingen<\/h3>\n<div class=\"siteorigin-widget-tinymce textwidget\">\n\t<p>Projektpartner<br \/>\nWebseite: <a href=\"https:\/\/albertus-gymnasium.de\" target=\"_blank\" rel=\"noopener\">https:\/\/albertus-gymnasium.de<\/a><\/p>\n<\/div>\n<\/div><\/div><\/div><div id=\"pgc-38-2-1\"  class=\"panel-grid-cell\" ><div id=\"panel-38-2-1-0\" class=\"so-panel widget widget_sow-editor panel-first-child\" data-index=\"2\" ><div\n\t\t\t\n\t\t\tclass=\"so-widget-sow-editor so-widget-sow-editor-base\"\n\t\t\t\n\t\t><h3 class=\"widget-title\">Streetart<\/h3>\n<div class=\"siteorigin-widget-tinymce textwidget\">\n\t<p>Die Streetart-Werke der Sch\u00fclerinnen und Sch\u00fclern des Albertus-Gymnasiums zu den historischen Pers\u00f6nlichkeiten finden Sie <a href=\"https:\/\/brueckenbauer.kulturundwir.de\/index.php\/albertus-gymnasium-lauingen\/\">hier...<\/a><\/p>\n<\/div>\n<\/div><\/div><div id=\"panel-38-2-1-1\" class=\"so-panel widget widget_sow-image panel-last-child\" data-index=\"3\" ><div\n\t\t\t\n\t\t\tclass=\"so-widget-sow-image so-widget-sow-image-default-8b5b6f678277-38\"\n\t\t\t\n\t\t><\/div><\/div><\/div><\/div><div id=\"pg-38-3\"  class=\"panel-grid panel-has-style\" ><div class=\"panel-row-style panel-row-style-for-38-3\" ><div id=\"pgc-38-3-0\"  class=\"panel-grid-cell panel-grid-cell-empty\" ><\/div><\/div><\/div><div id=\"pg-38-4\"  class=\"panel-grid panel-no-style\" ><div id=\"pgc-38-4-0\"  class=\"panel-grid-cell\" ><div id=\"panel-38-4-0-0\" class=\"so-panel widget widget_sow-editor panel-first-child panel-last-child\" data-index=\"4\" ><div\n\t\t\t\n\t\t\tclass=\"so-widget-sow-editor so-widget-sow-editor-base\"\n\t\t\t\n\t\t><h3 class=\"widget-title\">Bonaventura-Gymnasium Dillingen<\/h3>\n<div class=\"siteorigin-widget-tinymce textwidget\">\n\t<p>Projektpartner<br \/>\nWebseite: <a href=\"https:\/\/www.bonaventura-gymnasium.de\" target=\"_blank\" rel=\"noopener\">https:\/\/www.bonaventura-gymnasium.de<\/a><\/p>\n<\/div>\n<\/div><\/div><\/div><div id=\"pgc-38-4-1\"  class=\"panel-grid-cell\" ><div id=\"panel-38-4-1-0\" class=\"so-panel widget widget_sow-editor panel-first-child\" data-index=\"5\" ><div\n\t\t\t\n\t\t\tclass=\"so-widget-sow-editor so-widget-sow-editor-base\"\n\t\t\t\n\t\t><h3 class=\"widget-title\">Streetart<\/h3>\n<div class=\"siteorigin-widget-tinymce textwidget\">\n\t<p>Die Streetart-Werke der Sch\u00fclerinnen und Sch\u00fclern des Bonaventura-Gymnasiums zu den historischen Pers\u00f6nlichkeiten finden Sie <a href=\"https:\/\/brueckenbauer.kulturundwir.de\/index.php\/st-bonaventura-gymnasium-dillingen\/\">hier...<\/a><\/p>\n<\/div>\n<\/div><\/div><div id=\"panel-38-4-1-1\" class=\"so-panel widget widget_sow-image panel-last-child\" data-index=\"6\" ><div\n\t\t\t\n\t\t\tclass=\"so-widget-sow-image so-widget-sow-image-default-8b5b6f678277-38\"\n\t\t\t\n\t\t><\/div><\/div><\/div><\/div><div id=\"pg-38-5\"  class=\"panel-grid panel-has-style\" ><div class=\"panel-row-style panel-row-style-for-38-5\" ><div id=\"pgc-38-5-0\"  class=\"panel-grid-cell panel-grid-cell-empty\" ><\/div><\/div><\/div><div id=\"pg-38-6\"  class=\"panel-grid panel-no-style\" ><div id=\"pgc-38-6-0\"  class=\"panel-grid-cell\" ><div id=\"panel-38-6-0-0\" class=\"so-panel widget widget_sow-editor panel-first-child panel-last-child\" data-index=\"7\" ><div\n\t\t\t\n\t\t\tclass=\"so-widget-sow-editor so-widget-sow-editor-base\"\n\t\t\t\n\t\t><h3 class=\"widget-title\">Bonaventura Realschule Dillingen<\/h3>\n<div class=\"siteorigin-widget-tinymce textwidget\">\n\t<p>Projektpartner<br \/>\nWebseite: <a href=\"https:\/\/www.bonareal.de\" target=\"_blank\" rel=\"noopener\">https:\/\/www.bonareal.de<\/a><\/p>\n<\/div>\n<\/div><\/div><\/div><div id=\"pgc-38-6-1\"  class=\"panel-grid-cell\" ><div id=\"panel-38-6-1-0\" class=\"so-panel widget widget_sow-editor panel-first-child\" data-index=\"8\" ><div\n\t\t\t\n\t\t\tclass=\"so-widget-sow-editor so-widget-sow-editor-base\"\n\t\t\t\n\t\t><h3 class=\"widget-title\">Streetart<\/h3>\n<div class=\"siteorigin-widget-tinymce textwidget\">\n\t<p>Die Streetart-Werke der Sch\u00fclerinnen und Sch\u00fclern der Bonaventura-Realschule zu den historischen Pers\u00f6nlichkeiten finden Sie <a href=\"https:\/\/brueckenbauer.kulturundwir.de\/index.php\/st-bonaventura-realschule-dillingen\/\">hier...<\/a><\/p>\n<\/div>\n<\/div><\/div><div id=\"panel-38-6-1-1\" class=\"so-panel widget widget_sow-image panel-last-child\" data-index=\"9\" ><div\n\t\t\t\n\t\t\tclass=\"so-widget-sow-image so-widget-sow-image-default-8b5b6f678277-38\"\n\t\t\t\n\t\t><\/div><\/div><\/div><\/div><div id=\"pg-38-7\"  class=\"panel-grid panel-has-style\" ><div class=\"panel-row-style panel-row-style-for-38-7\" ><div id=\"pgc-38-7-0\"  class=\"panel-grid-cell panel-grid-cell-empty\" ><\/div><\/div><\/div><div id=\"pg-38-8\"  class=\"panel-grid panel-no-style\" ><div id=\"pgc-38-8-0\"  class=\"panel-grid-cell\" ><div id=\"panel-38-8-0-0\" class=\"so-panel widget widget_sow-editor panel-first-child panel-last-child\" data-index=\"10\" ><div\n\t\t\t\n\t\t\tclass=\"so-widget-sow-editor so-widget-sow-editor-base\"\n\t\t\t\n\t\t><h3 class=\"widget-title\">Dr.-Max-Josef-Metzger-Schule Realschule Meitingen<\/h3>\n<div class=\"siteorigin-widget-tinymce textwidget\">\n\t<p>Projektpartner<\/p>\n<p>Webseite: <a href=\"https:\/\/www.rsmeitingen.org\" target=\"_blank\" rel=\"noopener\">https:\/\/www.rsmeitingen.org<\/a><\/p>\n<\/div>\n<\/div><\/div><\/div><div id=\"pgc-38-8-1\"  class=\"panel-grid-cell\" ><div id=\"panel-38-8-1-0\" class=\"so-panel widget widget_sow-editor panel-first-child\" data-index=\"11\" ><div\n\t\t\t\n\t\t\tclass=\"so-widget-sow-editor so-widget-sow-editor-base\"\n\t\t\t\n\t\t><h3 class=\"widget-title\">Streetart<\/h3>\n<div class=\"siteorigin-widget-tinymce textwidget\">\n\t<p>Die Streetart-Werke der Sch\u00fclerinnen und Sch\u00fclern der Dr.-Max-Josef-Metzger-Schule Realschule zu den historischen Pers\u00f6nlichkeiten finden Sie <a href=\"https:\/\/brueckenbauer.kulturundwir.de\/index.php\/dr-max-josef-metzger-realschule-meitingen\/\">hier...<\/a><\/p>\n<\/div>\n<\/div><\/div><div id=\"panel-38-8-1-1\" class=\"so-panel widget widget_sow-image panel-last-child\" data-index=\"12\" ><div\n\t\t\t\n\t\t\tclass=\"so-widget-sow-image so-widget-sow-image-default-8b5b6f678277-38\"\n\t\t\t\n\t\t><\/div><\/div><\/div><\/div><div id=\"pg-38-9\"  class=\"panel-grid panel-has-style\" ><div class=\"panel-row-style panel-row-style-for-38-9\" ><div id=\"pgc-38-9-0\"  class=\"panel-grid-cell panel-grid-cell-empty\" ><\/div><\/div><\/div><div id=\"pg-38-10\"  class=\"panel-grid panel-no-style\" ><div id=\"pgc-38-10-0\"  class=\"panel-grid-cell\" ><div id=\"panel-38-10-0-0\" class=\"so-panel widget widget_sow-editor panel-first-child panel-last-child\" data-index=\"13\" ><div\n\t\t\t\n\t\t\tclass=\"so-widget-sow-editor so-widget-sow-editor-base\"\n\t\t\t\n\t\t><h3 class=\"widget-title\">Montessori FOS Wertingen<\/h3>\n<div class=\"siteorigin-widget-tinymce textwidget\">\n\t<p>Projektpartner<\/p>\n<p>Webseite: <a href=\"https:\/\/montessori-fos.de\" target=\"_blank\" rel=\"noopener\">https:\/\/montessori-fos.de<\/a><\/p>\n<\/div>\n<\/div><\/div><\/div><div id=\"pgc-38-10-1\"  class=\"panel-grid-cell\" ><div id=\"panel-38-10-1-0\" class=\"so-panel widget widget_sow-editor panel-first-child\" data-index=\"14\" ><div\n\t\t\t\n\t\t\tclass=\"so-widget-sow-editor so-widget-sow-editor-base\"\n\t\t\t\n\t\t><h3 class=\"widget-title\">Streetart<\/h3>\n<div class=\"siteorigin-widget-tinymce textwidget\">\n\t<p>Die Streetart-Werke der Sch\u00fclerinnen und Sch\u00fclern der Montessori FOS zu den historischen Pers\u00f6nlichkeiten finden Sie <a href=\"https:\/\/brueckenbauer.kulturundwir.de\/index.php\/montessori-fos-wertingen\/\">hier...<\/a><\/p>\n<\/div>\n<\/div><\/div><div id=\"panel-38-10-1-1\" class=\"so-panel widget widget_sow-image panel-last-child\" data-index=\"15\" ><div\n\t\t\t\n\t\t\tclass=\"so-widget-sow-image so-widget-sow-image-default-8b5b6f678277-38\"\n\t\t\t\n\t\t><\/div><\/div><\/div><\/div><div id=\"pg-38-11\"  class=\"panel-grid panel-has-style\" ><div class=\"panel-row-style panel-row-style-for-38-11\" ><div id=\"pgc-38-11-0\"  class=\"panel-grid-cell panel-grid-cell-empty\" ><\/div><\/div><\/div><div id=\"pg-38-12\"  class=\"panel-grid panel-no-style\" ><div id=\"pgc-38-12-0\"  class=\"panel-grid-cell\" ><div id=\"panel-38-12-0-0\" class=\"so-panel widget widget_sow-editor panel-first-child panel-last-child\" data-index=\"16\" ><div\n\t\t\t\n\t\t\tclass=\"so-widget-sow-editor so-widget-sow-editor-base\"\n\t\t\t\n\t\t><h3 class=\"widget-title\">Johann-Michael-Sailer-Gymnasium Dillingen<\/h3>\n<div class=\"siteorigin-widget-tinymce textwidget\">\n\t<p>Projektpartner<\/p>\n<p>Webseite: <a href=\"https:\/\/sailer-gymnasium.de\" target=\"_blank\" rel=\"noopener\">https:\/\/sailer-gymnasium.de<\/a><\/p>\n<\/div>\n<\/div><\/div><\/div><div id=\"pgc-38-12-1\"  class=\"panel-grid-cell\" ><div id=\"panel-38-12-1-0\" class=\"so-panel widget widget_sow-editor panel-first-child\" data-index=\"17\" ><div\n\t\t\t\n\t\t\tclass=\"so-widget-sow-editor so-widget-sow-editor-base\"\n\t\t\t\n\t\t><h3 class=\"widget-title\">Streetart<\/h3>\n<div class=\"siteorigin-widget-tinymce textwidget\">\n\t<p>Die Streetart-Werke der Sch\u00fclerinnen und Sch\u00fclern des Johann-Michael-Sailer-Gymnasiums zu den historischen Pers\u00f6nlichkeiten finden Sie <a href=\"https:\/\/brueckenbauer.kulturundwir.de\/index.php\/johann-michael-sailer-gymnasium-dillingen\/\">hier...<\/a><\/p>\n<\/div>\n<\/div><\/div><div id=\"panel-38-12-1-1\" class=\"so-panel widget widget_sow-image panel-last-child\" data-index=\"18\" ><div\n\t\t\t\n\t\t\tclass=\"so-widget-sow-image so-widget-sow-image-default-8b5b6f678277-38\"\n\t\t\t\n\t\t><\/div><\/div><\/div><\/div><div id=\"pg-38-13\"  class=\"panel-grid panel-has-style\" ><div class=\"panel-row-style panel-row-style-for-38-13\" ><div id=\"pgc-38-13-0\"  class=\"panel-grid-cell panel-grid-cell-empty\" ><\/div><\/div><\/div><div id=\"pg-38-14\"  class=\"panel-grid panel-no-style\" ><div id=\"pgc-38-14-0\"  class=\"panel-grid-cell\" ><div id=\"panel-38-14-0-0\" class=\"so-panel widget widget_sow-editor panel-first-child panel-last-child\" data-index=\"19\" ><div\n\t\t\t\n\t\t\tclass=\"so-widget-sow-editor so-widget-sow-editor-base\"\n\t\t\t\n\t\t><h3 class=\"widget-title\">St. Bonaventura Fachakademie Dillingen<\/h3>\n<div class=\"siteorigin-widget-tinymce textwidget\">\n\t<p>Projektpartner<\/p>\n<p>Webseite: <a href=\"https:\/\/www.fachakademie-dillingen.de\">www.fachakademie-dillingen.de<\/a><\/p>\n<\/div>\n<\/div><\/div><\/div><div id=\"pgc-38-14-1\"  class=\"panel-grid-cell\" ><div id=\"panel-38-14-1-0\" class=\"so-panel widget widget_sow-editor panel-first-child\" data-index=\"20\" ><div\n\t\t\t\n\t\t\tclass=\"so-widget-sow-editor so-widget-sow-editor-base\"\n\t\t\t\n\t\t><h3 class=\"widget-title\">Streetart<\/h3>\n<div class=\"siteorigin-widget-tinymce textwidget\">\n\t<p>Die Streetart-Werke der Sch\u00fclerinnen und Sch\u00fclern der St. Bonaventura Fachakademie zu den historischen Pers\u00f6nlichkeiten finden Sie <a href=\"https:\/\/brueckenbauer.kulturundwir.de\/index.php\/st-bonaventura-fachakademie-dillingen\/\">hier...<\/a><\/p>\n<\/div>\n<\/div><\/div><div id=\"panel-38-14-1-1\" class=\"so-panel widget widget_sow-image panel-last-child\" data-index=\"21\" ><div\n\t\t\t\n\t\t\tclass=\"so-widget-sow-image so-widget-sow-image-default-8b5b6f678277-38\"\n\t\t\t\n\t\t><\/div><\/div><\/div><\/div><div id=\"pg-38-15\"  class=\"panel-grid panel-has-style\" ><div class=\"panel-row-style panel-row-style-for-38-15\" ><div id=\"pgc-38-15-0\"  class=\"panel-grid-cell panel-grid-cell-empty\" ><\/div><\/div><\/div><\/div>","protected":false},"excerpt":{"rendered":"<p>Die beteiligten Schulen besch\u00e4ftigen sich im Kunstunterricht zu der Kunstform Streetart sowie den ausgew\u00e4hlten historischen Pers\u00f6nlichkeiten als Grundlage f\u00fcr ein eigenes Werk, welches ebenfalls auf einer \u00f6ffentlich bereitgestellten Fl\u00e4che erstellt wird. Dadurch besch\u00e4ftigen sich die Jugendlichen aktiv mit der Kunstform sowie der Gestaltung und Realisierung eines Werkes im \u00f6ffentlichen Raum. Daneben erfolgt durch die k\u00fcnstlerische [&hellip;]<\/p>\n","protected":false},"author":1,"featured_media":0,"parent":0,"menu_order":0,"comment_status":"closed","ping_status":"closed","template":"","meta":{"footnotes":""},"class_list":["post-38","page","type-page","status-publish","hentry","post"],"_links":{"self":[{"href":"https:\/\/brueckenbauer.kulturundwir.de\/index.php\/wp-json\/wp\/v2\/pages\/38","targetHints":{"allow":["GET"]}}],"collection":[{"href":"https:\/\/brueckenbauer.kulturundwir.de\/index.php\/wp-json\/wp\/v2\/pages"}],"about":[{"href":"https:\/\/brueckenbauer.kulturundwir.de\/index.php\/wp-json\/wp\/v2\/types\/page"}],"author":[{"embeddable":true,"href":"https:\/\/brueckenbauer.kulturundwir.de\/index.php\/wp-json\/wp\/v2\/users\/1"}],"replies":[{"embeddable":true,"href":"https:\/\/brueckenbauer.kulturundwir.de\/index.php\/wp-json\/wp\/v2\/comments?post=38"}],"version-history":[{"count":18,"href":"https:\/\/brueckenbauer.kulturundwir.de\/index.php\/wp-json\/wp\/v2\/pages\/38\/revisions"}],"predecessor-version":[{"id":620,"href":"https:\/\/brueckenbauer.kulturundwir.de\/index.php\/wp-json\/wp\/v2\/pages\/38\/revisions\/620"}],"wp:attachment":[{"href":"https:\/\/brueckenbauer.kulturundwir.de\/index.php\/wp-json\/wp\/v2\/media?parent=38"}],"curies":[{"name":"wp","href":"https:\/\/api.w.org\/{rel}","templated":true}]}}