{"id":471,"date":"2025-08-30T12:53:28","date_gmt":"2025-08-30T12:53:28","guid":{"rendered":"https:\/\/brueckenbauer.kulturundwir.de\/?page_id=471"},"modified":"2025-08-30T13:40:28","modified_gmt":"2025-08-30T13:40:28","slug":"idee","status":"publish","type":"page","link":"https:\/\/brueckenbauer.kulturundwir.de\/index.php\/idee\/","title":{"rendered":"IDEE"},"content":{"rendered":"<div id=\"pl-471\"  class=\"panel-layout\" ><div id=\"pg-471-0\"  class=\"panel-grid panel-no-style\" ><div id=\"pgc-471-0-0\"  class=\"panel-grid-cell panel-grid-cell-mobile-last\" ><div id=\"panel-471-0-0-0\" class=\"so-panel widget widget_sow-editor panel-first-child panel-last-child\" data-index=\"0\" ><div\n\t\t\t\n\t\t\tclass=\"so-widget-sow-editor so-widget-sow-editor-base\"\n\t\t\t\n\t\t><h3 class=\"widget-title\">WIE ES ZUM PROJEKT KAM<\/h3>\n<div class=\"siteorigin-widget-tinymce textwidget\">\n\t<p><img loading=\"lazy\" decoding=\"async\" class=\"alignnone size-medium wp-image-486\" src=\"https:\/\/brueckenbauer.kulturundwir.de\/wp-content\/uploads\/2025\/08\/Brueckenbauer-Weiss-300x70.png\" alt=\"\" width=\"300\" height=\"70\" srcset=\"https:\/\/brueckenbauer.kulturundwir.de\/wp-content\/uploads\/2025\/08\/Brueckenbauer-Weiss-300x70.png 300w, https:\/\/brueckenbauer.kulturundwir.de\/wp-content\/uploads\/2025\/08\/Brueckenbauer-Weiss-1024x239.png 1024w, https:\/\/brueckenbauer.kulturundwir.de\/wp-content\/uploads\/2025\/08\/Brueckenbauer-Weiss-768x179.png 768w, https:\/\/brueckenbauer.kulturundwir.de\/wp-content\/uploads\/2025\/08\/Brueckenbauer-Weiss-1536x358.png 1536w, https:\/\/brueckenbauer.kulturundwir.de\/wp-content\/uploads\/2025\/08\/Brueckenbauer-Weiss-2048x477.png 2048w\" sizes=\"auto, (max-width: 300px) 100vw, 300px\" \/><\/p>\n<\/div>\n<\/div><\/div><\/div><div id=\"pgc-471-0-1\"  class=\"panel-grid-cell panel-grid-cell-empty\" ><\/div><\/div><div id=\"pg-471-1\"  class=\"panel-grid panel-has-style\" ><div class=\"panel-row-style panel-row-style-for-471-1\" ><div id=\"pgc-471-1-0\"  class=\"panel-grid-cell panel-grid-cell-empty\" ><\/div><\/div><\/div><div id=\"pg-471-2\"  class=\"panel-grid panel-no-style\" ><div id=\"pgc-471-2-0\"  class=\"panel-grid-cell\" ><div id=\"panel-471-2-0-0\" class=\"so-panel widget widget_sow-editor panel-first-child\" data-index=\"1\" ><div\n\t\t\t\n\t\t\tclass=\"so-widget-sow-editor so-widget-sow-editor-base\"\n\t\t\t\n\t\t>\n<div class=\"siteorigin-widget-tinymce textwidget\">\n\t<p>Die Idee zum Projekt \"Br\u00fcckenbauer\" entstand, als Landtagsabgeordneter Manuel Knoll vor einigen Jahren w\u00e4hrend eines Aufenthalts in Frankreich erstmals auf die Arbeiten von C215 stie\u00df. In den Stra\u00dfen von Paris beeindruckten ihn dessen detailreiche, farbintensive Portr\u00e4ts in Schablonentechnik: \u201eMich hat fasziniert, wie C215 historische Pers\u00f6nlichkeiten ins Hier und Jetzt holt und ihnen eine neue Pr\u00e4senz im Alltag gibt.\u201c<\/p>\n<\/div>\n<\/div><\/div><div id=\"panel-471-2-0-1\" class=\"so-panel widget widget_sow-editor panel-last-child\" data-index=\"2\" ><div\n\t\t\t\n\t\t\tclass=\"so-widget-sow-editor so-widget-sow-editor-base\"\n\t\t\t\n\t\t>\n<div class=\"siteorigin-widget-tinymce textwidget\">\n\t<p>Von da an reifte die Vision, Streetart auch in seine Heimatregion zu bringen \u2013 und zwar nicht irgendeine, sondern die eines K\u00fcnstlers, der weltweit Anerkennung genie\u00dft. Sp\u00e4ter f\u00fcgte sich der Gedanke hinzu, damit auch weitgehend unbekannte Pers\u00f6nlichkeiten aus Nordschwaben ins Rampenlicht zu r\u00fccken. Der Ausl\u00f6ser: eine Informationstafel \u00fcber den Sprachenforscher Sebastian Englert in Dillingen, die Knoll auf das gro\u00dfe Potenzial regionaler Biografien aufmerksam machte. Diese Br\u00fcckenbauer und Br\u00fcckenbauerinnen gehen hierzulande oft unter, obwohl sie meistens einen nicht unerheblichen Beitrag an der Geschichte des Landes oder der Region, in der sie gewirkt haben, beigetragen haben.<\/p>\n<\/div>\n<\/div><\/div><\/div><div id=\"pgc-471-2-1\"  class=\"panel-grid-cell\" ><div id=\"panel-471-2-1-0\" class=\"so-panel widget widget_sow-image panel-first-child panel-last-child\" data-index=\"3\" ><div class=\"panel-widget-style panel-widget-style-for-471-2-1-0\" ><div\n\t\t\t\n\t\t\tclass=\"so-widget-sow-image so-widget-sow-image-default-8b5b6f678277-471\"\n\t\t\t\n\t\t>\n<div class=\"sow-image-container\">\n\t\t<img \n\tsrc=\"https:\/\/brueckenbauer.kulturundwir.de\/wp-content\/uploads\/2025\/08\/Spruehdose-212x300.png\" width=\"212\" height=\"300\" srcset=\"https:\/\/brueckenbauer.kulturundwir.de\/wp-content\/uploads\/2025\/08\/Spruehdose-212x300.png 212w, https:\/\/brueckenbauer.kulturundwir.de\/wp-content\/uploads\/2025\/08\/Spruehdose-724x1024.png 724w, https:\/\/brueckenbauer.kulturundwir.de\/wp-content\/uploads\/2025\/08\/Spruehdose-768x1086.png 768w, https:\/\/brueckenbauer.kulturundwir.de\/wp-content\/uploads\/2025\/08\/Spruehdose-1087x1536.png 1087w, https:\/\/brueckenbauer.kulturundwir.de\/wp-content\/uploads\/2025\/08\/Spruehdose-1449x2048.png 1449w, https:\/\/brueckenbauer.kulturundwir.de\/wp-content\/uploads\/2025\/08\/Spruehdose-scaled.png 1811w\" sizes=\"(max-width: 212px) 100vw, 212px\" title=\"Spr\u00fchdose\" alt=\"\" \t\tclass=\"so-widget-image\"\/>\n\t<\/div>\n\n<\/div><\/div><\/div><\/div><\/div><div id=\"pg-471-3\"  class=\"panel-grid panel-has-style\" ><div class=\"panel-row-style panel-row-style-for-471-3\" ><div id=\"pgc-471-3-0\"  class=\"panel-grid-cell panel-grid-cell-empty\" ><\/div><\/div><\/div><\/div>","protected":false},"excerpt":{"rendered":"<p>WIE ES ZUM PROJEKT KAM Die Idee zum Projekt &#8222;Br\u00fcckenbauer&#8220; entstand, als Landtagsabgeordneter Manuel Knoll vor einigen Jahren w\u00e4hrend eines Aufenthalts in Frankreich erstmals auf die Arbeiten von C215 stie\u00df. In den Stra\u00dfen von Paris beeindruckten ihn dessen detailreiche, farbintensive Portr\u00e4ts in Schablonentechnik: \u201eMich hat fasziniert, wie C215 historische Pers\u00f6nlichkeiten ins Hier und Jetzt holt [&hellip;]<\/p>\n","protected":false},"author":1,"featured_media":0,"parent":0,"menu_order":0,"comment_status":"closed","ping_status":"closed","template":"","meta":{"footnotes":""},"class_list":["post-471","page","type-page","status-publish","hentry","post"],"_links":{"self":[{"href":"https:\/\/brueckenbauer.kulturundwir.de\/index.php\/wp-json\/wp\/v2\/pages\/471","targetHints":{"allow":["GET"]}}],"collection":[{"href":"https:\/\/brueckenbauer.kulturundwir.de\/index.php\/wp-json\/wp\/v2\/pages"}],"about":[{"href":"https:\/\/brueckenbauer.kulturundwir.de\/index.php\/wp-json\/wp\/v2\/types\/page"}],"author":[{"embeddable":true,"href":"https:\/\/brueckenbauer.kulturundwir.de\/index.php\/wp-json\/wp\/v2\/users\/1"}],"replies":[{"embeddable":true,"href":"https:\/\/brueckenbauer.kulturundwir.de\/index.php\/wp-json\/wp\/v2\/comments?post=471"}],"version-history":[{"count":4,"href":"https:\/\/brueckenbauer.kulturundwir.de\/index.php\/wp-json\/wp\/v2\/pages\/471\/revisions"}],"predecessor-version":[{"id":490,"href":"https:\/\/brueckenbauer.kulturundwir.de\/index.php\/wp-json\/wp\/v2\/pages\/471\/revisions\/490"}],"wp:attachment":[{"href":"https:\/\/brueckenbauer.kulturundwir.de\/index.php\/wp-json\/wp\/v2\/media?parent=471"}],"curies":[{"name":"wp","href":"https:\/\/api.w.org\/{rel}","templated":true}]}}

<div id="pl-471"  class="panel-layout" ><div id="pg-471-0"  class="panel-grid panel-no-style" ><div id="pgc-471-0-0"  class="panel-grid-cell panel-grid-cell-mobile-last" ><div id="panel-471-0-0-0" class="so-panel widget widget_sow-editor panel-first-child panel-last-child" data-index="0" ><div
			
			class="so-widget-sow-editor so-widget-sow-editor-base"
			
		><h3 class="widget-title">WIE ES ZUM PROJEKT KAM</h3>
<div class="siteorigin-widget-tinymce textwidget">
	<p><img loading="lazy" decoding="async" class="alignnone size-medium wp-image-486" src="https://brueckenbauer.kulturundwir.de/wp-content/uploads/2025/08/Brueckenbauer-Weiss-300x70.png" alt="" width="300" height="70" srcset="https://brueckenbauer.kulturundwir.de/wp-content/uploads/2025/08/Brueckenbauer-Weiss-300x70.png 300w, https://brueckenbauer.kulturundwir.de/wp-content/uploads/2025/08/Brueckenbauer-Weiss-1024x239.png 1024w, https://brueckenbauer.kulturundwir.de/wp-content/uploads/2025/08/Brueckenbauer-Weiss-768x179.png 768w, https://brueckenbauer.kulturundwir.de/wp-content/uploads/2025/08/Brueckenbauer-Weiss-1536x358.png 1536w, https://brueckenbauer.kulturundwir.de/wp-content/uploads/2025/08/Brueckenbauer-Weiss-2048x477.png 2048w" sizes="auto, (max-width: 300px) 100vw, 300px" /></p>
</div>
</div></div></div><div id="pgc-471-0-1"  class="panel-grid-cell panel-grid-cell-empty" ></div></div><div id="pg-471-1"  class="panel-grid panel-has-style" ><div class="panel-row-style panel-row-style-for-471-1" ><div id="pgc-471-1-0"  class="panel-grid-cell panel-grid-cell-empty" ></div></div></div><div id="pg-471-2"  class="panel-grid panel-no-style" ><div id="pgc-471-2-0"  class="panel-grid-cell" ><div id="panel-471-2-0-0" class="so-panel widget widget_sow-editor panel-first-child" data-index="1" ><div
			
			class="so-widget-sow-editor so-widget-sow-editor-base"
			
		>
<div class="siteorigin-widget-tinymce textwidget">
	<p>Die Idee zum Projekt "Brückenbauer" entstand, als Landtagsabgeordneter Manuel Knoll vor einigen Jahren während eines Aufenthalts in Frankreich erstmals auf die Arbeiten von C215 stieß. In den Straßen von Paris beeindruckten ihn dessen detailreiche, farbintensive Porträts in Schablonentechnik: „Mich hat fasziniert, wie C215 historische Persönlichkeiten ins Hier und Jetzt holt und ihnen eine neue Präsenz im Alltag gibt.“</p>
</div>
</div></div><div id="panel-471-2-0-1" class="so-panel widget widget_sow-editor panel-last-child" data-index="2" ><div
			
			class="so-widget-sow-editor so-widget-sow-editor-base"
			
		>
<div class="siteorigin-widget-tinymce textwidget">
	<p>Von da an reifte die Vision, Streetart auch in seine Heimatregion zu bringen – und zwar nicht irgendeine, sondern die eines Künstlers, der weltweit Anerkennung genießt. Später fügte sich der Gedanke hinzu, damit auch weitgehend unbekannte Persönlichkeiten aus Nordschwaben ins Rampenlicht zu rücken. Der Auslöser: eine Informationstafel über den Sprachenforscher Sebastian Englert in Dillingen, die Knoll auf das große Potenzial regionaler Biografien aufmerksam machte. Diese Brückenbauer und Brückenbauerinnen gehen hierzulande oft unter, obwohl sie meistens einen nicht unerheblichen Beitrag an der Geschichte des Landes oder der Region, in der sie gewirkt haben, beigetragen haben.</p>
</div>
</div></div></div><div id="pgc-471-2-1"  class="panel-grid-cell" ><div id="panel-471-2-1-0" class="so-panel widget widget_sow-image panel-first-child panel-last-child" data-index="3" ><div class="panel-widget-style panel-widget-style-for-471-2-1-0" ><div
			
			class="so-widget-sow-image so-widget-sow-image-default-8b5b6f678277-471"
			
		>
<div class="sow-image-container">
		<img 
	src="https://brueckenbauer.kulturundwir.de/wp-content/uploads/2025/08/Spruehdose-212x300.png" width="212" height="300" srcset="https://brueckenbauer.kulturundwir.de/wp-content/uploads/2025/08/Spruehdose-212x300.png 212w, https://brueckenbauer.kulturundwir.de/wp-content/uploads/2025/08/Spruehdose-724x1024.png 724w, https://brueckenbauer.kulturundwir.de/wp-content/uploads/2025/08/Spruehdose-768x1086.png 768w, https://brueckenbauer.kulturundwir.de/wp-content/uploads/2025/08/Spruehdose-1087x1536.png 1087w, https://brueckenbauer.kulturundwir.de/wp-content/uploads/2025/08/Spruehdose-1449x2048.png 1449w, https://brueckenbauer.kulturundwir.de/wp-content/uploads/2025/08/Spruehdose-scaled.png 1811w" sizes="(max-width: 212px) 100vw, 212px" title="Sprühdose" alt="" 		class="so-widget-image"/>
	</div>

</div></div></div></div></div><div id="pg-471-3"  class="panel-grid panel-has-style" ><div class="panel-row-style panel-row-style-for-471-3" ><div id="pgc-471-3-0"  class="panel-grid-cell panel-grid-cell-empty" ></div></div></div></div>

<p>WIE ES ZUM PROJEKT KAM Die Idee zum Projekt &#8222;Brückenbauer&#8220; entstand, als Landtagsabgeordneter Manuel Knoll vor einigen Jahren während eines Aufenthalts in Frankreich erstmals auf die Arbeiten von C215 stieß. In den Straßen von Paris beeindruckten ihn dessen detailreiche, farbintensive Porträts in Schablonentechnik: „Mich hat fasziniert, wie C215 historische Persönlichkeiten ins Hier und Jetzt holt [&hellip;]</p>
