{"id":584,"date":"2025-11-11T13:29:14","date_gmt":"2025-11-11T13:29:14","guid":{"rendered":"https:\/\/brueckenbauer.kulturundwir.de\/?page_id=584"},"modified":"2026-02-16T13:29:01","modified_gmt":"2026-02-16T13:29:01","slug":"albertus-gymnasium-lauingen","status":"publish","type":"page","link":"https:\/\/brueckenbauer.kulturundwir.de\/index.php\/albertus-gymnasium-lauingen\/","title":{"rendered":"ALBERTUS-GYMNASIUM LAUINGEN"},"content":{"rendered":"<div id=\"pl-584\"  class=\"panel-layout\" ><div id=\"pg-584-0\"  class=\"panel-grid panel-no-style\" ><div id=\"pgc-584-0-0\"  class=\"panel-grid-cell\" ><div id=\"panel-584-0-0-0\" class=\"so-panel widget widget_sow-editor panel-first-child\" data-index=\"0\" ><div\n\t\t\t\n\t\t\tclass=\"so-widget-sow-editor so-widget-sow-editor-base\"\n\t\t\t\n\t\t>\n<div class=\"siteorigin-widget-tinymce textwidget\">\n\t<p>Webseite des Albertus-Gymnasiums Lauingen: <a href=\"https:\/\/albertus-gymnasium.de\/\" target=\"_blank\" rel=\"noopener\">https:\/\/albertus-gymnasium.de<\/a><\/p>\n<\/div>\n<\/div><\/div><div id=\"panel-584-0-0-1\" class=\"so-panel widget widget_sow-editor panel-last-child\" data-index=\"1\" ><div class=\"panel-widget-style panel-widget-style-for-584-0-0-1\" ><div\n\t\t\t\n\t\t\tclass=\"so-widget-sow-editor so-widget-sow-editor-base\"\n\t\t\t\n\t\t>\n<div class=\"siteorigin-widget-tinymce textwidget\">\n\t<\/div>\n<\/div><\/div><\/div><\/div><\/div><div id=\"pg-584-1\"  class=\"panel-grid panel-no-style\" ><div id=\"pgc-584-1-0\"  class=\"panel-grid-cell\" ><div id=\"panel-584-1-0-0\" class=\"so-panel widget widget_sow-image panel-first-child panel-last-child\" data-index=\"2\" ><div\n\t\t\t\n\t\t\tclass=\"so-widget-sow-image so-widget-sow-image-default-8b5b6f678277-584\"\n\t\t\t\n\t\t>\n<div class=\"sow-image-container\">\n\t\t<img \n\tsrc=\"https:\/\/brueckenbauer.kulturundwir.de\/wp-content\/uploads\/2025\/12\/DSCF5069-001-1.jpg\" width=\"350\" height=\"524\" srcset=\"https:\/\/brueckenbauer.kulturundwir.de\/wp-content\/uploads\/2025\/12\/DSCF5069-001-1.jpg 403w, https:\/\/brueckenbauer.kulturundwir.de\/wp-content\/uploads\/2025\/12\/DSCF5069-001-1-200x300.jpg 200w\" sizes=\"(max-width: 350px) 100vw, 350px\" title=\"AGL Albertus VR-Bank\" alt=\"\" \t\tclass=\"so-widget-image\"\/>\n\t<\/div>\n\n<\/div><\/div><\/div><div id=\"pgc-584-1-1\"  class=\"panel-grid-cell\" ><div id=\"panel-584-1-1-0\" class=\"so-panel widget widget_sow-editor panel-first-child panel-last-child\" data-index=\"3\" ><div\n\t\t\t\n\t\t\tclass=\"so-widget-sow-editor so-widget-sow-editor-base\"\n\t\t\t\n\t\t>\n<div class=\"siteorigin-widget-tinymce textwidget\">\n\t<p>Dieses Streetart-Werk zum Br\u00fcckenbauer <a href=\"https:\/\/brueckenbauer.kulturundwir.de\/index.php\/albertus-magnus\/\">Albertus-Magnus<\/a> der Sch\u00fclerinnen und Sch\u00fclern des Albertus-Magnus-Gymnasiums Lauingen befindet sich in Lauingen, Br\u00fcderstra\u00dfe 16 (bei VR-Bank).<\/p>\n<p>Foto: Michael Stark<\/p>\n<\/div>\n<\/div><\/div><\/div><\/div><div id=\"pg-584-2\"  class=\"panel-grid panel-no-style\" ><div id=\"pgc-584-2-0\"  class=\"panel-grid-cell\" ><div id=\"panel-584-2-0-0\" class=\"so-panel widget widget_sow-editor panel-first-child panel-last-child\" data-index=\"4\" ><div class=\"panel-widget-style panel-widget-style-for-584-2-0-0\" ><div\n\t\t\t\n\t\t\tclass=\"so-widget-sow-editor so-widget-sow-editor-base\"\n\t\t\t\n\t\t>\n<div class=\"siteorigin-widget-tinymce textwidget\">\n\t<\/div>\n<\/div><\/div><\/div><\/div><\/div><div id=\"pg-584-3\"  class=\"panel-grid panel-no-style\" ><div id=\"pgc-584-3-0\"  class=\"panel-grid-cell\" ><div id=\"panel-584-3-0-0\" class=\"so-panel widget widget_sow-image panel-first-child panel-last-child\" data-index=\"5\" ><div\n\t\t\t\n\t\t\tclass=\"so-widget-sow-image so-widget-sow-image-default-8b5b6f678277-584\"\n\t\t\t\n\t\t>\n<div class=\"sow-image-container\">\n\t\t<img \n\tsrc=\"https:\/\/brueckenbauer.kulturundwir.de\/wp-content\/uploads\/2025\/12\/DSCF5087-001.jpg\" width=\"602\" height=\"402\" srcset=\"https:\/\/brueckenbauer.kulturundwir.de\/wp-content\/uploads\/2025\/12\/DSCF5087-001.jpg 602w, https:\/\/brueckenbauer.kulturundwir.de\/wp-content\/uploads\/2025\/12\/DSCF5087-001-300x200.jpg 300w, https:\/\/brueckenbauer.kulturundwir.de\/wp-content\/uploads\/2025\/12\/DSCF5087-001-272x182.jpg 272w\" sizes=\"(max-width: 602px) 100vw, 602px\" title=\"AGL Albertus AOK\" alt=\"\" \t\tclass=\"so-widget-image\"\/>\n\t<\/div>\n\n<\/div><\/div><\/div><div id=\"pgc-584-3-1\"  class=\"panel-grid-cell\" ><div id=\"panel-584-3-1-0\" class=\"so-panel widget widget_sow-editor panel-first-child panel-last-child\" data-index=\"6\" ><div\n\t\t\t\n\t\t\tclass=\"so-widget-sow-editor so-widget-sow-editor-base\"\n\t\t\t\n\t\t>\n<div class=\"siteorigin-widget-tinymce textwidget\">\n\t<p>Dieses Streetart-Werk zum Br\u00fcckenbauer <a href=\"https:\/\/brueckenbauer.kulturundwir.de\/index.php\/albertus-magnus\/\">Albertus-Magnus<\/a> der Sch\u00fclerinnen und Sch\u00fclern des Albertus-Magnus-Gymnasiums Lauingen befindet sich in Lauingen, Br\u00fcderstra\u00dfe 17 (bei AOK).<\/p>\n<p>Foto: Michael Stark<\/p>\n<\/div>\n<\/div><\/div><\/div><\/div><div id=\"pg-584-4\"  class=\"panel-grid panel-no-style\" ><div id=\"pgc-584-4-0\"  class=\"panel-grid-cell\" ><div id=\"panel-584-4-0-0\" class=\"so-panel widget widget_sow-editor panel-first-child panel-last-child\" data-index=\"7\" ><div class=\"panel-widget-style panel-widget-style-for-584-4-0-0\" ><div\n\t\t\t\n\t\t\tclass=\"so-widget-sow-editor so-widget-sow-editor-base\"\n\t\t\t\n\t\t>\n<div class=\"siteorigin-widget-tinymce textwidget\">\n\t<\/div>\n<\/div><\/div><\/div><\/div><\/div><div id=\"pg-584-5\"  class=\"panel-grid panel-no-style\" ><div id=\"pgc-584-5-0\"  class=\"panel-grid-cell\" ><div id=\"panel-584-5-0-0\" class=\"so-panel widget widget_sow-image panel-first-child panel-last-child\" data-index=\"8\" ><div\n\t\t\t\n\t\t\tclass=\"so-widget-sow-image so-widget-sow-image-default-8b5b6f678277-584\"\n\t\t\t\n\t\t>\n<div class=\"sow-image-container\">\n\t\t<img \n\tsrc=\"https:\/\/brueckenbauer.kulturundwir.de\/wp-content\/uploads\/2025\/12\/DSCF5092-001.jpg\" width=\"402\" height=\"602\" srcset=\"https:\/\/brueckenbauer.kulturundwir.de\/wp-content\/uploads\/2025\/12\/DSCF5092-001.jpg 402w, https:\/\/brueckenbauer.kulturundwir.de\/wp-content\/uploads\/2025\/12\/DSCF5092-001-200x300.jpg 200w\" sizes=\"(max-width: 402px) 100vw, 402px\" title=\"AGL Albertus (Montessori)\" alt=\"\" \t\tclass=\"so-widget-image\"\/>\n\t<\/div>\n\n<\/div><\/div><\/div><div id=\"pgc-584-5-1\"  class=\"panel-grid-cell\" ><div id=\"panel-584-5-1-0\" class=\"so-panel widget widget_sow-editor panel-first-child panel-last-child\" data-index=\"9\" ><div\n\t\t\t\n\t\t\tclass=\"so-widget-sow-editor so-widget-sow-editor-base\"\n\t\t\t\n\t\t>\n<div class=\"siteorigin-widget-tinymce textwidget\">\n\t<p>Dieses Streetart-Werk zum Br\u00fcckenbauer <a href=\"https:\/\/brueckenbauer.kulturundwir.de\/index.php\/albertus-magnus\/\">Albertus-Magnus<\/a> der Sch\u00fclerinnen und Sch\u00fclern des Albertus-Magnus-Gymnasiums Lauingen befindet sich in Lauingen, Br\u00fcderstra\u00dfe 9-1 (n\u00e4he Montessori-Kinderhaus).<\/p>\n<p>Foto: Michael Stark<\/p>\n<\/div>\n<\/div><\/div><\/div><\/div><div id=\"pg-584-6\"  class=\"panel-grid panel-no-style\" ><div id=\"pgc-584-6-0\"  class=\"panel-grid-cell\" ><div id=\"panel-584-6-0-0\" class=\"so-panel widget widget_sow-editor panel-first-child panel-last-child\" data-index=\"10\" ><div class=\"panel-widget-style panel-widget-style-for-584-6-0-0\" ><div\n\t\t\t\n\t\t\tclass=\"so-widget-sow-editor so-widget-sow-editor-base\"\n\t\t\t\n\t\t>\n<div class=\"siteorigin-widget-tinymce textwidget\">\n\t<\/div>\n<\/div><\/div><\/div><\/div><\/div><div id=\"pg-584-7\"  class=\"panel-grid panel-no-style\" ><div id=\"pgc-584-7-0\"  class=\"panel-grid-cell\" ><div id=\"panel-584-7-0-0\" class=\"so-panel widget widget_sow-image panel-first-child panel-last-child\" data-index=\"11\" ><div\n\t\t\t\n\t\t\tclass=\"so-widget-sow-image so-widget-sow-image-default-8b5b6f678277-584\"\n\t\t\t\n\t\t>\n<div class=\"sow-image-container\">\n\t\t<img \n\tsrc=\"https:\/\/brueckenbauer.kulturundwir.de\/wp-content\/uploads\/2025\/12\/DSCF5090-001.jpg\" width=\"602\" height=\"402\" srcset=\"https:\/\/brueckenbauer.kulturundwir.de\/wp-content\/uploads\/2025\/12\/DSCF5090-001.jpg 602w, https:\/\/brueckenbauer.kulturundwir.de\/wp-content\/uploads\/2025\/12\/DSCF5090-001-300x200.jpg 300w, https:\/\/brueckenbauer.kulturundwir.de\/wp-content\/uploads\/2025\/12\/DSCF5090-001-272x182.jpg 272w\" sizes=\"(max-width: 602px) 100vw, 602px\" title=\"AGL Albertus (3 Mohren)\" alt=\"\" \t\tclass=\"so-widget-image\"\/>\n\t<\/div>\n\n<\/div><\/div><\/div><div id=\"pgc-584-7-1\"  class=\"panel-grid-cell\" ><div id=\"panel-584-7-1-0\" class=\"so-panel widget widget_sow-editor panel-first-child panel-last-child\" data-index=\"12\" ><div\n\t\t\t\n\t\t\tclass=\"so-widget-sow-editor so-widget-sow-editor-base\"\n\t\t\t\n\t\t>\n<div class=\"siteorigin-widget-tinymce textwidget\">\n\t<p>Dieses Streetart-Werk zum Br\u00fcckenbauer <a href=\"https:\/\/brueckenbauer.kulturundwir.de\/index.php\/albertus-magnus\/\">Albertus-Magnus<\/a> der Sch\u00fclerinnen und Sch\u00fclern des Albertus-Magnus-Gymnasiums Lauingen befindet sich in Lauingen, Imhofstra\u00dfe 6 (Hotel Drei Mohren).<\/p>\n<p>Foto: Michael Stark<\/p>\n<\/div>\n<\/div><\/div><\/div><\/div><div id=\"pg-584-8\"  class=\"panel-grid panel-no-style\" ><div id=\"pgc-584-8-0\"  class=\"panel-grid-cell\" ><div id=\"panel-584-8-0-0\" class=\"so-panel widget widget_sow-editor panel-first-child panel-last-child\" data-index=\"13\" ><div class=\"panel-widget-style panel-widget-style-for-584-8-0-0\" ><div\n\t\t\t\n\t\t\tclass=\"so-widget-sow-editor so-widget-sow-editor-base\"\n\t\t\t\n\t\t>\n<div class=\"siteorigin-widget-tinymce textwidget\">\n\t<\/div>\n<\/div><\/div><\/div><\/div><\/div><div id=\"pg-584-9\"  class=\"panel-grid panel-no-style\" ><div id=\"pgc-584-9-0\"  class=\"panel-grid-cell\" ><div id=\"panel-584-9-0-0\" class=\"so-panel widget widget_sow-image panel-first-child panel-last-child\" data-index=\"14\" ><div\n\t\t\t\n\t\t\tclass=\"so-widget-sow-image so-widget-sow-image-default-8b5b6f678277-584\"\n\t\t\t\n\t\t>\n<div class=\"sow-image-container\">\n\t\t<img \n\tsrc=\"https:\/\/brueckenbauer.kulturundwir.de\/wp-content\/uploads\/2025\/07\/Albertus-Magnus-3-k-225x300.jpg\" width=\"225\" height=\"300\" srcset=\"https:\/\/brueckenbauer.kulturundwir.de\/wp-content\/uploads\/2025\/07\/Albertus-Magnus-3-k-225x300.jpg 225w, https:\/\/brueckenbauer.kulturundwir.de\/wp-content\/uploads\/2025\/07\/Albertus-Magnus-3-k-768x1024.jpg 768w, https:\/\/brueckenbauer.kulturundwir.de\/wp-content\/uploads\/2025\/07\/Albertus-Magnus-3-k.jpg 1000w\" sizes=\"(max-width: 225px) 100vw, 225px\" title=\"Albertus Magnus\" alt=\"\" \t\tclass=\"so-widget-image\"\/>\n\t<\/div>\n\n<\/div><\/div><\/div><div id=\"pgc-584-9-1\"  class=\"panel-grid-cell\" ><div id=\"panel-584-9-1-0\" class=\"so-panel widget widget_sow-editor panel-first-child panel-last-child\" data-index=\"15\" ><div\n\t\t\t\n\t\t\tclass=\"so-widget-sow-editor so-widget-sow-editor-base\"\n\t\t\t\n\t\t><h3 class=\"widget-title\">ALBERTUS MAGNUS<\/h3>\n<div class=\"siteorigin-widget-tinymce textwidget\">\n\t<p><span class=\"fontstyle0\">Universalgelehrter, Theologe und\u00a0<\/span><span class=\"fontstyle0\">Naturforscher<\/span>.<\/p>\n<p>Mehr zu Albertus-Magnus <a href=\"https:\/\/brueckenbauer.kulturundwir.de\/index.php\/albertus-magnus\/\">hier...<\/a><\/p>\n<\/div>\n<\/div><\/div><\/div><\/div><div id=\"pg-584-10\"  class=\"panel-grid panel-no-style\" ><div id=\"pgc-584-10-0\"  class=\"panel-grid-cell\" ><div id=\"panel-584-10-0-0\" class=\"so-panel widget widget_sow-editor panel-first-child panel-last-child\" data-index=\"16\" ><div class=\"panel-widget-style panel-widget-style-for-584-10-0-0\" ><div\n\t\t\t\n\t\t\tclass=\"so-widget-sow-editor so-widget-sow-editor-base\"\n\t\t\t\n\t\t>\n<div class=\"siteorigin-widget-tinymce textwidget\">\n\t<\/div>\n<\/div><\/div><\/div><\/div><\/div><div id=\"pg-584-11\"  class=\"panel-grid panel-no-style\" ><div id=\"pgc-584-11-0\"  class=\"panel-grid-cell panel-grid-cell-empty\" ><\/div><\/div><div id=\"pg-584-12\"  class=\"panel-grid panel-no-style\" ><div id=\"pgc-584-12-0\"  class=\"panel-grid-cell\" ><div id=\"panel-584-12-0-0\" class=\"so-panel widget widget_sow-image panel-first-child panel-last-child\" data-index=\"17\" ><div\n\t\t\t\n\t\t\tclass=\"so-widget-sow-image so-widget-sow-image-default-8b5b6f678277-584\"\n\t\t\t\n\t\t>\n<div class=\"sow-image-container\">\n\t\t<img \n\tsrc=\"https:\/\/brueckenbauer.kulturundwir.de\/wp-content\/uploads\/2025\/11\/agl1@gerhards.jpg\" width=\"300\" height=\"533\" srcset=\"https:\/\/brueckenbauer.kulturundwir.de\/wp-content\/uploads\/2025\/11\/agl1@gerhards.jpg 500w, https:\/\/brueckenbauer.kulturundwir.de\/wp-content\/uploads\/2025\/11\/agl1@gerhards-169x300.jpg 169w\" sizes=\"(max-width: 300px) 100vw, 300px\" title=\"agl1\" alt=\"\" \t\tclass=\"so-widget-image\"\/>\n\t<\/div>\n\n<\/div><\/div><\/div><div id=\"pgc-584-12-1\"  class=\"panel-grid-cell\" ><div id=\"panel-584-12-1-0\" class=\"so-panel widget widget_sow-image panel-first-child panel-last-child\" data-index=\"18\" ><div\n\t\t\t\n\t\t\tclass=\"so-widget-sow-image so-widget-sow-image-default-8b5b6f678277-584\"\n\t\t\t\n\t\t>\n<div class=\"sow-image-container\">\n\t\t<img \n\tsrc=\"https:\/\/brueckenbauer.kulturundwir.de\/wp-content\/uploads\/2025\/11\/agl2@gerhards.jpg\" width=\"300\" height=\"533\" srcset=\"https:\/\/brueckenbauer.kulturundwir.de\/wp-content\/uploads\/2025\/11\/agl2@gerhards.jpg 500w, https:\/\/brueckenbauer.kulturundwir.de\/wp-content\/uploads\/2025\/11\/agl2@gerhards-169x300.jpg 169w\" sizes=\"(max-width: 300px) 100vw, 300px\" title=\"agl2\" alt=\"\" \t\tclass=\"so-widget-image\"\/>\n\t<\/div>\n\n<\/div><\/div><\/div><div id=\"pgc-584-12-2\"  class=\"panel-grid-cell\" ><div id=\"panel-584-12-2-0\" class=\"so-panel widget widget_sow-image panel-first-child panel-last-child\" data-index=\"19\" ><div\n\t\t\t\n\t\t\tclass=\"so-widget-sow-image so-widget-sow-image-default-8b5b6f678277-584\"\n\t\t\t\n\t\t>\n<div class=\"sow-image-container\">\n\t\t<img \n\tsrc=\"https:\/\/brueckenbauer.kulturundwir.de\/wp-content\/uploads\/2025\/11\/agl3@gerhards.jpg\" width=\"300\" height=\"533\" srcset=\"https:\/\/brueckenbauer.kulturundwir.de\/wp-content\/uploads\/2025\/11\/agl3@gerhards.jpg 500w, https:\/\/brueckenbauer.kulturundwir.de\/wp-content\/uploads\/2025\/11\/agl3@gerhards-169x300.jpg 169w\" sizes=\"(max-width: 300px) 100vw, 300px\" title=\"agl3\" alt=\"\" \t\tclass=\"so-widget-image\"\/>\n\t<\/div>\n\n<\/div><\/div><\/div><div id=\"pgc-584-12-3\"  class=\"panel-grid-cell\" ><div id=\"panel-584-12-3-0\" class=\"so-panel widget widget_sow-image panel-first-child panel-last-child\" data-index=\"20\" ><div\n\t\t\t\n\t\t\tclass=\"so-widget-sow-image so-widget-sow-image-default-8b5b6f678277-584\"\n\t\t\t\n\t\t>\n<div class=\"sow-image-container\">\n\t\t<img \n\tsrc=\"https:\/\/brueckenbauer.kulturundwir.de\/wp-content\/uploads\/2025\/11\/agl4@gerhards.jpg\" width=\"300\" height=\"533\" srcset=\"https:\/\/brueckenbauer.kulturundwir.de\/wp-content\/uploads\/2025\/11\/agl4@gerhards.jpg 500w, https:\/\/brueckenbauer.kulturundwir.de\/wp-content\/uploads\/2025\/11\/agl4@gerhards-169x300.jpg 169w\" sizes=\"(max-width: 300px) 100vw, 300px\" title=\"agl4\" alt=\"\" \t\tclass=\"so-widget-image\"\/>\n\t<\/div>\n\n<\/div><\/div><\/div><\/div><div id=\"pg-584-13\"  class=\"panel-grid panel-no-style\" ><div id=\"pgc-584-13-0\"  class=\"panel-grid-cell panel-grid-cell-empty panel-grid-cell-mobile-last\" ><\/div><div id=\"pgc-584-13-1\"  class=\"panel-grid-cell panel-grid-cell-empty\" ><\/div><\/div><div id=\"pg-584-14\"  class=\"panel-grid panel-no-style\" ><div id=\"pgc-584-14-0\"  class=\"panel-grid-cell\" ><div id=\"panel-584-14-0-0\" class=\"so-panel widget widget_sow-editor panel-first-child\" data-index=\"21\" ><div\n\t\t\t\n\t\t\tclass=\"so-widget-sow-editor so-widget-sow-editor-base\"\n\t\t\t\n\t\t>\n<div class=\"siteorigin-widget-tinymce textwidget\">\n\t<p>Sch\u00fclerinnen und Sch\u00fcler des Albertus-Gymnasiums Lauingen bei der Gestaltung der Werke.<\/p>\n<\/div>\n<\/div><\/div><div id=\"panel-584-14-0-1\" class=\"so-panel widget widget_sow-editor panel-last-child\" data-index=\"22\" ><div class=\"panel-widget-style panel-widget-style-for-584-14-0-1\" ><div\n\t\t\t\n\t\t\tclass=\"so-widget-sow-editor so-widget-sow-editor-base\"\n\t\t\t\n\t\t>\n<div class=\"siteorigin-widget-tinymce textwidget\">\n\t<\/div>\n<\/div><\/div><\/div><\/div><\/div><\/div>","protected":false},"excerpt":{"rendered":"<p>Webseite des Albertus-Gymnasiums Lauingen: https:\/\/albertus-gymnasium.de Dieses Streetart-Werk zum Br\u00fcckenbauer Albertus-Magnus der Sch\u00fclerinnen und Sch\u00fclern des Albertus-Magnus-Gymnasiums Lauingen befindet sich in Lauingen, Br\u00fcderstra\u00dfe 16 (bei VR-Bank). Foto: Michael Stark<\/p>\n","protected":false},"author":1,"featured_media":0,"parent":0,"menu_order":0,"comment_status":"closed","ping_status":"closed","template":"","meta":{"footnotes":""},"class_list":["post-584","page","type-page","status-publish","hentry","post"],"_links":{"self":[{"href":"https:\/\/brueckenbauer.kulturundwir.de\/index.php\/wp-json\/wp\/v2\/pages\/584","targetHints":{"allow":["GET"]}}],"collection":[{"href":"https:\/\/brueckenbauer.kulturundwir.de\/index.php\/wp-json\/wp\/v2\/pages"}],"about":[{"href":"https:\/\/brueckenbauer.kulturundwir.de\/index.php\/wp-json\/wp\/v2\/types\/page"}],"author":[{"embeddable":true,"href":"https:\/\/brueckenbauer.kulturundwir.de\/index.php\/wp-json\/wp\/v2\/users\/1"}],"replies":[{"embeddable":true,"href":"https:\/\/brueckenbauer.kulturundwir.de\/index.php\/wp-json\/wp\/v2\/comments?post=584"}],"version-history":[{"count":21,"href":"https:\/\/brueckenbauer.kulturundwir.de\/index.php\/wp-json\/wp\/v2\/pages\/584\/revisions"}],"predecessor-version":[{"id":958,"href":"https:\/\/brueckenbauer.kulturundwir.de\/index.php\/wp-json\/wp\/v2\/pages\/584\/revisions\/958"}],"wp:attachment":[{"href":"https:\/\/brueckenbauer.kulturundwir.de\/index.php\/wp-json\/wp\/v2\/media?parent=584"}],"curies":[{"name":"wp","href":"https:\/\/api.w.org\/{rel}","templated":true}]}}