{"id":617,"date":"2025-11-15T12:16:31","date_gmt":"2025-11-15T12:16:31","guid":{"rendered":"https:\/\/brueckenbauer.kulturundwir.de\/?page_id=617"},"modified":"2026-02-05T05:59:34","modified_gmt":"2026-02-05T05:59:34","slug":"st-bonaventura-gymnasium-dillingen","status":"publish","type":"page","link":"https:\/\/brueckenbauer.kulturundwir.de\/index.php\/st-bonaventura-gymnasium-dillingen\/","title":{"rendered":"ST. BONAVENTURA GYMNASIUM DILLINGEN"},"content":{"rendered":"<div id=\"pl-617\"  class=\"panel-layout\" ><div id=\"pg-617-0\"  class=\"panel-grid panel-no-style\" ><div id=\"pgc-617-0-0\"  class=\"panel-grid-cell\" ><div id=\"panel-617-0-0-0\" class=\"so-panel widget widget_sow-editor panel-first-child\" data-index=\"0\" ><div\n\t\t\t\n\t\t\tclass=\"so-widget-sow-editor so-widget-sow-editor-base\"\n\t\t\t\n\t\t>\n<div class=\"siteorigin-widget-tinymce textwidget\">\n\t<p>Webseite des Bonaventura-Gymnasiums Dillingen: <a href=\"https:\/\/www.bonaventura-gymnasium.de\">https:\/\/www.bonaventura-gymnasium.de<\/a><\/p>\n<\/div>\n<\/div><\/div><div id=\"panel-617-0-0-1\" class=\"so-panel widget widget_sow-editor panel-last-child\" data-index=\"1\" ><div class=\"panel-widget-style panel-widget-style-for-617-0-0-1\" ><div\n\t\t\t\n\t\t\tclass=\"so-widget-sow-editor so-widget-sow-editor-base\"\n\t\t\t\n\t\t>\n<div class=\"siteorigin-widget-tinymce textwidget\">\n\t<\/div>\n<\/div><\/div><\/div><\/div><\/div><div id=\"pg-617-1\"  class=\"panel-grid panel-no-style\" ><div id=\"pgc-617-1-0\"  class=\"panel-grid-cell\" ><div id=\"panel-617-1-0-0\" class=\"so-panel widget widget_sow-image panel-first-child panel-last-child\" data-index=\"2\" ><div\n\t\t\t\n\t\t\tclass=\"so-widget-sow-image so-widget-sow-image-default-8b5b6f678277-617\"\n\t\t\t\n\t\t>\n<div class=\"sow-image-container\">\n\t\t<img \n\tsrc=\"https:\/\/brueckenbauer.kulturundwir.de\/wp-content\/uploads\/2026\/02\/Renz-bonagym@gerhards.jpg\" width=\"402\" height=\"536\" srcset=\"https:\/\/brueckenbauer.kulturundwir.de\/wp-content\/uploads\/2026\/02\/Renz-bonagym@gerhards.jpg 402w, https:\/\/brueckenbauer.kulturundwir.de\/wp-content\/uploads\/2026\/02\/Renz-bonagym@gerhards-225x300.jpg 225w\" sizes=\"(max-width: 402px) 100vw, 402px\" title=\"BonaGmy Renz\" alt=\"\" \t\tclass=\"so-widget-image\"\/>\n\t<\/div>\n\n<\/div><\/div><\/div><div id=\"pgc-617-1-1\"  class=\"panel-grid-cell\" ><div id=\"panel-617-1-1-0\" class=\"so-panel widget widget_sow-editor panel-first-child panel-last-child\" data-index=\"3\" ><div\n\t\t\t\n\t\t\tclass=\"so-widget-sow-editor so-widget-sow-editor-base\"\n\t\t\t\n\t\t>\n<div class=\"siteorigin-widget-tinymce textwidget\">\n\t<p>Dieses Streetart-Werk zur Br\u00fcckenbauerin <a href=\"https:\/\/brueckenbauer.kulturundwir.de\/index.php\/barbara-renz\/\">Barbara Renz<\/a> der Sch\u00fclerinnen und Sch\u00fclern des Bonaventura-Gymnasiums Dillingen befindet sich in Dillingen, Schlossstra\u00dfe.<\/p>\n<p>Foto: Heinz Gerhards<\/p>\n<\/div>\n<\/div><\/div><\/div><\/div><div id=\"pg-617-2\"  class=\"panel-grid panel-no-style\" ><div id=\"pgc-617-2-0\"  class=\"panel-grid-cell\" ><div id=\"panel-617-2-0-0\" class=\"so-panel widget widget_sow-editor panel-first-child panel-last-child\" data-index=\"4\" ><div class=\"panel-widget-style panel-widget-style-for-617-2-0-0\" ><div\n\t\t\t\n\t\t\tclass=\"so-widget-sow-editor so-widget-sow-editor-base\"\n\t\t\t\n\t\t>\n<div class=\"siteorigin-widget-tinymce textwidget\">\n\t<\/div>\n<\/div><\/div><\/div><\/div><\/div><div id=\"pg-617-3\"  class=\"panel-grid panel-no-style\" ><div id=\"pgc-617-3-0\"  class=\"panel-grid-cell\" ><div id=\"panel-617-3-0-0\" class=\"so-panel widget widget_sow-image panel-first-child panel-last-child\" data-index=\"5\" ><div\n\t\t\t\n\t\t\tclass=\"so-widget-sow-image so-widget-sow-image-default-8b5b6f678277-617\"\n\t\t\t\n\t\t>\n<div class=\"sow-image-container\">\n\t\t<img \n\tsrc=\"https:\/\/brueckenbauer.kulturundwir.de\/wp-content\/uploads\/2025\/07\/Barbara-Renz-4-283x300.jpg\" width=\"283\" height=\"300\" srcset=\"https:\/\/brueckenbauer.kulturundwir.de\/wp-content\/uploads\/2025\/07\/Barbara-Renz-4-283x300.jpg 283w, https:\/\/brueckenbauer.kulturundwir.de\/wp-content\/uploads\/2025\/07\/Barbara-Renz-4.jpg 302w\" sizes=\"(max-width: 283px) 100vw, 283px\" title=\"Barbara Renz\" alt=\"\" \t\tclass=\"so-widget-image\"\/>\n\t<\/div>\n\n<\/div><\/div><\/div><div id=\"pgc-617-3-1\"  class=\"panel-grid-cell\" ><div id=\"panel-617-3-1-0\" class=\"so-panel widget widget_sow-editor panel-first-child panel-last-child\" data-index=\"6\" ><div\n\t\t\t\n\t\t\tclass=\"so-widget-sow-editor so-widget-sow-editor-base\"\n\t\t\t\n\t\t><h3 class=\"widget-title\">BARBARA RENZ<\/h3>\n<div class=\"siteorigin-widget-tinymce textwidget\">\n\t<p>Wissenschaftlerin und Frauenrechtlerin.<\/p>\n<p>Mehr zu Barbara Renz <a href=\"https:\/\/brueckenbauer.kulturundwir.de\/index.php\/barbara-renz\/\">hier...<\/a><\/p>\n<\/div>\n<\/div><\/div><\/div><\/div><div id=\"pg-617-4\"  class=\"panel-grid panel-no-style\" ><div id=\"pgc-617-4-0\"  class=\"panel-grid-cell\" ><div id=\"panel-617-4-0-0\" class=\"so-panel widget widget_sow-editor panel-first-child panel-last-child\" data-index=\"7\" ><div class=\"panel-widget-style panel-widget-style-for-617-4-0-0\" ><div\n\t\t\t\n\t\t\tclass=\"so-widget-sow-editor so-widget-sow-editor-base\"\n\t\t\t\n\t\t>\n<div class=\"siteorigin-widget-tinymce textwidget\">\n\t<\/div>\n<\/div><\/div><\/div><\/div><\/div><div id=\"pg-617-5\"  class=\"panel-grid panel-no-style\" ><div id=\"pgc-617-5-0\"  class=\"panel-grid-cell\" ><div id=\"panel-617-5-0-0\" class=\"so-panel widget widget_sow-image panel-first-child panel-last-child\" data-index=\"8\" ><div\n\t\t\t\n\t\t\tclass=\"so-widget-sow-image so-widget-sow-image-default-8b5b6f678277-617\"\n\t\t\t\n\t\t>\n<div class=\"sow-image-container\">\n\t\t<img \n\tsrc=\"https:\/\/brueckenbauer.kulturundwir.de\/wp-content\/uploads\/2025\/12\/DSCF5102-001.jpg\" width=\"401\" height=\"539\" srcset=\"https:\/\/brueckenbauer.kulturundwir.de\/wp-content\/uploads\/2025\/12\/DSCF5102-001.jpg 401w, https:\/\/brueckenbauer.kulturundwir.de\/wp-content\/uploads\/2025\/12\/DSCF5102-001-223x300.jpg 223w\" sizes=\"(max-width: 401px) 100vw, 401px\" title=\"BonaGmy Englert\" alt=\"\" \t\tclass=\"so-widget-image\"\/>\n\t<\/div>\n\n<\/div><\/div><\/div><div id=\"pgc-617-5-1\"  class=\"panel-grid-cell\" ><div id=\"panel-617-5-1-0\" class=\"so-panel widget widget_sow-editor panel-first-child panel-last-child\" data-index=\"9\" ><div\n\t\t\t\n\t\t\tclass=\"so-widget-sow-editor so-widget-sow-editor-base\"\n\t\t\t\n\t\t>\n<div class=\"siteorigin-widget-tinymce textwidget\">\n\t<p>Dieses Streetart-Werk zum Br\u00fcckenbauer <a href=\"https:\/\/brueckenbauer.kulturundwir.de\/index.php\/sebastian-englert\/\">Sebastian Englert<\/a> der Sch\u00fclerinnen und Sch\u00fclern des Bonaventura-Gymnasiums Dillingen befindet sich in Dillingen, Rosenstra\u00dfe (vor Haus-Nr. 9).<\/p>\n<p>Foto: Michael Stark<\/p>\n<\/div>\n<\/div><\/div><\/div><\/div><div id=\"pg-617-6\"  class=\"panel-grid panel-no-style\" ><div id=\"pgc-617-6-0\"  class=\"panel-grid-cell\" ><div id=\"panel-617-6-0-0\" class=\"so-panel widget widget_sow-editor panel-first-child panel-last-child\" data-index=\"10\" ><div class=\"panel-widget-style panel-widget-style-for-617-6-0-0\" ><div\n\t\t\t\n\t\t\tclass=\"so-widget-sow-editor so-widget-sow-editor-base\"\n\t\t\t\n\t\t>\n<div class=\"siteorigin-widget-tinymce textwidget\">\n\t<\/div>\n<\/div><\/div><\/div><\/div><\/div><div id=\"pg-617-7\"  class=\"panel-grid panel-no-style\" ><div id=\"pgc-617-7-0\"  class=\"panel-grid-cell\" ><div id=\"panel-617-7-0-0\" class=\"so-panel widget widget_sow-image panel-first-child panel-last-child\" data-index=\"11\" ><div\n\t\t\t\n\t\t\tclass=\"so-widget-sow-image so-widget-sow-image-default-8b5b6f678277-617\"\n\t\t\t\n\t\t><\/div><\/div><\/div><div id=\"pgc-617-7-1\"  class=\"panel-grid-cell\" ><div id=\"panel-617-7-1-0\" class=\"so-panel widget widget_sow-editor panel-first-child panel-last-child\" data-index=\"12\" ><div\n\t\t\t\n\t\t\tclass=\"so-widget-sow-editor so-widget-sow-editor-base\"\n\t\t\t\n\t\t><h3 class=\"widget-title\">SEBASTIAN ENGLERT<\/h3>\n<div class=\"siteorigin-widget-tinymce textwidget\">\n\t<p><span class=\"fontstyle1\">Missionar, Kapuzinerpater und\u00a0<\/span><span class=\"fontstyle1\">Sprachenforscher.<\/span><\/p>\n<p>Mehr zu Sebastian Englert <a href=\"https:\/\/brueckenbauer.kulturundwir.de\/index.php\/sebastian-englert\/\">hier...<\/a><\/p>\n<\/div>\n<\/div><\/div><\/div><\/div><div id=\"pg-617-8\"  class=\"panel-grid panel-no-style\" ><div id=\"pgc-617-8-0\"  class=\"panel-grid-cell\" ><div id=\"panel-617-8-0-0\" class=\"so-panel widget widget_sow-editor panel-first-child panel-last-child\" data-index=\"13\" ><div class=\"panel-widget-style panel-widget-style-for-617-8-0-0\" ><div\n\t\t\t\n\t\t\tclass=\"so-widget-sow-editor so-widget-sow-editor-base\"\n\t\t\t\n\t\t>\n<div class=\"siteorigin-widget-tinymce textwidget\">\n\t<\/div>\n<\/div><\/div><\/div><\/div><\/div><div id=\"pg-617-9\"  class=\"panel-grid panel-no-style\" ><div id=\"pgc-617-9-0\"  class=\"panel-grid-cell panel-grid-cell-empty\" ><\/div><\/div><div id=\"pg-617-10\"  class=\"panel-grid panel-no-style\" ><div id=\"pgc-617-10-0\"  class=\"panel-grid-cell panel-grid-cell-empty\" ><\/div><\/div><div id=\"pg-617-11\"  class=\"panel-grid panel-no-style\" ><div id=\"pgc-617-11-0\"  class=\"panel-grid-cell\" ><div id=\"panel-617-11-0-0\" class=\"so-panel widget widget_sow-image panel-first-child panel-last-child\" data-index=\"14\" ><div\n\t\t\t\n\t\t\tclass=\"so-widget-sow-image so-widget-sow-image-default-8b5b6f678277-617\"\n\t\t\t\n\t\t>\n<div class=\"sow-image-container\">\n\t\t<img \n\tsrc=\"https:\/\/brueckenbauer.kulturundwir.de\/wp-content\/uploads\/2025\/11\/bonagym1.jpeg\" width=\"375\" height=\"500\" srcset=\"https:\/\/brueckenbauer.kulturundwir.de\/wp-content\/uploads\/2025\/11\/bonagym1.jpeg 375w, https:\/\/brueckenbauer.kulturundwir.de\/wp-content\/uploads\/2025\/11\/bonagym1-225x300.jpeg 225w\" sizes=\"(max-width: 375px) 100vw, 375px\" title=\"bonagym1\" alt=\"\" \t\tclass=\"so-widget-image\"\/>\n\t<\/div>\n\n<\/div><\/div><\/div><div id=\"pgc-617-11-1\"  class=\"panel-grid-cell\" ><div id=\"panel-617-11-1-0\" class=\"so-panel widget widget_sow-image panel-first-child panel-last-child\" data-index=\"15\" ><div\n\t\t\t\n\t\t\tclass=\"so-widget-sow-image so-widget-sow-image-default-8b5b6f678277-617\"\n\t\t\t\n\t\t>\n<div class=\"sow-image-container\">\n\t\t<img \n\tsrc=\"https:\/\/brueckenbauer.kulturundwir.de\/wp-content\/uploads\/2025\/11\/bonagym2.jpeg\" width=\"375\" height=\"500\" srcset=\"https:\/\/brueckenbauer.kulturundwir.de\/wp-content\/uploads\/2025\/11\/bonagym2.jpeg 375w, https:\/\/brueckenbauer.kulturundwir.de\/wp-content\/uploads\/2025\/11\/bonagym2-225x300.jpeg 225w\" sizes=\"(max-width: 375px) 100vw, 375px\" title=\"bonagym2\" alt=\"\" \t\tclass=\"so-widget-image\"\/>\n\t<\/div>\n\n<\/div><\/div><\/div><div id=\"pgc-617-11-2\"  class=\"panel-grid-cell\" ><div id=\"panel-617-11-2-0\" class=\"so-panel widget widget_sow-image panel-first-child panel-last-child\" data-index=\"16\" ><div\n\t\t\t\n\t\t\tclass=\"so-widget-sow-image so-widget-sow-image-default-8b5b6f678277-617\"\n\t\t\t\n\t\t>\n<div class=\"sow-image-container\">\n\t\t<img \n\tsrc=\"https:\/\/brueckenbauer.kulturundwir.de\/wp-content\/uploads\/2025\/11\/bonagym3.jpeg\" width=\"375\" height=\"500\" srcset=\"https:\/\/brueckenbauer.kulturundwir.de\/wp-content\/uploads\/2025\/11\/bonagym3.jpeg 375w, https:\/\/brueckenbauer.kulturundwir.de\/wp-content\/uploads\/2025\/11\/bonagym3-225x300.jpeg 225w\" sizes=\"(max-width: 375px) 100vw, 375px\" title=\"bonagym3\" alt=\"\" \t\tclass=\"so-widget-image\"\/>\n\t<\/div>\n\n<\/div><\/div><\/div><div id=\"pgc-617-11-3\"  class=\"panel-grid-cell\" ><div id=\"panel-617-11-3-0\" class=\"so-panel widget widget_sow-image panel-first-child panel-last-child\" data-index=\"17\" ><div\n\t\t\t\n\t\t\tclass=\"so-widget-sow-image so-widget-sow-image-default-8b5b6f678277-617\"\n\t\t\t\n\t\t>\n<div class=\"sow-image-container\">\n\t\t<img \n\tsrc=\"https:\/\/brueckenbauer.kulturundwir.de\/wp-content\/uploads\/2025\/11\/bonagym4.jpeg\" width=\"375\" height=\"500\" srcset=\"https:\/\/brueckenbauer.kulturundwir.de\/wp-content\/uploads\/2025\/11\/bonagym4.jpeg 375w, https:\/\/brueckenbauer.kulturundwir.de\/wp-content\/uploads\/2025\/11\/bonagym4-225x300.jpeg 225w\" sizes=\"(max-width: 375px) 100vw, 375px\" title=\"bonagym4\" alt=\"\" \t\tclass=\"so-widget-image\"\/>\n\t<\/div>\n\n<\/div><\/div><\/div><\/div><div id=\"pg-617-12\"  class=\"panel-grid panel-no-style\" ><div id=\"pgc-617-12-0\"  class=\"panel-grid-cell\" ><div id=\"panel-617-12-0-0\" class=\"so-panel widget widget_sow-editor panel-first-child\" data-index=\"18\" ><div\n\t\t\t\n\t\t\tclass=\"so-widget-sow-editor so-widget-sow-editor-base\"\n\t\t\t\n\t\t>\n<div class=\"siteorigin-widget-tinymce textwidget\">\n\t<p>Sch\u00fclerinnen und Sch\u00fcler des Bonaventura-Gymnasiums Dillingen bei der Gestaltung der Werke.<\/p>\n<\/div>\n<\/div><\/div><div id=\"panel-617-12-0-1\" class=\"so-panel widget widget_sow-editor panel-last-child\" data-index=\"19\" ><div class=\"panel-widget-style panel-widget-style-for-617-12-0-1\" ><div\n\t\t\t\n\t\t\tclass=\"so-widget-sow-editor so-widget-sow-editor-base\"\n\t\t\t\n\t\t>\n<div class=\"siteorigin-widget-tinymce textwidget\">\n\t<\/div>\n<\/div><\/div><\/div><\/div><\/div><\/div>","protected":false},"excerpt":{"rendered":"<p>Webseite des Bonaventura-Gymnasiums Dillingen: https:\/\/www.bonaventura-gymnasium.de Dieses Streetart-Werk zur Br\u00fcckenbauerin Barbara Renz der Sch\u00fclerinnen und Sch\u00fclern des Bonaventura-Gymnasiums Dillingen befindet sich in Dillingen, Schlossstra\u00dfe. Foto: Heinz Gerhards<\/p>\n","protected":false},"author":1,"featured_media":0,"parent":0,"menu_order":0,"comment_status":"closed","ping_status":"closed","template":"","meta":{"footnotes":""},"class_list":["post-617","page","type-page","status-publish","hentry","post"],"_links":{"self":[{"href":"https:\/\/brueckenbauer.kulturundwir.de\/index.php\/wp-json\/wp\/v2\/pages\/617","targetHints":{"allow":["GET"]}}],"collection":[{"href":"https:\/\/brueckenbauer.kulturundwir.de\/index.php\/wp-json\/wp\/v2\/pages"}],"about":[{"href":"https:\/\/brueckenbauer.kulturundwir.de\/index.php\/wp-json\/wp\/v2\/types\/page"}],"author":[{"embeddable":true,"href":"https:\/\/brueckenbauer.kulturundwir.de\/index.php\/wp-json\/wp\/v2\/users\/1"}],"replies":[{"embeddable":true,"href":"https:\/\/brueckenbauer.kulturundwir.de\/index.php\/wp-json\/wp\/v2\/comments?post=617"}],"version-history":[{"count":11,"href":"https:\/\/brueckenbauer.kulturundwir.de\/index.php\/wp-json\/wp\/v2\/pages\/617\/revisions"}],"predecessor-version":[{"id":953,"href":"https:\/\/brueckenbauer.kulturundwir.de\/index.php\/wp-json\/wp\/v2\/pages\/617\/revisions\/953"}],"wp:attachment":[{"href":"https:\/\/brueckenbauer.kulturundwir.de\/index.php\/wp-json\/wp\/v2\/media?parent=617"}],"curies":[{"name":"wp","href":"https:\/\/api.w.org\/{rel}","templated":true}]}}